[Sun Feb 15 23:45:08.568912 2026] [security2:error] [pid 1815746:tid 1815786] [client 40.69.66.178:8930] ModSecurity: Access denied with code 406 (phase 2). Pattern match "\\\\/\\\\.[a-zA-Z0-9].+\\\\.php" at REQUEST_URI. [file "/etc/apache2/conf.d/imh-modsec/20_known_hacks.conf"] [line "94"] [id "14203"] [rev "1"] [msg "Blocking access to hidden php files"] [severity "ERROR"] [hostname "usfreightinc.com"] [uri "/.trash7206/index.php"] [unique_id "aZKg1EIPF3Cy05jnJ8_e0wAAAMo"]
[Sun Feb 15 23:45:08.644462 2026] [:error] [pid 1815746:tid 1815793] [client 40.69.66.178:8930] File does not exist: /home/usfreightinc/public_html/a4.php
[Sun Feb 15 23:45:08.719987 2026] [:error] [pid 1815746:tid 1815791] [client 40.69.66.178:8930] File does not exist: /home/usfreightinc/public_html/fff.php
[Sun Feb 15 23:45:08.795712 2026] [:error] [pid 1815746:tid 1815794] [client 40.69.66.178:8930] File does not exist: /home/usfreightinc/public_html/acfdr.php
[Sun Feb 15 23:45:08.871295 2026] [:error] [pid 1815746:tid 1815790] [client 40.69.66.178:8930] File does not exist: /home/usfreightinc/public_html/88.php
[Sun Feb 15 23:45:09.098509 2026] [:error] [pid 1815746:tid 1815795] [client 40.69.66.178:8930] File does not exist: /home/usfreightinc/public_html/lp6.php
[Sun Feb 15 23:45:09.173986 2026] [:error] [pid 1815746:tid 1815797] [client 40.69.66.178:8930] File does not exist: /home/usfreightinc/public_html/mjq.php
[Sun Feb 15 23:45:09.249912 2026] [:error] [pid 1815746:tid 1815777] [client 40.69.66.178:8930] File does not exist: /home/usfreightinc/public_html/wp-k3w6g9s4h2.php
[Sun Feb 15 23:45:09.325503 2026] [:error] [pid 1815746:tid 1815779] [client 40.69.66.178:8930] File does not exist: /home/usfreightinc/public_html/we.php
[Sun Feb 15 23:45:09.401100 2026] [:error] [pid 1815746:tid 1815800] [client 40.69.66.178:8930] File does not exist: /home/usfreightinc/public_html/bjfl.php
[Sun Feb 15 23:45:09.476945 2026] [:error] [pid 1815746:tid 1815780] [client 40.69.66.178:8930] File does not exist: /home/usfreightinc/public_html/init.php
[Sun Feb 15 23:45:09.552908 2026] [:error] [pid 1815746:tid 1815781] [client 40.69.66.178:8930] File does not exist: /home/usfreightinc/public_html/co.php
[Sun Feb 15 23:45:09.628475 2026] [:error] [pid 1815746:tid 1815796] [client 40.69.66.178:8930] File does not exist: /home/usfreightinc/public_html/themes.php
[Sun Feb 15 23:45:09.704125 2026] [:error] [pid 1815746:tid 1815776] [client 40.69.66.178:8930] File does not exist: /home/usfreightinc/public_html/xy.php
[Sun Feb 15 23:45:09.779666 2026] [:error] [pid 1815746:tid 1815785] [client 40.69.66.178:8930] File does not exist: /home/usfreightinc/public_html/yooldisk.php
[Sun Feb 15 23:45:09.855452 2026] [:error] [pid 1815746:tid 1815782] [client 40.69.66.178:8930] File does not exist: /home/usfreightinc/public_html/x7.php
[Sun Feb 15 23:45:09.931011 2026] [:error] [pid 1815746:tid 1815788] [client 40.69.66.178:8930] File does not exist: /home/usfreightinc/public_html/8.php [2026-02-15 23:45:10 -0500] warn [suspendedpage] /etc/trueuserowners is not readable as nobody. [2026-02-15 23:45:22 -0500] warn [suspendedpage] /etc/trueuserowners is not readable as nobody. [2026-02-15 23:45:25 -0500] warn [suspendedpage] /etc/trueuserowners is not readable as nobody. [2026-02-15 23:45:29 -0500] warn [suspendedpage] /etc/trueuserowners is not readable as nobody. [2026-02-15 23:45:53 -0500] warn [suspendedpage] /etc/trueuserowners is not readable as nobody.
[Sun Feb 15 23:46:02.461169 2026] [security2:error] [pid 1815685:tid 1815700] [client 74.7.241.50:38288] ModSecurity: Access denied with code 429 (phase 2). Matched phrase "GPTBot" at REQUEST_HEADERS:user-agent. [file "/etc/apache2/conf.d/imh-modsec/19_bad_bots.conf"] [line "83"] [id "13076"] [msg "RATELIMITED GPTBOT"] [hostname "naturesdelightlodge.com"] [uri "/"] [unique_id "aZKhCrI_4CWoP-jgNQa9RAAAAQk"], referer: http://naturesdelightlodge.com
[Sun Feb 15 23:46:19.871230 2026] [proxy:error] [pid 1815685:tid 1815703] (111)Connection refused: AH00957: http: attempt to connect to 127.0.0.1:3028 (localhost:3028) failed
[Sun Feb 15 23:46:19.871280 2026] [proxy_http:error] [pid 1815685:tid 1815703] [client 34.91.229.116:40960] AH01114: HTTP: failed to make connection to backend: localhost
[Sun Feb 15 23:46:24.790805 2026] [security2:error] [pid 1815746:tid 1815800] [client 113.163.136.26:55576] ModSecurity: Access denied with code 406 (phase 2). Pattern match "^\\\\w+:/" at REQUEST_URI_RAW. [file "/etc/apache2/conf.d/imh-modsec/01_base_rules.conf"] [line "31"] [id "96027"] [msg "Proxy access attempt"] [severity "CRITICAL"] [tag "PROTOCOL_VIOLATION/PROXY_ACCESS"] [hostname "www.projectsolutionslimited.com"] [uri "/tel:4162006041"] [unique_id "aZKhIEIPF3Cy05jnJ8_fJAAAANg"]
[Sun Feb 15 23:46:36.683538 2026] [security2:error] [pid 1815746:tid 1815780] [client 74.7.241.60:45992] ModSecurity: Access denied with code 429 (phase 2). Matched phrase "GPTBot" at REQUEST_HEADERS:user-agent. [file "/etc/apache2/conf.d/imh-modsec/19_bad_bots.conf"] [line "83"] [id "13076"] [msg "RATELIMITED GPTBOT"] [hostname "www.djennebeads.com"] [uri "/js/vendor/swiper/maps/uploads/js/vendor/bootstrap-tabcollapse/js/vendor/parallax/slick/countdown/images/product-detail.php"] [unique_id "aZKhLEIPF3Cy05jnJ8_fKQAAAMQ"], referer: https://www.djennebeads.com/js/vendor/swiper/maps/uploads/js/vendor/bootstrap-tabcollapse/js/vendor/parallax/slick/countdown/images/wxperts_powerdby.jpg
[Sun Feb 15 23:46:38.856755 2026] [security2:error] [pid 1815746:tid 1815784] [client 74.7.241.60:45992] ModSecurity: Access denied with code 429 (phase 2). Matched phrase "GPTBot" at REQUEST_HEADERS:user-agent. [file "/etc/apache2/conf.d/imh-modsec/19_bad_bots.conf"] [line "83"] [id "13076"] [msg "RATELIMITED GPTBOT"] [hostname "www.djennebeads.com"] [uri "/js/vendor/swiper/maps/uploads/js/vendor/bootstrap-tabcollapse/uploads/images/banners/js/vendor/jquery/countdown/product-detail.php"] [unique_id "aZKhLkIPF3Cy05jnJ8_fLAAAAMg"], referer: https://www.djennebeads.com/js/vendor/swiper/maps/uploads/js/vendor/bootstrap-tabcollapse/uploads/images/banners/js/vendor/jquery/countdown/jquery.countdown.min.js [2026-02-15 23:46:40 -0500] warn [suspendedpage] /etc/trueuserowners is not readable as nobody.
[Sun Feb 15 23:46:47.424446 2026] [security2:error] [pid 1815747:tid 1815819] [client 191.7.2.111:58443] ModSecurity: Access denied with code 406 (phase 2). Pattern match "^\\\\w+:/" at REQUEST_URI_RAW. [file "/etc/apache2/conf.d/imh-modsec/01_base_rules.conf"] [line "31"] [id "96027"] [msg "Proxy access attempt"] [severity "CRITICAL"] [tag "PROTOCOL_VIOLATION/PROXY_ACCESS"] [hostname "www.docsmobiledetail.com"] [uri "/before-and-after.php"] [unique_id "aZKhN6RWgi4sbmuEOE0opAAAAdA"]
[Sun Feb 15 23:46:53.646748 2026] [security2:error] [pid 1815745:tid 1815772] [client 177.247.48.53:48478] ModSecurity: Access denied with code 406 (phase 2). Pattern match "^\\\\w+:/" at REQUEST_URI_RAW. [file "/etc/apache2/conf.d/imh-modsec/01_base_rules.conf"] [line "31"] [id "96027"] [msg "Proxy access attempt"] [severity "CRITICAL"] [tag "PROTOCOL_VIOLATION/PROXY_ACCESS"] [hostname "www.docsmobiledetail.com"] [uri "/tel:7023706973"] [unique_id "aZKhPfl-vR2491izRWE68wAAABc"] PHP Warning: session_start(): Session cannot be started after headers have already been sent in /home/morsjewelryandre/public_html/classes/Startup.php on line 2
[Sun Feb 15 23:47:05.242840 2026] [:error] [pid 1815746:tid 1815799] [client 52.169.119.118:17375] File does not exist: /home/lovetto/public_html/88.php
[Sun Feb 15 23:47:05.338493 2026] [security2:error] [pid 1815747:tid 1815806] [client 74.7.227.137:48044] ModSecurity: Access denied with code 429 (phase 2). Matched phrase "GPTBot" at REQUEST_HEADERS:user-agent. [file "/etc/apache2/conf.d/imh-modsec/19_bad_bots.conf"] [line "83"] [id "13076"] [msg "RATELIMITED GPTBOT"] [hostname "alservicesoftampabay.com"] [uri "/areas-served"] [unique_id "aZKhSaRWgi4sbmuEOE0o2QAAAcM"], referer: http://alservicesoftampabay.com/areas-served.php
[Sun Feb 15 23:47:05.396273 2026] [:error] [pid 1815746:tid 1815778] [client 52.169.119.118:17375] File does not exist: /home/lovetto/public_html/pass4.php
[Sun Feb 15 23:47:05.549547 2026] [:error] [pid 1815746:tid 1815780] [client 52.169.119.118:17375] File does not exist: /home/lovetto/public_html/php8.php
[Sun Feb 15 23:47:05.703015 2026] [:error] [pid 1815746:tid 1815776] [client 52.169.119.118:17375] File does not exist: /home/lovetto/public_html/cvtcosue.php
[Sun Feb 15 23:47:05.856047 2026] [:error] [pid 1815746:tid 1815785] [client 52.169.119.118:17375] File does not exist: /home/lovetto/public_html/gm.php
[Sun Feb 15 23:47:06.009762 2026] [:error] [pid 1815746:tid 1815791] [client 52.169.119.118:17375] File does not exist: /home/lovetto/public_html/1a.php
[Sun Feb 15 23:47:06.163928 2026] [:error] [pid 1815746:tid 1815789] [client 52.169.119.118:17375] File does not exist: /home/lovetto/public_html/aer.php
[Sun Feb 15 23:47:06.316947 2026] [:error] [pid 1815746:tid 1815792] [client 52.169.119.118:17375] File does not exist: /home/lovetto/public_html/f6.php
[Sun Feb 15 23:47:06.470024 2026] [:error] [pid 1815746:tid 1815800] [client 52.169.119.118:17375] File does not exist: /home/lovetto/public_html/667.php
[Sun Feb 15 23:47:06.623114 2026] [:error] [pid 1815746:tid 1815779] [client 52.169.119.118:17375] File does not exist: /home/lovetto/public_html/kma.php
[Sun Feb 15 23:47:06.776119 2026] [:error] [pid 1815746:tid 1815777] [client 52.169.119.118:17375] File does not exist: /home/lovetto/public_html/kimono.php [2026-02-15 23:47:17 -0500] warn [suspendedpage] /etc/trueuserowners is not readable as nobody. [2026-02-15 23:47:20 -0500] warn [suspendedpage] /etc/trueuserowners is not readable as nobody.
[Sun Feb 15 23:47:31.745891 2026] [security2:error] [pid 1815747:tid 1815803] [client 216.73.216.53:19578] ModSecurity: Access denied with code 429 (phase 2). Matched phrase "ClaudeBot" at REQUEST_HEADERS:user-agent. [file "/etc/apache2/conf.d/imh-modsec/19_bad_bots.conf"] [line "92"] [id "13078"] [msg "RATELIMITED CLAUDEBOT"] [hostname "www.josephlawncare.com"] [uri "/lawn-care-service-housekeeping-service-cleaning-service-deep-cleaning-service-daily-weekly-bi-weekly-monthly-in-spring-grove-virginia.php"] [unique_id "aZKhY6RWgi4sbmuEOE0pkAAAAcA"]
[Sun Feb 15 23:47:48.289716 2026] [proxy:error] [pid 1815747:tid 1815823] (111)Connection refused: AH00957: http: attempt to connect to 127.0.0.1:3028 (localhost:3028) failed
[Sun Feb 15 23:47:48.289758 2026] [proxy_http:error] [pid 1815747:tid 1815823] [client 35.204.16.32:8192] AH01114: HTTP: failed to make connection to backend: localhost
[Sun Feb 15 23:48:09.926056 2026] [security2:error] [pid 1815747:tid 1815823] [client 216.73.216.223:23404] ModSecurity: Access denied with code 429 (phase 2). Matched phrase "ClaudeBot" at REQUEST_HEADERS:user-agent. [file "/etc/apache2/conf.d/imh-modsec/19_bad_bots.conf"] [line "92"] [id "13078"] [msg "RATELIMITED CLAUDEBOT"] [hostname "www.pharekappliance.com"] [uri "/appliance-repair-service-in-mullica-hill-new-jersey.php"] [unique_id "aZKhiaRWgi4sbmuEOE0pygAAAdQ"]
[Sun Feb 15 23:48:19.435802 2026] [autoindex:error] [pid 1815747:tid 1815827] [client 199.45.155.101:37914] AH01276: Cannot serve directory /home/saashoin/saashoin/apps/taiga/: No matching DirectoryIndex (index.php,index.php8,index.php7,index.php5,index.perl,index.pl,index.plx,index.ppl,index.cgi,index.jsp,index.jp,index.phtml,index.shtml,index.xhtml,index.html,index.htm,index.js,default.htm) found, and server-generated directory index forbidden by Options directive
[Sun Feb 15 23:48:30.129194 2026] [security2:error] [pid 1815747:tid 1815825] [client 113.175.46.213:59847] ModSecurity: Access denied with code 406 (phase 2). Pattern match "^\\\\w+:/" at REQUEST_URI_RAW. [file "/etc/apache2/conf.d/imh-modsec/01_base_rules.conf"] [line "31"] [id "96027"] [msg "Proxy access attempt"] [severity "CRITICAL"] [tag "PROTOCOL_VIOLATION/PROXY_ACCESS"] [hostname "www.exhillside.com"] [uri "/gallery.php"] [unique_id "aZKhnqRWgi4sbmuEOE0p5AAAAdY"]
[Sun Feb 15 23:48:33.982438 2026] [security2:error] [pid 1815747:tid 1815818] [client 179.1.210.164:46402] ModSecurity: Access denied with code 406 (phase 2). Pattern match "^\\\\w+:/" at REQUEST_URI_RAW. [file "/etc/apache2/conf.d/imh-modsec/01_base_rules.conf"] [line "31"] [id "96027"] [msg "Proxy access attempt"] [severity "CRITICAL"] [tag "PROTOCOL_VIOLATION/PROXY_ACCESS"] [hostname "www.aoneprint4.com"] [uri "/wrist-band-printing-service.php"] [unique_id "aZKhoaRWgi4sbmuEOE0p6gAAAc8"]
[Sun Feb 15 23:48:39.244740 2026] [security2:error] [pid 1815746:tid 1815783] [client 216.73.216.85:47578] ModSecurity: Access denied with code 429 (phase 2). Matched phrase "ClaudeBot" at REQUEST_HEADERS:User-Agent. [file "/etc/apache2/conf.d/imh-modsec/19_bad_bots.conf"] [line "92"] [id "13078"] [msg "RATELIMITED CLAUDEBOT"] [hostname "anpheatingandac.net"] [uri "/support-ukraine.php"] [unique_id "aZKhp0IPF3Cy05jnJ8_f7gAAAMc"]
[Sun Feb 15 23:48:40.734356 2026] [security2:error] [pid 1815747:tid 1815812] [client 14.180.214.154:46907] ModSecurity: Access denied with code 406 (phase 2). Pattern match "^\\\\w+:/" at REQUEST_URI_RAW. [file "/etc/apache2/conf.d/imh-modsec/01_base_rules.conf"] [line "31"] [id "96027"] [msg "Proxy access attempt"] [severity "CRITICAL"] [tag "PROTOCOL_VIOLATION/PROXY_ACCESS"] [hostname "www.aoneprint4.com"] [uri "/wrist-band-printing-service.php"] [unique_id "aZKhqKRWgi4sbmuEOE0p8wAAAck"]
[Sun Feb 15 23:49:09.638724 2026] [core:alert] [pid 1815747:tid 1815817] [client 47.128.38.172:43188] /home/super8/public_html/.htaccess: Unknown filter provider DEFLATE
[Sun Feb 15 23:49:10.697149 2026] [security2:error] [pid 1815747:tid 1815803] [client 216.73.216.167:38944] ModSecurity: Access denied with code 429 (phase 2). Matched phrase "ClaudeBot" at REQUEST_HEADERS:User-Agent. [file "/etc/apache2/conf.d/imh-modsec/19_bad_bots.conf"] [line "92"] [id "13078"] [msg "RATELIMITED CLAUDEBOT"] [hostname "touchofclassdrycleaners.co.uk"] [uri "/"] [unique_id "aZKhxqRWgi4sbmuEOE0qIAAAAcA"]
[Sun Feb 15 23:49:16.142998 2026] [security2:error] [pid 1815686:tid 1815719] [client 14.234.65.238:41459] ModSecurity: Access denied with code 406 (phase 2). Pattern match "^\\\\w+:/" at REQUEST_URI_RAW. [file "/etc/apache2/conf.d/imh-modsec/01_base_rules.conf"] [line "31"] [id "96027"] [msg "Proxy access attempt"] [severity "CRITICAL"] [tag "PROTOCOL_VIOLATION/PROXY_ACCESS"] [hostname "www.yourbestconstruction.com"] [uri "/contact-us.php"] [unique_id "aZKhzDUl8aDrLaakfvHOBQAAAYE"]
[Sun Feb 15 23:49:18.200102 2026] [core:error] [pid 1815686:tid 1815723] [client 147.235.216.62:2927] AH00124: Request exceeded the limit of 10 internal redirects due to probable configuration error. Use 'LimitInternalRecursion' to increase the limit if necessary. Use 'LogLevel debug' to get a backtrace. [2026-02-15 23:49:26 -0500] warn [suspendedpage] /etc/trueuserowners is not readable as nobody.
[Sun Feb 15 23:49:37.605392 2026] [security2:error] [pid 1815686:tid 1815721] [client 149.50.204.195:33892] ModSecurity: Access denied with code 406 (phase 2). Pattern match "^\\\\w+:/" at REQUEST_URI_RAW. [file "/etc/apache2/conf.d/imh-modsec/01_base_rules.conf"] [line "31"] [id "96027"] [msg "Proxy access attempt"] [severity "CRITICAL"] [tag "PROTOCOL_VIOLATION/PROXY_ACCESS"] [hostname "www.thaismilesanrafael.com"] [uri "/nbloom/fckuploads/vitaminy_dlia_muzhchin_posle_50_dlia_potentsii_i_testosterona_uluchsheniia_54.xml"] [unique_id "aZKh4TUl8aDrLaakfvHOVgAAAYM"]
[Sun Feb 15 23:49:47.161949 2026] [security2:error] [pid 1815747:tid 1815813] [client 74.7.241.60:44202] ModSecurity: Access denied with code 429 (phase 2). Matched phrase "GPTBot" at REQUEST_HEADERS:user-agent. [file "/etc/apache2/conf.d/imh-modsec/19_bad_bots.conf"] [line "83"] [id "13076"] [msg "RATELIMITED GPTBOT"] [hostname "www.djennebeads.com"] [uri "/js/vendor/swiper/maps/uploads/js/vendor/bootstrap-tabcollapse/js/vendor/parallax/images/images/payment-logo/product-detail.php"] [unique_id "aZKh66RWgi4sbmuEOE0qTAAAAco"], referer: https://www.djennebeads.com/js/vendor/swiper/maps/uploads/js/vendor/bootstrap-tabcollapse/js/vendor/parallax/images/images/payment-logo/icon-pay-1.png
[Sun Feb 15 23:49:49.097982 2026] [security2:error] [pid 1815747:tid 1815809] [client 74.7.241.60:44202] ModSecurity: Access denied with code 429 (phase 2). Matched phrase "GPTBot" at REQUEST_HEADERS:user-agent. [file "/etc/apache2/conf.d/imh-modsec/19_bad_bots.conf"] [line "83"] [id "13076"] [msg "RATELIMITED GPTBOT"] [hostname "www.djennebeads.com"] [uri "/js/vendor/swiper/maps/uploads/js/vendor/bootstrap-tabcollapse/images/slider/js/vendor/jquery/magnificpopup/dist/product-detail.php"] [unique_id "aZKh7aRWgi4sbmuEOE0qTgAAAcY"], referer: https://www.djennebeads.com/js/vendor/swiper/maps/uploads/js/vendor/bootstrap-tabcollapse/images/slider/js/vendor/jquery/magnificpopup/dist/jquery.magnific-popup.js
[Sun Feb 15 23:50:13.229157 2026] [core:error] [pid 1815747:tid 1815823] [client 170.245.212.15:1487] AH00124: Request exceeded the limit of 10 internal redirects due to probable configuration error. Use 'LimitInternalRecursion' to increase the limit if necessary. Use 'LogLevel debug' to get a backtrace.
[Sun Feb 15 23:50:27.023845 2026] [security2:error] [pid 1815747:tid 1815820] [client 216.73.216.62:30179] ModSecurity: Access denied with code 429 (phase 2). Matched phrase "ClaudeBot" at REQUEST_HEADERS:User-Agent. [file "/etc/apache2/conf.d/imh-modsec/19_bad_bots.conf"] [line "92"] [id "13078"] [msg "RATELIMITED CLAUDEBOT"] [hostname "www.bspaintingandconstruction.com"] [uri "/best-painting-flooring-roofing-and-construction-service-in-north-alfred-maine.php"] [unique_id "aZKiE6RWgi4sbmuEOE0q5AAAAdE"]
[Sun Feb 15 23:50:39.590847 2026] [core:error] [pid 1815685:tid 1815697] [client 177.200.33.110:60021] AH00124: Request exceeded the limit of 10 internal redirects due to probable configuration error. Use 'LimitInternalRecursion' to increase the limit if necessary. Use 'LogLevel debug' to get a backtrace.
[Sun Feb 15 23:50:53.257403 2026] [security2:error] [pid 1815746:tid 1815795] [client 14.176.9.84:41122] ModSecurity: Access denied with code 406 (phase 2). Pattern match "^\\\\w+:/" at REQUEST_URI_RAW. [file "/etc/apache2/conf.d/imh-modsec/01_base_rules.conf"] [line "31"] [id "96027"] [msg "Proxy access attempt"] [severity "CRITICAL"] [tag "PROTOCOL_VIOLATION/PROXY_ACCESS"] [hostname "www.bspaintingandconstruction.com"] [uri "/projects.php"] [unique_id "aZKiLUIPF3Cy05jnJ8_gMAAAANM"] PHP Warning: Undefined variable $page in /home/jfroofing/public_html/includes/header.php on line 56 PHP Warning: Undefined variable $page in /home/jfroofing/public_html/includes/header.php on line 57 PHP Warning: Undefined variable $page in /home/jfroofing/public_html/includes/header.php on line 59 PHP Warning: Undefined variable $page in /home/jfroofing/public_html/includes/header.php on line 61 PHP Warning: Undefined variable $page in /home/jfroofing/public_html/includes/header.php on line 63 PHP Warning: Undefined variable $page in /home/jfroofing/public_html/includes/header.php on line 65 PHP Warning: Undefined variable $page in /home/jfroofing/public_html/includes/header.php on line 67 PHP Warning: Undefined variable $page in /home/jfroofing/public_html/includes/header.php on line 69
[Sun Feb 15 23:51:06.274123 2026] [security2:error] [pid 1815745:tid 1815768] [client 14.176.90.236:50750] ModSecurity: Access denied with code 406 (phase 2). Pattern match "^\\\\w+:/" at REQUEST_URI_RAW. [file "/etc/apache2/conf.d/imh-modsec/01_base_rules.conf"] [line "31"] [id "96027"] [msg "Proxy access attempt"] [severity "CRITICAL"] [tag "PROTOCOL_VIOLATION/PROXY_ACCESS"] [hostname "www.noblefloorsanding.com"] [uri "/hardwood-floor-refinishing-in-east-hampton-ny.php"] [unique_id "aZKiOvl-vR2491izRWE73gAAABM"]
[Sun Feb 15 23:51:37.661866 2026] [security2:error] [pid 1815745:tid 1815773] [client 113.172.221.13:43699] ModSecurity: Access denied with code 406 (phase 2). Pattern match "^\\\\w+:/" at REQUEST_URI_RAW. [file "/etc/apache2/conf.d/imh-modsec/01_base_rules.conf"] [line "31"] [id "96027"] [msg "Proxy access attempt"] [severity "CRITICAL"] [tag "PROTOCOL_VIOLATION/PROXY_ACCESS"] [hostname "www.aaaappliancerepairinc.com"] [uri "/tag/music/"] [unique_id "aZKiWfl-vR2491izRWE8GgAAABg"]
[Sun Feb 15 23:51:38.035477 2026] [:error] [pid 1815747:tid 1815805] [client 92.119.36.145:43315] File does not exist: /home/eanddeajjourfenc/public_html/manager.php
[Sun Feb 15 23:51:38.185162 2026] [:error] [pid 1815747:tid 1815818] [client 92.119.36.145:43315] File does not exist: /home/eanddeajjourfenc/public_html/bless.php
[Sun Feb 15 23:51:38.294038 2026] [:error] [pid 1815747:tid 1815821] [client 92.119.36.145:43315] File does not exist: /home/eanddeajjourfenc/public_html/O-Simple.php
[Sun Feb 15 23:51:38.412433 2026] [:error] [pid 1815747:tid 1815824] [client 92.119.36.145:43315] File does not exist: /home/eanddeajjourfenc/public_html/lock360.php
[Sun Feb 15 23:51:38.559617 2026] [:error] [pid 1815747:tid 1815808] [client 92.119.36.145:43315] File does not exist: /home/eanddeajjourfenc/public_html/zwso.php
[Sun Feb 15 23:51:38.667665 2026] [:error] [pid 1815747:tid 1815813] [client 92.119.36.145:43315] File does not exist: /home/eanddeajjourfenc/public_html/chosen.php
[Sun Feb 15 23:51:38.793573 2026] [:error] [pid 1815747:tid 1815806] [client 92.119.36.145:43315] File does not exist: /home/eanddeajjourfenc/public_html/about.php
[Sun Feb 15 23:51:38.903366 2026] [:error] [pid 1815747:tid 1815817] [client 92.119.36.145:43315] File does not exist: /home/eanddeajjourfenc/public_html/admin.php
[Sun Feb 15 23:51:39.012173 2026] [security2:error] [pid 1815747:tid 1815819] [client 92.119.36.145:43315] ModSecurity: Access denied with code 406 (phase 2). Pattern match "\\\\/\\\\.[a-zA-Z0-9].+\\\\.php" at REQUEST_URI. [file "/etc/apache2/conf.d/imh-modsec/20_known_hacks.conf"] [line "94"] [id "14203"] [rev "1"] [msg "Blocking access to hidden php files"] [severity "ERROR"] [hostname "ajjourfenceanddeck.ca"] [uri "/.well-known/login.php"] [unique_id "aZKiW6RWgi4sbmuEOE0rhgAAAdA"]
[Sun Feb 15 23:51:39.156109 2026] [:error] [pid 1815747:tid 1815815] [client 92.119.36.145:43315] File does not exist: /home/eanddeajjourfenc/public_html/mah.php
[Sun Feb 15 23:51:39.265596 2026] [security2:error] [pid 1815747:tid 1815814] [client 92.119.36.145:43315] ModSecurity: Access denied with code 406 (phase 2). Pattern match "\\\\/\\\\.[a-zA-Z0-9].+\\\\.php" at REQUEST_URI. [file "/etc/apache2/conf.d/imh-modsec/20_known_hacks.conf"] [line "94"] [id "14203"] [rev "1"] [msg "Blocking access to hidden php files"] [severity "ERROR"] [hostname "ajjourfenceanddeck.ca"] [uri "/.wp/wso.php"] [unique_id "aZKiW6RWgi4sbmuEOE0riQAAAcs"]
[Sun Feb 15 23:51:39.393890 2026] [:error] [pid 1815747:tid 1815810] [client 92.119.36.145:43315] File does not exist: /home/eanddeajjourfenc/public_html/core.php
[Sun Feb 15 23:51:39.516981 2026] [:error] [pid 1815747:tid 1815805] [client 92.119.36.145:43315] File does not exist: /home/eanddeajjourfenc/public_html/robots.php
[Sun Feb 15 23:51:39.625850 2026] [:error] [pid 1815747:tid 1815816] [client 92.119.36.145:43315] File does not exist: /home/eanddeajjourfenc/public_html/inputs.php
[Sun Feb 15 23:51:39.736530 2026] [:error] [pid 1815747:tid 1815818] [client 92.119.36.145:43315] File does not exist: /home/eanddeajjourfenc/public_html/mini.php
[Sun Feb 15 23:51:40.170525 2026] [:error] [pid 1815747:tid 1815824] [client 92.119.36.145:43315] File does not exist: /home/eanddeajjourfenc/public_html/goods.php
[Sun Feb 15 23:51:40.280862 2026] [:error] [pid 1815747:tid 1815806] [client 92.119.36.145:43315] File does not exist: /home/eanddeajjourfenc/public_html/file5.php
[Sun Feb 15 23:51:40.389834 2026] [:error] [pid 1815747:tid 1815817] [client 92.119.36.145:43315] File does not exist: /home/eanddeajjourfenc/public_html/ahax.php
[Sun Feb 15 23:51:40.499173 2026] [:error] [pid 1815747:tid 1815803] [client 92.119.36.145:43315] File does not exist: /home/eanddeajjourfenc/public_html/f35.php
[Sun Feb 15 23:51:40.607580 2026] [:error] [pid 1815747:tid 1815815] [client 92.119.36.145:43315] File does not exist: /home/eanddeajjourfenc/public_html/simple.php
[Sun Feb 15 23:51:41.483638 2026] [security2:error] [pid 1815686:tid 1815732] [client 74.7.243.236:49726] ModSecurity: Access denied with code 429 (phase 2). Matched phrase "GPTBot" at REQUEST_HEADERS:user-agent. [file "/etc/apache2/conf.d/imh-modsec/19_bad_bots.conf"] [line "83"] [id "13076"] [msg "RATELIMITED GPTBOT"] [hostname "fpcofmacon.com"] [uri "/css2-1.css"] [unique_id "aZKiXTUl8aDrLaakfvHO1AAAAY4"], referer: https://fpcofmacon.com/assets/css/style.css
[Sun Feb 15 23:51:43.576955 2026] [:error] [pid 1815747:tid 1815826] [client 92.119.36.145:43315] File does not exist: /home/eanddeajjourfenc/public_html/classwithtostring.php
[Sun Feb 15 23:51:43.935463 2026] [:error] [pid 1815747:tid 1815827] [client 92.119.36.145:43315] File does not exist: /home/eanddeajjourfenc/public_html/tinyfilemanager.php
[Sun Feb 15 23:51:44.430790 2026] [security2:error] [pid 1815747:tid 1815825] [client 92.119.36.145:43315] ModSecurity: Access denied with code 406 (phase 2). Pattern match "\\\\/\\\\.[a-zA-Z0-9].+\\\\.php" at REQUEST_URI. [file "/etc/apache2/conf.d/imh-modsec/20_known_hacks.conf"] [line "94"] [id "14203"] [rev "1"] [msg "Blocking access to hidden php files"] [severity "ERROR"] [hostname "ajjourfenceanddeck.ca"] [uri "/.well-known/pki-validation/moon.php"] [unique_id "aZKiYKRWgi4sbmuEOE0rzQAAAdY"]
[Sun Feb 15 23:51:44.539038 2026] [:error] [pid 1815747:tid 1815820] [client 92.119.36.145:43315] File does not exist: /home/eanddeajjourfenc/public_html/file.php
[Sun Feb 15 23:51:45.175107 2026] [:error] [pid 1815747:tid 1815819] [client 92.119.36.145:43315] File does not exist: /home/eanddeajjourfenc/public_html/buy.php
[Sun Feb 15 23:51:47.201285 2026] [:error] [pid 1815747:tid 1815810] [client 92.119.36.145:43315] File does not exist: /home/eanddeajjourfenc/public_html/inc.php
[Sun Feb 15 23:51:47.420083 2026] [:error] [pid 1815747:tid 1815805] [client 92.119.36.145:43315] File does not exist: /home/eanddeajjourfenc/public_html/filemanager.php
[Sun Feb 15 23:51:47.543703 2026] [:error] [pid 1815747:tid 1815811] [client 92.119.36.145:43315] File does not exist: /home/eanddeajjourfenc/public_html/cgi-bin/bypass.php
[Sun Feb 15 23:51:47.697047 2026] [security2:error] [pid 1815747:tid 1815821] [client 92.119.36.145:43315] ModSecurity: Access denied with code 406 (phase 2). Pattern match "\\\\/\\\\.[a-zA-Z0-9].+\\\\.php" at REQUEST_URI. [file "/etc/apache2/conf.d/imh-modsec/20_known_hacks.conf"] [line "94"] [id "14203"] [rev "1"] [msg "Blocking access to hidden php files"] [severity "ERROR"] [hostname "ajjourfenceanddeck.ca"] [uri "/.well-known/pki-validation/admin.php"] [unique_id "aZKiY6RWgi4sbmuEOE0r-QAAAdI"]
[Sun Feb 15 23:51:48.188103 2026] [:error] [pid 1815747:tid 1815824] [client 92.119.36.145:43315] File does not exist: /home/eanddeajjourfenc/public_html/function.php
[Sun Feb 15 23:51:48.406405 2026] [:error] [pid 1815747:tid 1815807] [client 92.119.36.145:43315] File does not exist: /home/eanddeajjourfenc/public_html/wp-signup.php
[Sun Feb 15 23:51:48.772595 2026] [:error] [pid 1815747:tid 1815823] [client 92.119.36.145:43315] File does not exist: /home/eanddeajjourfenc/public_html/wp-blog.php
[Sun Feb 15 23:51:49.249266 2026] [:error] [pid 1815747:tid 1815821] [client 92.119.36.145:43315] File does not exist: /home/eanddeajjourfenc/public_html/wp-l0gin.php
[Sun Feb 15 23:51:49.471031 2026] [:error] [pid 1815747:tid 1815808] [client 92.119.36.145:43315] File does not exist: /home/eanddeajjourfenc/public_html/new.php
[Sun Feb 15 23:51:50.199419 2026] [:error] [pid 1815747:tid 1815827] [client 92.119.36.145:43315] File does not exist: /home/eanddeajjourfenc/public_html/natural.php
[Sun Feb 15 23:51:50.603634 2026] [:error] [pid 1815747:tid 1815825] [client 92.119.36.145:43315] File does not exist: /home/eanddeajjourfenc/public_html/item.php
[Sun Feb 15 23:52:12.949430 2026] [security2:error] [pid 1815745:tid 1815768] [client 113.176.91.105:52306] ModSecurity: Access denied with code 406 (phase 2). Pattern match "^\\\\w+:/" at REQUEST_URI_RAW. [file "/etc/apache2/conf.d/imh-modsec/01_base_rules.conf"] [line "31"] [id "96027"] [msg "Proxy access attempt"] [severity "CRITICAL"] [tag "PROTOCOL_VIOLATION/PROXY_ACCESS"] [hostname "www.bspaintingandconstruction.com"] [uri "/services.php"] [unique_id "aZKifPl-vR2491izRWE8SAAAABM"]
[Sun Feb 15 23:52:13.515970 2026] [cgid:error] [pid 1815746:tid 1815791] [client 92.119.36.108:54889] AH01265: stderr from /home/eanddeajjourfenc/public_html/cgi-bin/: attempt to invoke directory as script
[Sun Feb 15 23:52:18.940513 2026] [security2:error] [pid 1815745:tid 1815771] [client 109.186.88.26:57584] ModSecurity: Access denied with code 406 (phase 2). Pattern match "^\\\\w+:/" at REQUEST_URI_RAW. [file "/etc/apache2/conf.d/imh-modsec/01_base_rules.conf"] [line "31"] [id "96027"] [msg "Proxy access attempt"] [severity "CRITICAL"] [tag "PROTOCOL_VIOLATION/PROXY_ACCESS"] [hostname "www.americaninnperris.com"] [uri "/reservation.php"] [unique_id "aZKigvl-vR2491izRWE8TgAAABY"]
[Sun Feb 15 23:52:23.664336 2026] [core:error] [pid 1815685:tid 1815712] [client 74.7.243.236:48394] AH10244: invalid URI path (/assets/library/magnific-popup/%url%), referer: https://fpcofmacon.com/assets/library/magnific-popup/jquery.magnific-popup.min.js
[Sun Feb 15 23:52:24.270882 2026] [autoindex:error] [pid 1815747:tid 1815817] [client 159.223.147.121:58656] AH01276: Cannot serve directory /home/chandtreeinnnj/public_html/.well-known/: No matching DirectoryIndex (index.php,index.php8,index.php7,index.php5,index.perl,index.pl,index.plx,index.ppl,index.cgi,index.jsp,index.jp,index.phtml,index.shtml,index.xhtml,index.html,index.htm,index.js,default.htm) found, and server-generated directory index forbidden by Options directive, referer: binance.com
[Sun Feb 15 23:52:31.655475 2026] [security2:error] [pid 1815746:tid 1815787] [client 74.7.241.60:38944] ModSecurity: Access denied with code 429 (phase 2). Matched phrase "GPTBot" at REQUEST_HEADERS:user-agent. [file "/etc/apache2/conf.d/imh-modsec/19_bad_bots.conf"] [line "83"] [id "13076"] [msg "RATELIMITED GPTBOT"] [hostname "www.djennebeads.com"] [uri "/js/vendor/swiper/maps/uploads/js/vendor/bootstrap-tabcollapse/js/images/banners/vendor/jquery/uploads/product-detail.php"] [unique_id "aZKij0IPF3Cy05jnJ8_hBQAAAMs"], referer: https://www.djennebeads.com/js/vendor/swiper/maps/uploads/js/vendor/bootstrap-tabcollapse/js/images/banners/vendor/jquery/uploads/-1-39.jpg
[Sun Feb 15 23:52:33.842007 2026] [security2:error] [pid 1815746:tid 1815786] [client 74.7.241.60:38944] ModSecurity: Access denied with code 429 (phase 2). Matched phrase "GPTBot" at REQUEST_HEADERS:user-agent. [file "/etc/apache2/conf.d/imh-modsec/19_bad_bots.conf"] [line "83"] [id "13076"] [msg "RATELIMITED GPTBOT"] [hostname "www.djennebeads.com"] [uri "/js/vendor/swiper/maps/uploads/js/vendor/bootstrap-tabcollapse/js/vendor/parallax/jquery/images/banners/images/product-detail.php"] [unique_id "aZKikUIPF3Cy05jnJ8_hBgAAAMo"], referer: https://www.djennebeads.com/js/vendor/swiper/maps/uploads/js/vendor/bootstrap-tabcollapse/js/vendor/parallax/jquery/images/banners/images/product-detail.php?view=2
[Sun Feb 15 23:52:50.429267 2026] [security2:error] [pid 1815746:tid 1815780] [client 113.188.83.10:37744] ModSecurity: Access denied with code 406 (phase 2). Pattern match "^\\\\w+:/" at REQUEST_URI_RAW. [file "/etc/apache2/conf.d/imh-modsec/01_base_rules.conf"] [line "31"] [id "96027"] [msg "Proxy access attempt"] [severity "CRITICAL"] [tag "PROTOCOL_VIOLATION/PROXY_ACCESS"] [hostname "www.americaninnperris.com"] [uri "/contact-us.php"] [unique_id "aZKiokIPF3Cy05jnJ8_hIwAAAMQ"]
[Sun Feb 15 23:52:54.378121 2026] [security2:error] [pid 1815686:tid 1815730] [client 186.205.16.86:6466] ModSecurity: Access denied with code 406 (phase 2). Pattern match "^\\\\w+:/" at REQUEST_URI_RAW. [file "/etc/apache2/conf.d/imh-modsec/01_base_rules.conf"] [line "31"] [id "96027"] [msg "Proxy access attempt"] [severity "CRITICAL"] [tag "PROTOCOL_VIOLATION/PROXY_ACCESS"] [hostname "www.projectsolutionslimited.com"] [uri "/kitchen.php"] [unique_id "aZKipjUl8aDrLaakfvHPBwAAAYw"]
[Sun Feb 15 23:53:00.867476 2026] [security2:error] [pid 1815746:tid 1815793] [client 74.7.227.137:45238] ModSecurity: Access denied with code 429 (phase 2). Matched phrase "GPTBot" at REQUEST_HEADERS:user-agent. [file "/etc/apache2/conf.d/imh-modsec/19_bad_bots.conf"] [line "83"] [id "13076"] [msg "RATELIMITED GPTBOT"] [hostname "alservicesoftampabay.com"] [uri "/reviews"] [unique_id "aZKirEIPF3Cy05jnJ8_hNAAAANE"], referer: http://alservicesoftampabay.com/reviews.php
[Sun Feb 15 23:53:02.303108 2026] [:error] [pid 1815747:tid 1815805] [client 13.74.146.113:1397] File does not exist: /home/lhdistrs/public_html/a4.php
[Sun Feb 15 23:53:02.378742 2026] [:error] [pid 1815747:tid 1815808] [client 13.74.146.113:1397] File does not exist: /home/lhdistrs/public_html/fff.php
[Sun Feb 15 23:53:02.454046 2026] [:error] [pid 1815747:tid 1815819] [client 13.74.146.113:1397] File does not exist: /home/lhdistrs/public_html/acfdr.php
[Sun Feb 15 23:53:02.529309 2026] [:error] [pid 1815747:tid 1815804] [client 13.74.146.113:1397] File does not exist: /home/lhdistrs/public_html/88.php
[Sun Feb 15 23:53:02.754936 2026] [:error] [pid 1815747:tid 1815803] [client 13.74.146.113:1397] File does not exist: /home/lhdistrs/public_html/lp6.php
[Sun Feb 15 23:53:02.830605 2026] [:error] [pid 1815747:tid 1815826] [client 13.74.146.113:1397] File does not exist: /home/lhdistrs/public_html/mjq.php
[Sun Feb 15 23:53:02.905848 2026] [:error] [pid 1815747:tid 1815814] [client 13.74.146.113:1397] File does not exist: /home/lhdistrs/public_html/wp-k3w6g9s4h2.php
[Sun Feb 15 23:53:02.981142 2026] [:error] [pid 1815747:tid 1815816] [client 13.74.146.113:1397] File does not exist: /home/lhdistrs/public_html/we.php
[Sun Feb 15 23:53:03.056735 2026] [:error] [pid 1815747:tid 1815817] [client 13.74.146.113:1397] File does not exist: /home/lhdistrs/public_html/bjfl.php
[Sun Feb 15 23:53:03.132045 2026] [:error] [pid 1815747:tid 1815820] [client 13.74.146.113:1397] File does not exist: /home/lhdistrs/public_html/init.php
[Sun Feb 15 23:53:03.207385 2026] [:error] [pid 1815747:tid 1815825] [client 13.74.146.113:1397] File does not exist: /home/lhdistrs/public_html/co.php
[Sun Feb 15 23:53:03.282777 2026] [:error] [pid 1815747:tid 1815811] [client 13.74.146.113:1397] File does not exist: /home/lhdistrs/public_html/themes.php
[Sun Feb 15 23:53:03.358085 2026] [:error] [pid 1815747:tid 1815813] [client 13.74.146.113:1397] File does not exist: /home/lhdistrs/public_html/xy.php
[Sun Feb 15 23:53:03.433266 2026] [:error] [pid 1815747:tid 1815822] [client 13.74.146.113:1397] File does not exist: /home/lhdistrs/public_html/yooldisk.php
[Sun Feb 15 23:53:03.508652 2026] [:error] [pid 1815747:tid 1815821] [client 13.74.146.113:1397] File does not exist: /home/lhdistrs/public_html/x7.php
[Sun Feb 15 23:53:03.583930 2026] [:error] [pid 1815747:tid 1815823] [client 13.74.146.113:1397] File does not exist: /home/lhdistrs/public_html/8.php
[Sun Feb 15 23:53:11.643186 2026] [proxy_fcgi:error] [pid 1815685:tid 1815693] [client 159.65.142.120:56635] AH01071: Got error 'Primary script unknown'
[Sun Feb 15 23:53:23.173100 2026] [security2:error] [pid 1815747:tid 1815825] [client 14.169.60.249:35928] ModSecurity: Access denied with code 406 (phase 2). Pattern match "^\\\\w+:/" at REQUEST_URI_RAW. [file "/etc/apache2/conf.d/imh-modsec/01_base_rules.conf"] [line "31"] [id "96027"] [msg "Proxy access attempt"] [severity "CRITICAL"] [tag "PROTOCOL_VIOLATION/PROXY_ACCESS"] [hostname "www.bspaintingandconstruction.com"] [uri "/"] [unique_id "aZKiw6RWgi4sbmuEOE0tdAAAAdY"]
[Sun Feb 15 23:53:35.541949 2026] [core:error] [pid 1815747:tid 1815814] [client 74.7.227.137:40262] AH00124: Request exceeded the limit of 10 internal redirects due to probable configuration error. Use 'LimitInternalRecursion' to increase the limit if necessary. Use 'LogLevel debug' to get a backtrace., referer: http://alservicesoftampabay.com/service/Travertine-Sealing
[Sun Feb 15 23:53:43.012214 2026] [:error] [pid 1815747:tid 1815815] [client 106.205.27.198:6821] File does not exist: /home/novorem/public_html/xmlrpc.php
[Sun Feb 15 23:53:52.938261 2026] [security2:error] [pid 1815745:tid 1815766] [client 123.19.110.253:33006] ModSecurity: Access denied with code 406 (phase 2). Pattern match "^\\\\w+:/" at REQUEST_URI_RAW. [file "/etc/apache2/conf.d/imh-modsec/01_base_rules.conf"] [line "31"] [id "96027"] [msg "Proxy access attempt"] [severity "CRITICAL"] [tag "PROTOCOL_VIOLATION/PROXY_ACCESS"] [hostname "coastalbendkitchens.com"] [uri "/kitchen-countertops-in-sodville-tx.php"] [unique_id "aZKi4Pl-vR2491izRWE8oQAAABE"]
[Sun Feb 15 23:53:56.122273 2026] [security2:error] [pid 1815745:tid 1815773] [client 38.25.80.158:42794] ModSecurity: Access denied with code 406 (phase 2). Pattern match "^\\\\w+:/" at REQUEST_URI_RAW. [file "/etc/apache2/conf.d/imh-modsec/01_base_rules.conf"] [line "31"] [id "96027"] [msg "Proxy access attempt"] [severity "CRITICAL"] [tag "PROTOCOL_VIOLATION/PROXY_ACCESS"] [hostname "centuryfoundationcompany.com"] [uri "/"] [unique_id "aZKi5Pl-vR2491izRWE8pAAAABg"] [2026-02-15 23:54:23 -0500] warn [suspendedpage] /etc/trueuserowners is not readable as nobody. [2026-02-15 23:54:23 -0500] warn [suspendedpage] /etc/trueuserowners is not readable as nobody. [2026-02-15 23:54:23 -0500] warn [suspendedpage] /etc/trueuserowners is not readable as nobody. [2026-02-15 23:54:24 -0500] warn [suspendedpage] /etc/trueuserowners is not readable as nobody. [2026-02-15 23:54:24 -0500] warn [suspendedpage] /etc/trueuserowners is not readable as nobody. [2026-02-15 23:54:24 -0500] warn [suspendedpage] /etc/trueuserowners is not readable as nobody. [2026-02-15 23:54:24 -0500] warn [suspendedpage] /etc/trueuserowners is not readable as nobody. [2026-02-15 23:54:24 -0500] warn [suspendedpage] /etc/trueuserowners is not readable as nobody. [2026-02-15 23:54:24 -0500] warn [suspendedpage] /etc/trueuserowners is not readable as nobody. [2026-02-15 23:54:25 -0500] warn [suspendedpage] /etc/trueuserowners is not readable as nobody. [2026-02-15 23:54:25 -0500] warn [suspendedpage] /etc/trueuserowners is not readable as nobody. [2026-02-15 23:54:25 -0500] warn [suspendedpage] /etc/trueuserowners is not readable as nobody.
[Sun Feb 15 23:54:25.797621 2026] [security2:error] [pid 1815745:tid 1815759] [client 216.73.216.146:26547] ModSecurity: Access denied with code 429 (phase 2). Matched phrase "ClaudeBot" at REQUEST_HEADERS:User-Agent. [file "/etc/apache2/conf.d/imh-modsec/19_bad_bots.conf"] [line "92"] [id "13078"] [msg "RATELIMITED CLAUDEBOT"] [hostname "alaskaprofessionalauto.com"] [uri "/"] [unique_id "aZKjAfl-vR2491izRWE8wAAAAAo"]
[Sun Feb 15 23:54:37.111173 2026] [security2:error] [pid 1815747:tid 1815823] [client 74.7.227.137:33282] ModSecurity: Access denied with code 429 (phase 2). Matched phrase "GPTBot" at REQUEST_HEADERS:user-agent. [file "/etc/apache2/conf.d/imh-modsec/19_bad_bots.conf"] [line "83"] [id "13076"] [msg "RATELIMITED GPTBOT"] [hostname "alservicesoftampabay.com"] [uri "/service/reasons-to-hire-al-services-of-tampa-bay"] [unique_id "aZKjDaRWgi4sbmuEOE0t6gAAAdQ"], referer: http://alservicesoftampabay.com/service/reasons-to-hire-al-services-of-tampa-bay.php
[Sun Feb 15 23:54:38.767424 2026] [security2:error] [pid 1815745:tid 1815765] [client 14.176.252.146:56077] ModSecurity: Access denied with code 406 (phase 2). Pattern match "^\\\\w+:/" at REQUEST_URI_RAW. [file "/etc/apache2/conf.d/imh-modsec/01_base_rules.conf"] [line "31"] [id "96027"] [msg "Proxy access attempt"] [severity "CRITICAL"] [tag "PROTOCOL_VIOLATION/PROXY_ACCESS"] [hostname "www.centuryfoundationcompany.com"] [uri "/"] [unique_id "aZKjDvl-vR2491izRWE8yAAAABA"]
[Sun Feb 15 23:54:39.082571 2026] [security2:error] [pid 1815685:tid 1815699] [client 14.179.33.124:60917] ModSecurity: Access denied with code 406 (phase 2). Pattern match "^\\\\w+:/" at REQUEST_URI_RAW. [file "/etc/apache2/conf.d/imh-modsec/01_base_rules.conf"] [line "31"] [id "96027"] [msg "Proxy access attempt"] [severity "CRITICAL"] [tag "PROTOCOL_VIOLATION/PROXY_ACCESS"] [hostname "www.goldpanmotel.ca"] [uri "/"] [unique_id "aZKjD7I_4CWoP-jgNQa_hwAAAQg"]
[Sun Feb 15 23:54:41.578774 2026] [security2:error] [pid 1815686:tid 1815736] [client 18.210.58.238:13459] ModSecurity: Access denied with code 429 (phase 2). Matched phrase "Amazonbot" at REQUEST_HEADERS:User-Agent. [file "/etc/apache2/conf.d/imh-modsec/19_bad_bots.conf"] [line "101"] [id "13080"] [msg "RATELIMITED AMAZONBOT"] [hostname "asfus.net"] [uri "/virgsurv/userfiles/labubu-sekretnaia-igrushka.xml"] [unique_id "aZKjETUl8aDrLaakfvHPiAAAAZI"]
[Sun Feb 15 23:54:49.564600 2026] [security2:error] [pid 1815747:tid 1815827] [client 34.239.197.197:17870] ModSecurity: Access denied with code 429 (phase 2). Matched phrase "Amazonbot" at REQUEST_HEADERS:User-Agent. [file "/etc/apache2/conf.d/imh-modsec/19_bad_bots.conf"] [line "101"] [id "13080"] [msg "RATELIMITED AMAZONBOT"] [hostname "asfus.net"] [uri "/virgsurv/userfiles/sitilink-samsung-galaxy-s24-plus6860.xml"] [unique_id "aZKjGaRWgi4sbmuEOE0t9gAAAdg"]
[Sun Feb 15 23:54:51.417401 2026] [autoindex:error] [pid 1815686:tid 1815726] [client 43.138.68.113:52108] AH01276: Cannot serve directory /home/goldkeymotel/public_html/: No matching DirectoryIndex (index.php,index.php8,index.php7,index.php5,index.perl,index.pl,index.plx,index.ppl,index.cgi,index.jsp,index.jp,index.phtml,index.shtml,index.xhtml,index.html,index.htm,index.js,default.htm) found, and server-generated directory index forbidden by Options directive
[Sun Feb 15 23:55:16.849120 2026] [security2:error] [pid 1815747:tid 1815826] [client 14.179.202.22:48661] ModSecurity: Access denied with code 406 (phase 2). Pattern match "^\\\\w+:/" at REQUEST_URI_RAW. [file "/etc/apache2/conf.d/imh-modsec/01_base_rules.conf"] [line "31"] [id "96027"] [msg "Proxy access attempt"] [severity "CRITICAL"] [tag "PROTOCOL_VIOLATION/PROXY_ACCESS"] [hostname "goldpanmotel.ca"] [uri "/testing/"] [unique_id "aZKjNKRWgi4sbmuEOE0uAgAAAdc"]
[Sun Feb 15 23:55:32.735791 2026] [security2:error] [pid 1815685:tid 1815697] [client 74.7.241.60:39676] ModSecurity: Access denied with code 429 (phase 2). Matched phrase "GPTBot" at REQUEST_HEADERS:user-agent. [file "/etc/apache2/conf.d/imh-modsec/19_bad_bots.conf"] [line "83"] [id "13076"] [msg "RATELIMITED GPTBOT"] [hostname "www.djennebeads.com"] [uri "/js/vendor/swiper/maps/uploads/js/vendor/bootstrap-tabcollapse/js/vendor/parallax/magnificpopup/dist/images/product-detail.php"] [unique_id "aZKjRLI_4CWoP-jgNQa_nwAAAQY"], referer: https://www.djennebeads.com/js/vendor/swiper/maps/uploads/js/vendor/bootstrap-tabcollapse/js/vendor/parallax/magnificpopup/dist/images/wxperts_powerdby.jpg
[Sun Feb 15 23:55:33.246703 2026] [security2:error] [pid 1815745:tid 1815761] [client 50.16.248.61:9722] ModSecurity: Access denied with code 429 (phase 2). Matched phrase "Amazonbot" at REQUEST_HEADERS:User-Agent. [file "/etc/apache2/conf.d/imh-modsec/19_bad_bots.conf"] [line "101"] [id "13080"] [msg "RATELIMITED AMAZONBOT"] [hostname "genuinecoatings.com"] [uri "/cabinet-refinishing-maywood-ca"] [unique_id "aZKjRfl-vR2491izRWE87QAAAAw"]
[Sun Feb 15 23:55:34.773553 2026] [security2:error] [pid 1815685:tid 1815708] [client 74.7.241.60:39676] ModSecurity: Access denied with code 429 (phase 2). Matched phrase "GPTBot" at REQUEST_HEADERS:user-agent. [file "/etc/apache2/conf.d/imh-modsec/19_bad_bots.conf"] [line "83"] [id "13076"] [msg "RATELIMITED GPTBOT"] [hostname "www.djennebeads.com"] [uri "/js/vendor/swiper/maps/uploads/js/vendor/bootstrap-tabcollapse/js/vendor/parallax/jquery/images/banners/instafeed/product-detail.php"] [unique_id "aZKjRrI_4CWoP-jgNQa_oQAAARE"], referer: https://www.djennebeads.com/js/vendor/swiper/maps/uploads/js/vendor/bootstrap-tabcollapse/js/vendor/parallax/jquery/images/banners/instafeed/product-detail.php?view=1
[Sun Feb 15 23:55:37.571844 2026] [security2:error] [pid 1815685:tid 1815704] [client 74.7.227.137:45294] ModSecurity: Access denied with code 429 (phase 2). Matched phrase "GPTBot" at REQUEST_HEADERS:user-agent. [file "/etc/apache2/conf.d/imh-modsec/19_bad_bots.conf"] [line "83"] [id "13076"] [msg "RATELIMITED GPTBOT"] [hostname "alservicesoftampabay.com"] [uri "/blogs"] [unique_id "aZKjSbI_4CWoP-jgNQa_pQAAAQ0"], referer: http://alservicesoftampabay.com/blogs.php
[Sun Feb 15 23:56:20.549281 2026] [security2:error] [pid 1815747:tid 1815826] [client 119.94.7.41:16458] ModSecurity: Access denied with code 406 (phase 2). Pattern match "^\\\\w+:/" at REQUEST_URI_RAW. [file "/etc/apache2/conf.d/imh-modsec/01_base_rules.conf"] [line "31"] [id "96027"] [msg "Proxy access attempt"] [severity "CRITICAL"] [tag "PROTOCOL_VIOLATION/PROXY_ACCESS"] [hostname "atlasplumbingcorp.com"] [uri "/"] [unique_id "aZKjdKRWgi4sbmuEOE0uSQAAAdc"]
[Sun Feb 15 23:56:20.805698 2026] [security2:error] [pid 1815747:tid 1815820] [client 216.73.216.96:53180] ModSecurity: Access denied with code 429 (phase 2). Matched phrase "ClaudeBot" at REQUEST_HEADERS:User-Agent. [file "/etc/apache2/conf.d/imh-modsec/19_bad_bots.conf"] [line "92"] [id "13078"] [msg "RATELIMITED CLAUDEBOT"] [hostname "westindigo.com"] [uri "/vivalytic.php"] [unique_id "aZKjdKRWgi4sbmuEOE0uSwAAAdE"]
[Sun Feb 15 23:56:27.307384 2026] [security2:error] [pid 1815747:tid 1815819] [client 172.190.142.176:34548] ModSecurity: Access denied with code 406 (phase 2). Pattern match "\\\\/\\\\.[a-zA-Z0-9].+\\\\.php" at REQUEST_URI. [file "/etc/apache2/conf.d/imh-modsec/20_known_hacks.conf"] [line "94"] [id "14203"] [rev "1"] [msg "Blocking access to hidden php files"] [severity "ERROR"] [hostname "mail.envisioncarpentryllc.net"] [uri "/.bod/.ll/ss.php"] [unique_id "aZKje6RWgi4sbmuEOE0uoAAAAdA"]
[Sun Feb 15 23:56:40.977137 2026] [security2:error] [pid 1815746:tid 1815780] [client 14.183.109.12:39682] ModSecurity: Access denied with code 406 (phase 2). Pattern match "^\\\\w+:/" at REQUEST_URI_RAW. [file "/etc/apache2/conf.d/imh-modsec/01_base_rules.conf"] [line "31"] [id "96027"] [msg "Proxy access attempt"] [severity "CRITICAL"] [tag "PROTOCOL_VIOLATION/PROXY_ACCESS"] [hostname "goldpanmotel.ca"] [uri "/"] [unique_id "aZKjiEIPF3Cy05jnJ8_iJAAAAMQ"]
[Sun Feb 15 23:56:45.526440 2026] [security2:error] [pid 1815746:tid 1815800] [client 14.227.81.216:60792] ModSecurity: Access denied with code 406 (phase 2). Pattern match "^\\\\w+:/" at REQUEST_URI_RAW. [file "/etc/apache2/conf.d/imh-modsec/01_base_rules.conf"] [line "31"] [id "96027"] [msg "Proxy access attempt"] [severity "CRITICAL"] [tag "PROTOCOL_VIOLATION/PROXY_ACCESS"] [hostname "www.exhillside.com"] [uri "/our-team.php"] [unique_id "aZKjjUIPF3Cy05jnJ8_iJgAAANg"]
[Sun Feb 15 23:56:58.667719 2026] [security2:error] [pid 1815686:tid 1815730] [client 185.177.72.51:30598] ModSecurity: Access denied with code 406 (phase 2). Match of "rx ^apache.*perl" against "REQUEST_HEADERS:User-Agent" required. [file "/etc/apache2/conf.d/imh-modsec/01_base_rules.conf"] [line "259"] [id "96032"] [msg "Request Indicates an automated program explored the site"] [severity "NOTICE"] [hostname "www.touchofclassdrycleaners.co.uk"] [uri "/"] [unique_id "aZKjmjUl8aDrLaakfvHQkwAAAYw"]
[Sun Feb 15 23:56:58.753183 2026] [security2:error] [pid 1815686:tid 1815741] [client 185.177.72.51:30598] ModSecurity: Access denied with code 406 (phase 2). Match of "rx ^apache.*perl" against "REQUEST_HEADERS:User-Agent" required. [file "/etc/apache2/conf.d/imh-modsec/01_base_rules.conf"] [line "259"] [id "96032"] [msg "Request Indicates an automated program explored the site"] [severity "NOTICE"] [hostname "www.touchofclassdrycleaners.co.uk"] [uri "/.git/config"] [unique_id "aZKjmjUl8aDrLaakfvHQlAAAAZc"]
[Sun Feb 15 23:56:58.838560 2026] [security2:error] [pid 1815686:tid 1815727] [client 185.177.72.51:30598] ModSecurity: Access denied with code 406 (phase 2). Match of "rx ^apache.*perl" against "REQUEST_HEADERS:User-Agent" required. [file "/etc/apache2/conf.d/imh-modsec/01_base_rules.conf"] [line "259"] [id "96032"] [msg "Request Indicates an automated program explored the site"] [severity "NOTICE"] [hostname "www.touchofclassdrycleaners.co.uk"] [uri "/backend/.env"] [unique_id "aZKjmjUl8aDrLaakfvHQlQAAAYk"]
[Sun Feb 15 23:56:58.923941 2026] [security2:error] [pid 1815686:tid 1815723] [client 185.177.72.51:30598] ModSecurity: Access denied with code 406 (phase 2). Match of "rx ^apache.*perl" against "REQUEST_HEADERS:User-Agent" required. [file "/etc/apache2/conf.d/imh-modsec/01_base_rules.conf"] [line "259"] [id "96032"] [msg "Request Indicates an automated program explored the site"] [severity "NOTICE"] [hostname "www.touchofclassdrycleaners.co.uk"] [uri "/.env"] [unique_id "aZKjmjUl8aDrLaakfvHQlgAAAYU"]
[Sun Feb 15 23:56:59.094509 2026] [security2:error] [pid 1815686:tid 1815721] [client 185.177.72.51:30598] ModSecurity: Access denied with code 406 (phase 2). Match of "rx ^apache.*perl" against "REQUEST_HEADERS:User-Agent" required. [file "/etc/apache2/conf.d/imh-modsec/01_base_rules.conf"] [line "259"] [id "96032"] [msg "Request Indicates an automated program explored the site"] [severity "NOTICE"] [hostname "www.touchofclassdrycleaners.co.uk"] [uri "/.env"] [unique_id "aZKjmzUl8aDrLaakfvHQmQAAAYM"]
