[Mon Feb 16 00:45:36.602167 2026] [:error] [pid 1835580:tid 1835586] [client 172.190.142.176:11926] File does not exist: /home/paintins/public_html/alfa.php
[Mon Feb 16 00:45:36.612792 2026] [:error] [pid 1835580:tid 1835605] [client 172.190.142.176:11926] File does not exist: /home/paintins/public_html/wp-config-sample.php
[Mon Feb 16 00:45:36.635685 2026] [:error] [pid 1835580:tid 1835602] [client 172.190.142.176:11926] File does not exist: /home/paintins/public_html/css/index.php
[Mon Feb 16 00:45:36.650816 2026] [:error] [pid 1835580:tid 1835604] [client 172.190.142.176:11926] File does not exist: /home/paintins/public_html/cong.php
[Mon Feb 16 00:45:36.666101 2026] [:error] [pid 1835580:tid 1835594] [client 172.190.142.176:11926] File does not exist: /home/paintins/public_html/log.php
[Mon Feb 16 00:45:36.673816 2026] [:error] [pid 1835580:tid 1835584] [client 172.190.142.176:11926] File does not exist: /home/paintins/public_html/admin/function.php
[Mon Feb 16 00:45:36.679400 2026] [security2:error] [pid 1835580:tid 1835583] [client 172.190.142.176:41115] ModSecurity: Access denied with code 406 (phase 2). Pattern match "\\\\/\\\\.[a-zA-Z0-9].+\\\\.php" at REQUEST_URI. [file "/etc/apache2/conf.d/imh-modsec/20_known_hacks.conf"] [line "94"] [id "14203"] [rev "1"] [msg "Blocking access to hidden php files"] [severity "ERROR"] [hostname "masterppaintingidaho.com"] [uri "/.well-known/acme-challenge/bak.php"] [unique_id "aZKvABwmDxHxDTqxfJzJgAAAAEE"]
[Mon Feb 16 00:45:36.749001 2026] [:error] [pid 1835580:tid 1835587] [client 172.190.142.176:11926] File does not exist: /home/paintins/public_html/hehehehe.php
[Mon Feb 16 00:45:36.784481 2026] [cgid:error] [pid 1835580:tid 1835599] [client 172.190.142.176:11926] AH01264: stderr from /home/paintins/public_html/cgi-bin: script not found or unable to stat
[Mon Feb 16 00:45:36.815013 2026] [security2:error] [pid 1835580:tid 1835598] [client 172.190.142.176:41115] ModSecurity: Access denied with code 406 (phase 2). Pattern match "\\\\/\\\\.[a-zA-Z0-9].+\\\\.php" at REQUEST_URI. [file "/etc/apache2/conf.d/imh-modsec/20_known_hacks.conf"] [line "94"] [id "14203"] [rev "1"] [msg "Blocking access to hidden php files"] [severity "ERROR"] [hostname "masterppaintingidaho.com"] [uri "/.bod/.ll/ss.php"] [unique_id "aZKvABwmDxHxDTqxfJzJnwAAAFA"]
[Mon Feb 16 00:45:36.820525 2026] [:error] [pid 1835580:tid 1835600] [client 172.190.142.176:11926] File does not exist: /home/paintins/public_html/lock.php
[Mon Feb 16 00:45:36.838407 2026] [:error] [pid 1835580:tid 1835595] [client 172.190.142.176:11926] File does not exist: /home/paintins/public_html/content.php
[Mon Feb 16 00:45:36.864016 2026] [:error] [pid 1835580:tid 1835596] [client 172.190.142.176:11926] File does not exist: /home/paintins/public_html/k.php
[Mon Feb 16 00:45:36.869530 2026] [:error] [pid 1835580:tid 1835583] [client 172.190.142.176:11926] File does not exist: /home/paintins/public_html/403.php
[Mon Feb 16 00:45:36.872813 2026] [security2:error] [pid 1835580:tid 1835589] [client 172.190.142.176:41115] ModSecurity: Access denied with code 406 (phase 2). Pattern match "\\\\/\\\\.[a-zA-Z0-9].+\\\\.php" at REQUEST_URI. [file "/etc/apache2/conf.d/imh-modsec/20_known_hacks.conf"] [line "94"] [id "14203"] [rev "1"] [msg "Blocking access to hidden php files"] [severity "ERROR"] [hostname "masterppaintingidaho.com"] [uri "/.well-known/pki-validation/min.php"] [unique_id "aZKvABwmDxHxDTqxfJzJsAAAAEc"]
[Mon Feb 16 00:45:36.884335 2026] [:error] [pid 1835580:tid 1835582] [client 172.190.142.176:11926] File does not exist: /home/paintins/public_html/wp-cache.php
[Mon Feb 16 00:45:36.890871 2026] [:error] [pid 1835580:tid 1835598] [client 172.190.142.176:11926] File does not exist: /home/paintins/public_html/images/index1.php
[Mon Feb 16 00:45:36.897229 2026] [:error] [pid 1835580:tid 1835600] [client 172.190.142.176:11926] File does not exist: /home/paintins/public_html/js/upload.php
[Mon Feb 16 00:45:36.903771 2026] [:error] [pid 1835580:tid 1835592] [client 172.190.142.176:11926] File does not exist: /home/paintins/public_html/images/uploadform.php
[Mon Feb 16 00:45:36.917846 2026] [:error] [pid 1835580:tid 1835595] [client 172.190.142.176:11926] File does not exist: /home/paintins/public_html/w.php
[Mon Feb 16 00:45:36.925686 2026] [:error] [pid 1835580:tid 1835585] [client 172.190.142.176:11926] File does not exist: /home/paintins/public_html/images/contacto.php
[Mon Feb 16 00:45:36.929387 2026] [security2:error] [pid 1835580:tid 1835606] [client 172.190.142.176:41115] ModSecurity: Access denied with code 406 (phase 2). Pattern match "\\\\/\\\\.[a-zA-Z0-9].+\\\\.php" at REQUEST_URI. [file "/etc/apache2/conf.d/imh-modsec/20_known_hacks.conf"] [line "94"] [id "14203"] [rev "1"] [msg "Blocking access to hidden php files"] [severity "ERROR"] [hostname "masterppaintingidaho.com"] [uri "/.well-known/acme-challenge/aboud.php"] [unique_id "aZKvABwmDxHxDTqxfJzJwgAAAFg"]
[Mon Feb 16 00:45:36.945524 2026] [:error] [pid 1835580:tid 1835597] [client 172.190.142.176:11926] File does not exist: /home/paintins/public_html/ioxi002.PhP
[Mon Feb 16 00:45:36.965350 2026] [:error] [pid 1835580:tid 1835600] [client 172.190.142.176:11926] File does not exist: /home/paintins/public_html/css/upload.php
[Mon Feb 16 00:45:36.983984 2026] [:error] [pid 1835580:tid 1835601] [client 172.190.142.176:11926] File does not exist: /home/paintins/public_html/moon.php
[Mon Feb 16 00:45:36.990657 2026] [:error] [pid 1835580:tid 1835595] [client 172.190.142.176:11926] File does not exist: /home/paintins/public_html/css/wp-blog.php
[Mon Feb 16 00:45:37.003648 2026] [:error] [pid 1835580:tid 1835584] [client 172.190.142.176:11926] File does not exist: /home/paintins/public_html/403.php
[Mon Feb 16 00:45:37.024577 2026] [:error] [pid 1835580:tid 1835589] [client 172.190.142.176:11926] File does not exist: /home/paintins/public_html/1index.php
[Mon Feb 16 00:45:37.042277 2026] [:error] [pid 1835580:tid 1835603] [client 172.190.142.176:11926] File does not exist: /home/paintins/public_html/images/g3.php
[Mon Feb 16 00:45:37.045715 2026] [security2:error] [pid 1835580:tid 1835598] [client 172.190.142.176:34925] ModSecurity: Access denied with code 406 (phase 2). Pattern match "\\\\/\\\\.[a-zA-Z0-9].+\\\\.php" at REQUEST_URI. [file "/etc/apache2/conf.d/imh-modsec/20_known_hacks.conf"] [line "94"] [id "14203"] [rev "1"] [msg "Blocking access to hidden php files"] [severity "ERROR"] [hostname "masterppaintingidaho.com"] [uri "/.well-known/wp-login.php"] [unique_id "aZKvARwmDxHxDTqxfJzJ4QAAAFA"]
[Mon Feb 16 00:45:37.074168 2026] [:error] [pid 1835451:tid 1835559] [client 172.190.142.176:25668] File does not exist: /home/paintins/public_html/ws.php
[Mon Feb 16 00:45:37.095629 2026] [:error] [pid 1835451:tid 1835556] [client 172.190.142.176:25668] File does not exist: /home/paintins/public_html/baxa1.phP8
[Mon Feb 16 00:45:37.106858 2026] [:error] [pid 1835451:tid 1835560] [client 172.190.142.176:25668] File does not exist: /home/paintins/public_html/data.php
[Mon Feb 16 00:45:37.112202 2026] [:error] [pid 1835451:tid 1835557] [client 172.190.142.176:25668] File does not exist: /home/paintins/public_html/file.php
[Mon Feb 16 00:45:37.155561 2026] [:error] [pid 1835451:tid 1835566] [client 172.190.142.176:25668] File does not exist: /home/paintins/public_html/install.php
[Mon Feb 16 00:45:37.161043 2026] [:error] [pid 1835451:tid 1835552] [client 172.190.142.176:25668] File does not exist: /home/paintins/public_html/system.php
[Mon Feb 16 00:45:37.172712 2026] [:error] [pid 1835451:tid 1835543] [client 172.190.142.176:25668] File does not exist: /home/paintins/public_html/images/2008.php
[Mon Feb 16 00:45:37.178046 2026] [:error] [pid 1835451:tid 1835547] [client 172.190.142.176:25668] File does not exist: /home/paintins/public_html/2.php
[Mon Feb 16 00:45:37.180698 2026] [security2:error] [pid 1835580:tid 1835587] [client 172.190.142.176:34925] ModSecurity: Access denied with code 406 (phase 2). Pattern match "\\\\/\\\\.[a-zA-Z0-9].+\\\\.php" at REQUEST_URI. [file "/etc/apache2/conf.d/imh-modsec/20_known_hacks.conf"] [line "94"] [id "14203"] [rev "1"] [msg "Blocking access to hidden php files"] [severity "ERROR"] [hostname "masterppaintingidaho.com"] [uri "/.well-known/nam.php"] [unique_id "aZKvARwmDxHxDTqxfJzJ-gAAAEU"]
[Mon Feb 16 00:45:37.186573 2026] [:error] [pid 1835451:tid 1835563] [client 172.190.142.176:25668] File does not exist: /home/paintins/public_html/shell20211028.php
[Mon Feb 16 00:45:37.203513 2026] [:error] [pid 1835451:tid 1835562] [client 172.190.142.176:25668] File does not exist: /home/paintins/public_html/ss.php
[Mon Feb 16 00:45:37.209665 2026] [:error] [pid 1835451:tid 1835545] [client 172.190.142.176:25668] File does not exist: /home/paintins/public_html/wso.php
[Mon Feb 16 00:45:37.213032 2026] [security2:error] [pid 1835580:tid 1835593] [client 172.190.142.176:34925] ModSecurity: Access denied with code 406 (phase 2). Pattern match "\\\\/\\\\.[a-zA-Z0-9].+\\\\.php" at REQUEST_URI. [file "/etc/apache2/conf.d/imh-modsec/20_known_hacks.conf"] [line "94"] [id "14203"] [rev "1"] [msg "Blocking access to hidden php files"] [severity "ERROR"] [hostname "masterppaintingidaho.com"] [uri "/.well-known/cflsintdaf.php"] [unique_id "aZKvARwmDxHxDTqxfJzJ_gAAAEs"]
[Mon Feb 16 00:45:37.229718 2026] [:error] [pid 1835451:tid 1835564] [client 172.190.142.176:25668] File does not exist: /home/paintins/public_html/i.php
[Mon Feb 16 00:45:37.266683 2026] [:error] [pid 1835451:tid 1835556] [client 172.190.142.176:25668] File does not exist: /home/paintins/public_html/1337.php
[Mon Feb 16 00:45:37.294610 2026] [:error] [pid 1835451:tid 1835558] [client 172.190.142.176:25668] File does not exist: /home/paintins/public_html/baxa1.phP7
[Mon Feb 16 00:45:37.304471 2026] [:error] [pid 1835451:tid 1835561] [client 172.190.142.176:25668] File does not exist: /home/paintins/public_html/favicon.php
[Mon Feb 16 00:45:37.310060 2026] [:error] [pid 1835451:tid 1835546] [client 172.190.142.176:25668] File does not exist: /home/paintins/public_html/fox.php
[Mon Feb 16 00:45:37.315442 2026] [:error] [pid 1835451:tid 1835567] [client 172.190.142.176:25668] File does not exist: /home/paintins/public_html/images/c99.php
[Mon Feb 16 00:45:37.325855 2026] [:error] [pid 1835451:tid 1835566] [client 172.190.142.176:25668] File does not exist: /home/paintins/public_html/byp.php
[Mon Feb 16 00:45:37.331194 2026] [:error] [pid 1835451:tid 1835552] [client 172.190.142.176:25668] File does not exist: /home/paintins/public_html/wp-load.php
[Mon Feb 16 00:45:38.566504 2026] [security2:error] [pid 1835580:tid 1835605] [client 74.7.241.60:35970] ModSecurity: Access denied with code 429 (phase 2). Matched phrase "GPTBot" at REQUEST_HEADERS:user-agent. [file "/etc/apache2/conf.d/imh-modsec/19_bad_bots.conf"] [line "83"] [id "13076"] [msg "RATELIMITED GPTBOT"] [hostname "www.djennebeads.com"] [uri "/js/vendor/swiper/maps/uploads/uploads/js/vendor/imagesloaded/js/vendor/parallax/slick/countdown/images/banners/countdown/instafeed/images/images/jquery/instafeed/ez-plus/parallax/uploads/imagesloaded/imagesloaded.pkgd.min.js"] [unique_id "aZKvAhwmDxHxDTqxfJzKFAAAAFc"], referer: https://www.djennebeads.com/js/vendor/swiper/maps/uploads/uploads/js/vendor/imagesloaded/js/vendor/parallax/slick/countdown/images/banners/countdown/instafeed/images/images/jquery/instafeed/ez-plus/parallax/uploads/-1-41.jpg
[Mon Feb 16 00:45:39.417792 2026] [security2:error] [pid 1835451:tid 1835564] [client 14.180.55.20:52822] ModSecurity: Access denied with code 406 (phase 2). Pattern match "^\\\\w+:/" at REQUEST_URI_RAW. [file "/etc/apache2/conf.d/imh-modsec/01_base_rules.conf"] [line "31"] [id "96027"] [msg "Proxy access attempt"] [severity "CRITICAL"] [tag "PROTOCOL_VIOLATION/PROXY_ACCESS"] [hostname "aoneprint4.com"] [uri "/student-id-card-printing-gurgaon.php"] [unique_id "aZKvA14mDFLKLCGZERO3lQAAAdU"]
[Mon Feb 16 00:45:42.945915 2026] [security2:error] [pid 1835451:tid 1835555] [client 74.7.227.137:48676] ModSecurity: Access denied with code 429 (phase 2). Matched phrase "GPTBot" at REQUEST_HEADERS:user-agent. [file "/etc/apache2/conf.d/imh-modsec/19_bad_bots.conf"] [line "83"] [id "13076"] [msg "RATELIMITED GPTBOT"] [hostname "alservicesoftampabay.com"] [uri "/service/areas-served"] [unique_id "aZKvBl4mDFLKLCGZERO3mAAAAcw"], referer: http://alservicesoftampabay.com/service/areas-served.php
[Mon Feb 16 00:45:46.636774 2026] [proxy:error] [pid 1835446:tid 1835472] (111)Connection refused: AH00957: http: attempt to connect to 127.0.0.1:3032 (localhost:3032) failed
[Mon Feb 16 00:45:46.636827 2026] [proxy_http:error] [pid 1835446:tid 1835472] [client 34.91.65.13:16384] AH01114: HTTP: failed to make connection to backend: localhost
[Mon Feb 16 00:45:58.138641 2026] [security2:error] [pid 1835449:tid 1835508] [client 14.231.105.150:53229] ModSecurity: Access denied with code 406 (phase 2). Pattern match "^\\\\w+:/" at REQUEST_URI_RAW. [file "/etc/apache2/conf.d/imh-modsec/01_base_rules.conf"] [line "31"] [id "96027"] [msg "Proxy access attempt"] [severity "CRITICAL"] [tag "PROTOCOL_VIOLATION/PROXY_ACCESS"] [hostname "handymangordonllc.com"] [uri "/"] [unique_id "aZKvFm24nVairBXqMHhy5gAAAZM"]
[Mon Feb 16 00:45:59.329618 2026] [security2:error] [pid 1835580:tid 1835583] [client 185.231.155.169:58299] ModSecurity: Warning. Pattern match "recaptcha" at ARGS_POST_NAMES:g-recaptcha-response. [file "/etc/apache2/conf.d/imh-modsec/40_wordpress.conf"] [line "15"] [id "13504"] [hostname "www.us1autoparts.co"] [uri "/contact-us.php"] [unique_id "aZKvFxwmDxHxDTqxfJzKLQAAAEE"], referer: https://www.us1autoparts.co/contact-us.php
[Mon Feb 16 00:45:59.329641 2026] [security2:error] [pid 1835580:tid 1835583] [client 185.231.155.169:58299] ModSecurity: Warning. Pattern match "recaptcha" at ARGS_POST_NAMES:recaptcha-v3-token. [file "/etc/apache2/conf.d/imh-modsec/40_wordpress.conf"] [line "15"] [id "13504"] [hostname "www.us1autoparts.co"] [uri "/contact-us.php"] [unique_id "aZKvFxwmDxHxDTqxfJzKLQAAAEE"], referer: https://www.us1autoparts.co/contact-us.php
[Mon Feb 16 00:45:59.615185 2026] [proxy:error] [pid 1835450:tid 1835539] (111)Connection refused: AH00957: http: attempt to connect to 127.0.0.1:3032 (localhost:3032) failed
[Mon Feb 16 00:45:59.615224 2026] [proxy_http:error] [pid 1835450:tid 1835539] [client 34.91.125.183:32768] AH01114: HTTP: failed to make connection to backend: localhost
[Mon Feb 16 00:46:15.931980 2026] [security2:error] [pid 1835450:tid 1835536] [client 216.73.216.122:52031] ModSecurity: Access denied with code 429 (phase 2). Matched phrase "ClaudeBot" at REQUEST_HEADERS:User-Agent. [file "/etc/apache2/conf.d/imh-modsec/19_bad_bots.conf"] [line "92"] [id "13078"] [msg "RATELIMITED CLAUDEBOT"] [hostname "www.kadhai.com"] [uri "/"] [unique_id "aZKvJ3T-6jz7FAMzyd8HkgAAANQ"]
[Mon Feb 16 00:46:27.466928 2026] [security2:error] [pid 1835450:tid 1835525] [client 113.168.239.114:41566] ModSecurity: Access denied with code 406 (phase 2). Pattern match "^\\\\w+:/" at REQUEST_URI_RAW. [file "/etc/apache2/conf.d/imh-modsec/01_base_rules.conf"] [line "31"] [id "96027"] [msg "Proxy access attempt"] [severity "CRITICAL"] [tag "PROTOCOL_VIOLATION/PROXY_ACCESS"] [hostname "aoneprint4.com"] [uri "/self-ink-stamp-vendors-in-gurgaon-haryana.php"] [unique_id "aZKvM3T-6jz7FAMzyd8HrwAAAMk"]
[Mon Feb 16 00:46:30.155045 2026] [security2:error] [pid 1835446:tid 1835466] [client 54.198.33.233:59779] ModSecurity: Access denied with code 429 (phase 2). Matched phrase "Amazonbot" at REQUEST_HEADERS:User-Agent. [file "/etc/apache2/conf.d/imh-modsec/19_bad_bots.conf"] [line "101"] [id "13080"] [msg "RATELIMITED AMAZONBOT"] [hostname "backcaregoldcoast.com.au"] [uri "/cgi-sys/suspendedpage.cgi"] [unique_id "aZKvNsLjczKNPbCdqNQsQQAAAQQ"]
[Mon Feb 16 00:46:31.050954 2026] [:error] [pid 1835446:tid 1835480] [client 20.89.56.154:5009] File does not exist: /home/ditriumin/public_html/pop.php
[Mon Feb 16 00:46:31.218773 2026] [:error] [pid 1835446:tid 1835473] [client 20.89.56.154:5009] File does not exist: /home/ditriumin/public_html/payment.php
[Mon Feb 16 00:46:31.412470 2026] [security2:error] [pid 1835446:tid 1835463] [client 34.231.156.59:25953] ModSecurity: Access denied with code 429 (phase 2). Matched phrase "Amazonbot" at REQUEST_HEADERS:User-Agent. [file "/etc/apache2/conf.d/imh-modsec/19_bad_bots.conf"] [line "101"] [id "13080"] [msg "RATELIMITED AMAZONBOT"] [hostname "backcaregoldcoast.com.au"] [uri "/"] [unique_id "aZKvN8LjczKNPbCdqNQsRgAAAQE"]
[Mon Feb 16 00:46:31.555217 2026] [:error] [pid 1835446:tid 1835478] [client 20.89.56.154:5009] File does not exist: /home/ditriumin/public_html/qfunctions.php
[Mon Feb 16 00:46:31.725906 2026] [:error] [pid 1835446:tid 1835471] [client 20.89.56.154:5009] File does not exist: /home/ditriumin/public_html/media-upload.php
[Mon Feb 16 00:46:31.891900 2026] [:error] [pid 1835446:tid 1835476] [client 20.89.56.154:5009] File does not exist: /home/ditriumin/public_html/shellx.php
[Mon Feb 16 00:46:32.073074 2026] [:error] [pid 1835446:tid 1835474] [client 20.89.56.154:5009] File does not exist: /home/ditriumin/public_html/headerg.php
[Mon Feb 16 00:46:32.240244 2026] [:error] [pid 1835446:tid 1835482] [client 20.89.56.154:5009] File does not exist: /home/ditriumin/public_html/reg.php
[Mon Feb 16 00:46:32.406404 2026] [:error] [pid 1835446:tid 1835472] [client 20.89.56.154:5009] File does not exist: /home/ditriumin/public_html/wsoyanzfv3.php
[Mon Feb 16 00:46:32.572123 2026] [:error] [pid 1835446:tid 1835469] [client 20.89.56.154:5009] File does not exist: /home/ditriumin/public_html/luuf.php
[Mon Feb 16 00:46:32.738888 2026] [:error] [pid 1835446:tid 1835462] [client 20.89.56.154:5009] File does not exist: /home/ditriumin/public_html/css/sgd.php
[Mon Feb 16 00:46:32.905099 2026] [:error] [pid 1835446:tid 1835481] [client 20.89.56.154:5009] File does not exist: /home/ditriumin/public_html/class-wp-ajax-response.php
[Mon Feb 16 00:46:33.073469 2026] [:error] [pid 1835446:tid 1835470] [client 20.89.56.154:5009] File does not exist: /home/ditriumin/public_html/test_info.php
[Mon Feb 16 00:46:33.239627 2026] [:error] [pid 1835446:tid 1835483] [client 20.89.56.154:5009] File does not exist: /home/ditriumin/public_html/priv8.php
[Mon Feb 16 00:46:33.405304 2026] [:error] [pid 1835446:tid 1835475] [client 20.89.56.154:5009] File does not exist: /home/ditriumin/public_html/pinuseren.php
[Mon Feb 16 00:46:33.571393 2026] [:error] [pid 1835446:tid 1835485] [client 20.89.56.154:5009] File does not exist: /home/ditriumin/public_html/users.php
[Mon Feb 16 00:46:33.737384 2026] [:error] [pid 1835446:tid 1835484] [client 20.89.56.154:5009] File does not exist: /home/ditriumin/public_html/mcs.php
[Mon Feb 16 00:46:33.903218 2026] [:error] [pid 1835446:tid 1835464] [client 20.89.56.154:5009] File does not exist: /home/ditriumin/public_html/mariju.php
[Mon Feb 16 00:46:34.068976 2026] [:error] [pid 1835446:tid 1835477] [client 20.89.56.154:5009] File does not exist: /home/ditriumin/public_html/IOptimize.php
[Mon Feb 16 00:46:34.234721 2026] [:error] [pid 1835446:tid 1835480] [client 20.89.56.154:5009] File does not exist: /home/ditriumin/public_html/image.php
[Mon Feb 16 00:46:34.400650 2026] [:error] [pid 1835446:tid 1835473] [client 20.89.56.154:5009] File does not exist: /home/ditriumin/public_html/s.php
[Mon Feb 16 00:46:34.532878 2026] [security2:error] [pid 1835450:tid 1835520] [client 52.3.104.214:44819] ModSecurity: Access denied with code 429 (phase 2). Matched phrase "Amazonbot" at REQUEST_HEADERS:User-Agent. [file "/etc/apache2/conf.d/imh-modsec/19_bad_bots.conf"] [line "101"] [id "13080"] [msg "RATELIMITED AMAZONBOT"] [hostname "twincitieslimousineservice.com"] [uri "/robots.txt"] [unique_id "aZKvOnT-6jz7FAMzyd8HswAAAMQ"]
[Mon Feb 16 00:46:34.566512 2026] [:error] [pid 1835446:tid 1835479] [client 20.89.56.154:5009] File does not exist: /home/ditriumin/public_html/old.php
[Mon Feb 16 00:46:34.733310 2026] [:error] [pid 1835446:tid 1835463] [client 20.89.56.154:5009] File does not exist: /home/ditriumin/public_html/issue.php
[Mon Feb 16 00:46:34.899448 2026] [:error] [pid 1835446:tid 1835486] [client 20.89.56.154:5009] File does not exist: /home/ditriumin/public_html/Xsam_Xadoo_00Bot.php
[Mon Feb 16 00:46:35.067206 2026] [:error] [pid 1835446:tid 1835468] [client 20.89.56.154:5009] File does not exist: /home/ditriumin/public_html/options-discussion.php
[Mon Feb 16 00:46:35.234961 2026] [:error] [pid 1835446:tid 1835478] [client 20.89.56.154:5009] File does not exist: /home/ditriumin/public_html/wp-login.php
[Mon Feb 16 00:46:35.400980 2026] [:error] [pid 1835446:tid 1835471] [client 20.89.56.154:5009] File does not exist: /home/ditriumin/public_html/1post.php
[Mon Feb 16 00:46:35.448730 2026] [security2:error] [pid 1835580:tid 1835590] [client 52.71.203.206:6513] ModSecurity: Access denied with code 429 (phase 2). Matched phrase "Amazonbot" at REQUEST_HEADERS:User-Agent. [file "/etc/apache2/conf.d/imh-modsec/19_bad_bots.conf"] [line "101"] [id "13080"] [msg "RATELIMITED AMAZONBOT"] [hostname "www.backcaregoldcoast.com.au"] [uri "/cgi-sys/suspendedpage.cgi"] [unique_id "aZKvOxwmDxHxDTqxfJzKXgAAAEg"]
[Mon Feb 16 00:46:35.566884 2026] [:error] [pid 1835446:tid 1835465] [client 20.89.56.154:5009] File does not exist: /home/ditriumin/public_html/smaxx.php
[Mon Feb 16 00:46:35.732720 2026] [:error] [pid 1835446:tid 1835476] [client 20.89.56.154:5009] File does not exist: /home/ditriumin/public_html/delete3.php
[Mon Feb 16 00:46:35.898762 2026] [:error] [pid 1835446:tid 1835474] [client 20.89.56.154:5009] File does not exist: /home/ditriumin/public_html/_adminer.php
[Mon Feb 16 00:46:36.064735 2026] [:error] [pid 1835446:tid 1835482] [client 20.89.56.154:5009] File does not exist: /home/ditriumin/public_html/Auth.php
[Mon Feb 16 00:46:36.230881 2026] [:error] [pid 1835446:tid 1835472] [client 20.89.56.154:5009] File does not exist: /home/ditriumin/public_html/me.php
[Mon Feb 16 00:46:36.396842 2026] [:error] [pid 1835446:tid 1835469] [client 20.89.56.154:5009] File does not exist: /home/ditriumin/public_html/analytics.php
[Mon Feb 16 00:46:36.562845 2026] [:error] [pid 1835446:tid 1835470] [client 20.89.56.154:5009] File does not exist: /home/ditriumin/public_html/rfgsrd.php
[Mon Feb 16 00:46:36.729700 2026] [:error] [pid 1835446:tid 1835483] [client 20.89.56.154:5009] File does not exist: /home/ditriumin/public_html/5173e.php
[Mon Feb 16 00:46:36.895755 2026] [:error] [pid 1835446:tid 1835467] [client 20.89.56.154:5009] File does not exist: /home/ditriumin/public_html/malware.php
[Mon Feb 16 00:46:37.068643 2026] [:error] [pid 1835446:tid 1835475] [client 20.89.56.154:5009] File does not exist: /home/ditriumin/public_html/yut.php
[Mon Feb 16 00:46:37.234447 2026] [:error] [pid 1835446:tid 1835485] [client 20.89.56.154:5009] File does not exist: /home/ditriumin/public_html/nowpf.php
[Mon Feb 16 00:46:37.400339 2026] [:error] [pid 1835446:tid 1835484] [client 20.89.56.154:5009] File does not exist: /home/ditriumin/public_html/nywmftcj.php
[Mon Feb 16 00:46:37.571829 2026] [:error] [pid 1835446:tid 1835466] [client 20.89.56.154:5009] File does not exist: /home/ditriumin/public_html/minik.php
[Mon Feb 16 00:46:37.737927 2026] [:error] [pid 1835446:tid 1835464] [client 20.89.56.154:5009] File does not exist: /home/ditriumin/public_html/uwu.php
[Mon Feb 16 00:46:37.903807 2026] [:error] [pid 1835446:tid 1835477] [client 20.89.56.154:5009] File does not exist: /home/ditriumin/public_html/wp-taglin.php
[Mon Feb 16 00:46:38.235529 2026] [:error] [pid 1835446:tid 1835473] [client 20.89.56.154:5009] File does not exist: /home/ditriumin/public_html/AE5VAL.php
[Mon Feb 16 00:46:38.401408 2026] [:error] [pid 1835446:tid 1835479] [client 20.89.56.154:5009] File does not exist: /home/ditriumin/public_html/root.php
[Mon Feb 16 00:46:38.567232 2026] [:error] [pid 1835446:tid 1835463] [client 20.89.56.154:5009] File does not exist: /home/ditriumin/public_html/defaults.php
[Mon Feb 16 00:46:38.689163 2026] [security2:error] [pid 1835451:tid 1835557] [client 54.92.171.106:20824] ModSecurity: Access denied with code 429 (phase 2). Matched phrase "Amazonbot" at REQUEST_HEADERS:User-Agent. [file "/etc/apache2/conf.d/imh-modsec/19_bad_bots.conf"] [line "101"] [id "13080"] [msg "RATELIMITED AMAZONBOT"] [hostname "twincitieslimousineservice.com"] [uri "/robots.txt"] [unique_id "aZKvPl4mDFLKLCGZERO3xwAAAc4"]
[Mon Feb 16 00:46:38.694409 2026] [security2:error] [pid 1835446:tid 1835486] [client 34.197.28.78:5901] ModSecurity: Access denied with code 429 (phase 2). Matched phrase "Amazonbot" at REQUEST_HEADERS:User-Agent. [file "/etc/apache2/conf.d/imh-modsec/19_bad_bots.conf"] [line "101"] [id "13080"] [msg "RATELIMITED AMAZONBOT"] [hostname "twincitieslimousineservice.com"] [uri "/door-to-door.php"] [unique_id "aZKvPsLjczKNPbCdqNQscwAAARg"]
[Mon Feb 16 00:46:38.733020 2026] [:error] [pid 1835446:tid 1835478] [client 20.89.56.154:5009] File does not exist: /home/ditriumin/public_html/eNtnKM.php
[Mon Feb 16 00:46:38.900934 2026] [:error] [pid 1835446:tid 1835471] [client 20.89.56.154:5009] File does not exist: /home/ditriumin/public_html/berlin.php
[Mon Feb 16 00:46:39.232505 2026] [:error] [pid 1835446:tid 1835476] [client 20.89.56.154:5009] File does not exist: /home/ditriumin/public_html/extractable-loader-head.php
[Mon Feb 16 00:46:39.400271 2026] [:error] [pid 1835446:tid 1835474] [client 20.89.56.154:5009] File does not exist: /home/ditriumin/public_html/hinfofuns.php
[Mon Feb 16 00:46:39.408999 2026] [security2:error] [pid 1835446:tid 1835482] [client 54.147.80.137:6531] ModSecurity: Access denied with code 429 (phase 2). Matched phrase "Amazonbot" at REQUEST_HEADERS:User-Agent. [file "/etc/apache2/conf.d/imh-modsec/19_bad_bots.conf"] [line "101"] [id "13080"] [msg "RATELIMITED AMAZONBOT"] [hostname "www.backcaregoldcoast.com.au"] [uri "/cgi-sys/suspendedpage.cgi"] [unique_id "aZKvP8LjczKNPbCdqNQseQAAARQ"]
[Mon Feb 16 00:46:39.566029 2026] [:error] [pid 1835446:tid 1835469] [client 20.89.56.154:5009] File does not exist: /home/ditriumin/public_html/wp-aa.php
[Mon Feb 16 00:46:39.731612 2026] [:error] [pid 1835446:tid 1835462] [client 20.89.56.154:5009] File does not exist: /home/ditriumin/public_html/444.php
[Mon Feb 16 00:46:40.064011 2026] [:error] [pid 1835446:tid 1835483] [client 20.89.56.154:5009] File does not exist: /home/ditriumin/public_html/orqdvcag.php
[Mon Feb 16 00:46:40.229763 2026] [:error] [pid 1835446:tid 1835467] [client 20.89.56.154:5009] File does not exist: /home/ditriumin/public_html/zjifnzog.php
[Mon Feb 16 00:46:40.395820 2026] [:error] [pid 1835446:tid 1835475] [client 20.89.56.154:5009] File does not exist: /home/ditriumin/public_html/db.php
[Mon Feb 16 00:46:40.561879 2026] [:error] [pid 1835446:tid 1835485] [client 20.89.56.154:5009] File does not exist: /home/ditriumin/public_html/ioxi02.php
[Mon Feb 16 00:46:40.729203 2026] [:error] [pid 1835446:tid 1835484] [client 20.89.56.154:5009] File does not exist: /home/ditriumin/public_html/adminer-4.3.0.php
[Mon Feb 16 00:46:40.895257 2026] [:error] [pid 1835446:tid 1835466] [client 20.89.56.154:5009] File does not exist: /home/ditriumin/public_html/ms-themes.php
[Mon Feb 16 00:46:41.061021 2026] [:error] [pid 1835446:tid 1835464] [client 20.89.56.154:5009] File does not exist: /home/ditriumin/public_html/mari.php
[Mon Feb 16 00:46:41.226807 2026] [:error] [pid 1835446:tid 1835477] [client 20.89.56.154:5009] File does not exist: /home/ditriumin/public_html/bmlfvgdl.php
[Mon Feb 16 00:46:41.412304 2026] [:error] [pid 1835446:tid 1835480] [client 20.89.56.154:5009] File does not exist: /home/ditriumin/public_html/mah.php
[Mon Feb 16 00:46:41.578225 2026] [:error] [pid 1835446:tid 1835473] [client 20.89.56.154:5009] File does not exist: /home/ditriumin/public_html/daddy.php
[Mon Feb 16 00:46:41.744520 2026] [:error] [pid 1835446:tid 1835479] [client 20.89.56.154:5009] File does not exist: /home/ditriumin/public_html/lalala.php
[Mon Feb 16 00:46:41.911737 2026] [:error] [pid 1835446:tid 1835463] [client 20.89.56.154:5009] File does not exist: /home/ditriumin/public_html/api_upload.php
[Mon Feb 16 00:46:42.245061 2026] [:error] [pid 1835446:tid 1835468] [client 20.89.56.154:5009] File does not exist: /home/ditriumin/public_html/newsr.php
[Mon Feb 16 00:46:42.411025 2026] [:error] [pid 1835446:tid 1835478] [client 20.89.56.154:5009] File does not exist: /home/ditriumin/public_html/cgi-bin/upfile.php
[Mon Feb 16 00:46:42.576789 2026] [:error] [pid 1835446:tid 1835471] [client 20.89.56.154:5009] File does not exist: /home/ditriumin/public_html/sidebarg.php
[Mon Feb 16 00:46:42.742546 2026] [:error] [pid 1835446:tid 1835465] [client 20.89.56.154:5009] File does not exist: /home/ditriumin/public_html/crack_self_restore.php
[Mon Feb 16 00:46:42.908280 2026] [:error] [pid 1835446:tid 1835476] [client 20.89.56.154:5009] File does not exist: /home/ditriumin/public_html/php_editor.php
[Mon Feb 16 00:46:43.074366 2026] [:error] [pid 1835446:tid 1835474] [client 20.89.56.154:5009] File does not exist: /home/ditriumin/public_html/google.php
[Mon Feb 16 00:46:43.241590 2026] [:error] [pid 1835446:tid 1835482] [client 20.89.56.154:5009] File does not exist: /home/ditriumin/public_html/shell20211022.php
[Mon Feb 16 00:46:43.271180 2026] [security2:error] [pid 1835580:tid 1835583] [client 74.7.227.137:54344] ModSecurity: Access denied with code 429 (phase 2). Matched phrase "GPTBot" at REQUEST_HEADERS:user-agent. [file "/etc/apache2/conf.d/imh-modsec/19_bad_bots.conf"] [line "83"] [id "13076"] [msg "RATELIMITED GPTBOT"] [hostname "alservicesoftampabay.com"] [uri "/service/get-a-quote"] [unique_id "aZKvQxwmDxHxDTqxfJzKZgAAAEE"], referer: http://alservicesoftampabay.com/service/get-a-quote.php
[Mon Feb 16 00:46:43.408487 2026] [:error] [pid 1835446:tid 1835472] [client 20.89.56.154:5009] File does not exist: /home/ditriumin/public_html/info.php
[Mon Feb 16 00:46:43.575043 2026] [:error] [pid 1835446:tid 1835469] [client 20.89.56.154:5009] File does not exist: /home/ditriumin/public_html/utchiha505.php
[Mon Feb 16 00:46:43.742471 2026] [:error] [pid 1835446:tid 1835462] [client 20.89.56.154:5009] File does not exist: /home/ditriumin/public_html/mirasvit_adminer_425.php
[Mon Feb 16 00:46:43.936047 2026] [:error] [pid 1835446:tid 1835481] [client 20.89.56.154:5009] File does not exist: /home/ditriumin/public_html/aa.php
[Mon Feb 16 00:46:44.101671 2026] [:error] [pid 1835446:tid 1835470] [client 20.89.56.154:5009] File does not exist: /home/ditriumin/public_html/yl10gohp.php
[Mon Feb 16 00:46:44.267589 2026] [:error] [pid 1835446:tid 1835483] [client 20.89.56.154:5009] File does not exist: /home/ditriumin/public_html/class-wp-image-editor-imagick-interface.php
[Mon Feb 16 00:46:44.433599 2026] [:error] [pid 1835446:tid 1835475] [client 20.89.56.154:5009] File does not exist: /home/ditriumin/public_html/options.php
[Mon Feb 16 00:46:44.599534 2026] [:error] [pid 1835446:tid 1835484] [client 20.89.56.154:5009] File does not exist: /home/ditriumin/public_html/GOD.php
[Mon Feb 16 00:46:44.765396 2026] [:error] [pid 1835446:tid 1835466] [client 20.89.56.154:5009] File does not exist: /home/ditriumin/public_html/my.php
[Mon Feb 16 00:46:44.931295 2026] [:error] [pid 1835446:tid 1835473] [client 20.89.56.154:5009] File does not exist: /home/ditriumin/public_html/eq2hbpgs.php
[Mon Feb 16 00:46:45.098029 2026] [:error] [pid 1835446:tid 1835479] [client 20.89.56.154:5009] File does not exist: /home/ditriumin/public_html/0z.php
[Mon Feb 16 00:46:45.264073 2026] [:error] [pid 1835446:tid 1835463] [client 20.89.56.154:5009] File does not exist: /home/ditriumin/public_html/down.php
[Mon Feb 16 00:46:45.429781 2026] [:error] [pid 1835446:tid 1835486] [client 20.89.56.154:5009] File does not exist: /home/ditriumin/public_html/2index.php
[Mon Feb 16 00:46:45.595510 2026] [:error] [pid 1835446:tid 1835468] [client 20.89.56.154:5009] File does not exist: /home/ditriumin/public_html/ms-upgrade-network.php
[Mon Feb 16 00:46:45.761224 2026] [:error] [pid 1835446:tid 1835478] [client 20.89.56.154:5009] File does not exist: /home/ditriumin/public_html/wp-settings.php
[Mon Feb 16 00:46:45.927037 2026] [:error] [pid 1835446:tid 1835465] [client 20.89.56.154:5009] File does not exist: /home/ditriumin/public_html/wficyctk.php PHP Warning: session_start(): Session cannot be started after headers have already been sent in /home/morsjewelryandre/public_html/classes/Startup.php on line 2
[Mon Feb 16 00:46:46.093127 2026] [:error] [pid 1835446:tid 1835476] [client 20.89.56.154:5009] File does not exist: /home/ditriumin/public_html/mirasvit_adminer-4.2.3.php
[Mon Feb 16 00:46:46.258884 2026] [:error] [pid 1835446:tid 1835482] [client 20.89.56.154:5009] File does not exist: /home/ditriumin/public_html/qaivbilq.php
[Mon Feb 16 00:46:46.433412 2026] [:error] [pid 1835446:tid 1835469] [client 20.89.56.154:5009] File does not exist: /home/ditriumin/public_html/taf.php
[Mon Feb 16 00:46:46.600407 2026] [:error] [pid 1835446:tid 1835485] [client 20.89.56.154:5009] File does not exist: /home/ditriumin/public_html/OA1sSIWxZLY.php
[Mon Feb 16 00:46:46.623908 2026] [:error] [pid 1835446:tid 1835484] [client 52.169.119.118:9093] File does not exist: /home/newshivs/public_html/88.php
[Mon Feb 16 00:46:46.702442 2026] [:error] [pid 1835446:tid 1835466] [client 52.169.119.118:9093] File does not exist: /home/newshivs/public_html/pass4.php
[Mon Feb 16 00:46:46.766376 2026] [:error] [pid 1835446:tid 1835464] [client 20.89.56.154:5009] File does not exist: /home/ditriumin/public_html/haiterus.php
[Mon Feb 16 00:46:46.780779 2026] [:error] [pid 1835446:tid 1835477] [client 52.169.119.118:9093] File does not exist: /home/newshivs/public_html/php8.php
[Mon Feb 16 00:46:46.858947 2026] [:error] [pid 1835446:tid 1835473] [client 52.169.119.118:9093] File does not exist: /home/newshivs/public_html/cvtcosue.php
[Mon Feb 16 00:46:46.932824 2026] [:error] [pid 1835446:tid 1835486] [client 20.89.56.154:5009] File does not exist: /home/ditriumin/public_html/438788106...php
[Mon Feb 16 00:46:46.937487 2026] [:error] [pid 1835446:tid 1835468] [client 52.169.119.118:9093] File does not exist: /home/newshivs/public_html/gm.php
[Mon Feb 16 00:46:47.015721 2026] [:error] [pid 1835446:tid 1835471] [client 52.169.119.118:9093] File does not exist: /home/newshivs/public_html/1a.php
[Mon Feb 16 00:46:47.093897 2026] [:error] [pid 1835446:tid 1835476] [client 52.169.119.118:9093] File does not exist: /home/newshivs/public_html/aer.php
[Mon Feb 16 00:46:47.099192 2026] [:error] [pid 1835446:tid 1835474] [client 20.89.56.154:5009] File does not exist: /home/ditriumin/public_html/cron.php
[Mon Feb 16 00:46:47.172258 2026] [:error] [pid 1835446:tid 1835482] [client 52.169.119.118:9093] File does not exist: /home/newshivs/public_html/f6.php
[Mon Feb 16 00:46:47.252631 2026] [:error] [pid 1835446:tid 1835472] [client 52.169.119.118:9093] File does not exist: /home/newshivs/public_html/667.php
[Mon Feb 16 00:46:47.264975 2026] [:error] [pid 1835446:tid 1835469] [client 20.89.56.154:5009] File does not exist: /home/ditriumin/public_html/wp-2020.php
[Mon Feb 16 00:46:47.330845 2026] [:error] [pid 1835446:tid 1835475] [client 52.169.119.118:9093] File does not exist: /home/newshivs/public_html/kma.php
[Mon Feb 16 00:46:47.409124 2026] [:error] [pid 1835446:tid 1835485] [client 52.169.119.118:9093] File does not exist: /home/newshivs/public_html/kimono.php
[Mon Feb 16 00:46:47.430705 2026] [:error] [pid 1835446:tid 1835484] [client 20.89.56.154:5009] File does not exist: /home/ditriumin/public_html/erin1.PhP7
[Mon Feb 16 00:46:47.596481 2026] [:error] [pid 1835446:tid 1835480] [client 20.89.56.154:5009] File does not exist: /home/ditriumin/public_html/go.php
[Mon Feb 16 00:46:47.947041 2026] [:error] [pid 1835580:tid 1835596] [client 20.89.56.154:4175] File does not exist: /home/ditriumin/public_html/predeploy.php
[Mon Feb 16 00:47:08.114339 2026] [:error] [pid 1835446:tid 1835464] [client 20.205.115.105:10745] File does not exist: /home/exhillside/public_html/admin-footer.php
[Mon Feb 16 00:47:08.336558 2026] [:error] [pid 1835446:tid 1835462] [client 20.205.115.105:10745] File does not exist: /home/exhillside/public_html/ws71.php
[Mon Feb 16 00:47:08.558597 2026] [:error] [pid 1835446:tid 1835483] [client 20.205.115.105:10745] File does not exist: /home/exhillside/public_html/tool.php
[Mon Feb 16 00:47:08.780685 2026] [:error] [pid 1835446:tid 1835477] [client 20.205.115.105:10745] File does not exist: /home/exhillside/public_html/wp-Blogs.php
[Mon Feb 16 00:47:09.002814 2026] [:error] [pid 1835446:tid 1835480] [client 20.205.115.105:10745] File does not exist: /home/exhillside/public_html/001.php
[Mon Feb 16 00:47:09.225206 2026] [:error] [pid 1835446:tid 1835473] [client 20.205.115.105:10745] File does not exist: /home/exhillside/public_html/wp-p2r3q9c8k4.php
[Mon Feb 16 00:47:09.447754 2026] [:error] [pid 1835446:tid 1835479] [client 20.205.115.105:10745] File does not exist: /home/exhillside/public_html/ms.php
[Mon Feb 16 00:47:09.669970 2026] [:error] [pid 1835446:tid 1835467] [client 20.205.115.105:10745] File does not exist: /home/exhillside/public_html/xxw.php
[Mon Feb 16 00:47:09.892448 2026] [:error] [pid 1835446:tid 1835478] [client 20.205.115.105:10745] File does not exist: /home/exhillside/public_html/bureaucrats.php
[Mon Feb 16 00:47:10.114436 2026] [:error] [pid 1835446:tid 1835476] [client 20.205.115.105:10745] File does not exist: /home/exhillside/public_html/yrmeu.php
[Mon Feb 16 00:47:10.336600 2026] [:error] [pid 1835446:tid 1835482] [client 20.205.115.105:10745] File does not exist: /home/exhillside/public_html/logs.php
[Mon Feb 16 00:47:10.558875 2026] [:error] [pid 1835446:tid 1835472] [client 20.205.115.105:10745] File does not exist: /home/exhillside/public_html/ai.php
[Mon Feb 16 00:47:10.781435 2026] [:error] [pid 1835446:tid 1835469] [client 20.205.115.105:10745] File does not exist: /home/exhillside/public_html/inclusively.php
[Mon Feb 16 00:47:11.003747 2026] [:error] [pid 1835446:tid 1835475] [client 20.205.115.105:10745] File does not exist: /home/exhillside/public_html/jga.php
[Mon Feb 16 00:47:11.226032 2026] [:error] [pid 1835446:tid 1835485] [client 20.205.115.105:10745] File does not exist: /home/exhillside/public_html/invisi.php
[Mon Feb 16 00:47:11.448166 2026] [:error] [pid 1835446:tid 1835484] [client 20.205.115.105:10745] File does not exist: /home/exhillside/public_html/xr.php
[Mon Feb 16 00:47:11.670763 2026] [:error] [pid 1835446:tid 1835481] [client 20.205.115.105:10745] File does not exist: /home/exhillside/public_html/ff.php
[Mon Feb 16 00:47:11.892979 2026] [:error] [pid 1835446:tid 1835470] [client 20.205.115.105:10745] File does not exist: /home/exhillside/public_html/8.php
[Mon Feb 16 00:47:12.114943 2026] [:error] [pid 1835446:tid 1835464] [client 20.205.115.105:10745] File does not exist: /home/exhillside/public_html/bolaf.php
[Mon Feb 16 00:47:12.337046 2026] [:error] [pid 1835446:tid 1835462] [client 20.205.115.105:10745] File does not exist: /home/exhillside/public_html/knightly.php
[Mon Feb 16 00:47:12.559207 2026] [:error] [pid 1835446:tid 1835483] [client 20.205.115.105:10745] File does not exist: /home/exhillside/public_html/cap.php
[Mon Feb 16 00:47:12.781261 2026] [:error] [pid 1835446:tid 1835477] [client 20.205.115.105:10745] File does not exist: /home/exhillside/public_html/callback.php
[Mon Feb 16 00:47:13.003518 2026] [:error] [pid 1835446:tid 1835480] [client 20.205.115.105:10745] File does not exist: /home/exhillside/public_html/knme.php
[Mon Feb 16 00:47:13.225812 2026] [:error] [pid 1835446:tid 1835486] [client 20.205.115.105:10745] File does not exist: /home/exhillside/public_html/bgwnfsal.php
[Mon Feb 16 00:47:13.448260 2026] [:error] [pid 1835446:tid 1835468] [client 20.205.115.105:10745] File does not exist: /home/exhillside/public_html/aboutc.php
[Mon Feb 16 00:47:13.670782 2026] [:error] [pid 1835446:tid 1835478] [client 20.205.115.105:10745] File does not exist: /home/exhillside/public_html/lcyhl.php
[Mon Feb 16 00:47:13.892889 2026] [:error] [pid 1835446:tid 1835471] [client 20.205.115.105:10745] File does not exist: /home/exhillside/public_html/ZeLXoo.php
[Mon Feb 16 00:47:14.115283 2026] [:error] [pid 1835446:tid 1835463] [client 20.205.115.105:10745] File does not exist: /home/exhillside/public_html/auujk.php
[Mon Feb 16 00:47:14.337596 2026] [:error] [pid 1835446:tid 1835476] [client 20.205.115.105:10745] File does not exist: /home/exhillside/public_html/borax.php
[Mon Feb 16 00:47:14.559779 2026] [:error] [pid 1835446:tid 1835465] [client 20.205.115.105:10745] File does not exist: /home/exhillside/public_html/hidedz.php
[Mon Feb 16 00:47:14.781939 2026] [:error] [pid 1835446:tid 1835474] [client 20.205.115.105:10745] File does not exist: /home/exhillside/public_html/likmt.php
[Mon Feb 16 00:47:15.004368 2026] [:error] [pid 1835446:tid 1835482] [client 20.205.115.105:10745] File does not exist: /home/exhillside/public_html/55.php
[Mon Feb 16 00:47:15.226687 2026] [:error] [pid 1835446:tid 1835472] [client 20.205.115.105:10745] File does not exist: /home/exhillside/public_html/RIP.php
[Mon Feb 16 00:47:15.449063 2026] [:error] [pid 1835446:tid 1835469] [client 20.205.115.105:10745] File does not exist: /home/exhillside/public_html/x3x.php
[Mon Feb 16 00:47:15.671437 2026] [:error] [pid 1835446:tid 1835475] [client 20.205.115.105:10745] File does not exist: /home/exhillside/public_html/wgift2.php
[Mon Feb 16 00:47:15.893813 2026] [:error] [pid 1835446:tid 1835485] [client 20.205.115.105:10745] File does not exist: /home/exhillside/public_html/cwclass.php
[Mon Feb 16 00:47:16.116050 2026] [:error] [pid 1835446:tid 1835484] [client 20.205.115.105:10745] File does not exist: /home/exhillside/public_html/Knoxville.php
[Mon Feb 16 00:47:16.338195 2026] [:error] [pid 1835446:tid 1835481] [client 20.205.115.105:10745] File does not exist: /home/exhillside/public_html/fizsb.php
[Mon Feb 16 00:47:16.560637 2026] [:error] [pid 1835446:tid 1835470] [client 20.205.115.105:10745] File does not exist: /home/exhillside/public_html/securepassword.php
[Mon Feb 16 00:47:16.782898 2026] [:error] [pid 1835446:tid 1835466] [client 20.205.115.105:10745] File does not exist: /home/exhillside/public_html/muzu.php
[Mon Feb 16 00:47:16.861364 2026] [ssl:error] [pid 1835580:tid 1835585] [client 13.219.121.241:14237] AH02032: Hostname a1roofingcontracting.com (default host as no SNI was provided) and hostname webmail.324925cbce3898159.temporary.link provided via HTTP have no compatible SSL setup for policy 'secure'
[Mon Feb 16 00:47:17.005020 2026] [:error] [pid 1835446:tid 1835464] [client 20.205.115.105:10745] File does not exist: /home/exhillside/public_html/pomzr.php
[Mon Feb 16 00:47:17.227802 2026] [:error] [pid 1835446:tid 1835462] [client 20.205.115.105:10745] File does not exist: /home/exhillside/public_html/assacc.php
[Mon Feb 16 00:47:17.450015 2026] [:error] [pid 1835446:tid 1835483] [client 20.205.115.105:10745] File does not exist: /home/exhillside/public_html/momo.php
[Mon Feb 16 00:47:17.672116 2026] [:error] [pid 1835446:tid 1835477] [client 20.205.115.105:10745] File does not exist: /home/exhillside/public_html/oke.php
[Mon Feb 16 00:47:17.894349 2026] [:error] [pid 1835446:tid 1835480] [client 20.205.115.105:10745] File does not exist: /home/exhillside/public_html/ws67.php
[Mon Feb 16 00:47:18.118038 2026] [:error] [pid 1835446:tid 1835473] [client 20.205.115.105:10745] File does not exist: /home/exhillside/public_html/ab8.php
[Mon Feb 16 00:47:18.340518 2026] [:error] [pid 1835446:tid 1835479] [client 20.205.115.105:10745] File does not exist: /home/exhillside/public_html/curl.php
[Mon Feb 16 00:47:18.562581 2026] [:error] [pid 1835446:tid 1835467] [client 20.205.115.105:10745] File does not exist: /home/exhillside/public_html/hg.php
[Mon Feb 16 00:47:18.784635 2026] [:error] [pid 1835446:tid 1835486] [client 20.205.115.105:10745] File does not exist: /home/exhillside/public_html/tx64.php
[Mon Feb 16 00:47:19.006877 2026] [:error] [pid 1835446:tid 1835468] [client 20.205.115.105:10745] File does not exist: /home/exhillside/public_html/rip.php
[Mon Feb 16 00:47:19.229164 2026] [:error] [pid 1835446:tid 1835478] [client 20.205.115.105:10745] File does not exist: /home/exhillside/public_html/vx.php
[Mon Feb 16 00:47:19.451389 2026] [:error] [pid 1835446:tid 1835471] [client 20.205.115.105:10745] File does not exist: /home/exhillside/public_html/japan.php
[Mon Feb 16 00:47:19.673481 2026] [:error] [pid 1835446:tid 1835463] [client 20.205.115.105:10745] File does not exist: /home/exhillside/public_html/ajax.php
[Mon Feb 16 00:47:19.895571 2026] [:error] [pid 1835446:tid 1835476] [client 20.205.115.105:10745] File does not exist: /home/exhillside/public_html/rbvds.php
[Mon Feb 16 00:47:20.117847 2026] [:error] [pid 1835446:tid 1835474] [client 20.205.115.105:10745] File does not exist: /home/exhillside/public_html/foundling.php
[Mon Feb 16 00:47:20.340389 2026] [:error] [pid 1835446:tid 1835482] [client 20.205.115.105:10745] File does not exist: /home/exhillside/public_html/xper1.php
[Mon Feb 16 00:47:20.562506 2026] [:error] [pid 1835446:tid 1835472] [client 20.205.115.105:10745] File does not exist: /home/exhillside/public_html/layout.php
[Mon Feb 16 00:47:20.784871 2026] [:error] [pid 1835446:tid 1835469] [client 20.205.115.105:10745] File does not exist: /home/exhillside/public_html/vee.php
[Mon Feb 16 00:47:21.007042 2026] [:error] [pid 1835446:tid 1835475] [client 20.205.115.105:10745] File does not exist: /home/exhillside/public_html/jzntz.php
[Mon Feb 16 00:47:21.229491 2026] [:error] [pid 1835446:tid 1835485] [client 20.205.115.105:10745] File does not exist: /home/exhillside/public_html/v9.php
[Mon Feb 16 00:47:21.451874 2026] [:error] [pid 1835446:tid 1835484] [client 20.205.115.105:10745] File does not exist: /home/exhillside/public_html/106.php
[Mon Feb 16 00:47:21.673950 2026] [:error] [pid 1835446:tid 1835481] [client 20.205.115.105:10745] File does not exist: /home/exhillside/public_html/dunk.php
[Mon Feb 16 00:47:21.896314 2026] [:error] [pid 1835446:tid 1835470] [client 20.205.115.105:10745] File does not exist: /home/exhillside/public_html/ujuqsqhd.php
[Mon Feb 16 00:47:22.118520 2026] [:error] [pid 1835446:tid 1835466] [client 20.205.115.105:10745] File does not exist: /home/exhillside/public_html/geju.php
[Mon Feb 16 00:47:22.340857 2026] [:error] [pid 1835446:tid 1835464] [client 20.205.115.105:10745] File does not exist: /home/exhillside/public_html/mtmem.php
[Mon Feb 16 00:47:22.562994 2026] [:error] [pid 1835446:tid 1835462] [client 20.205.115.105:10745] File does not exist: /home/exhillside/public_html/reversely.php
[Mon Feb 16 00:47:22.785076 2026] [:error] [pid 1835446:tid 1835483] [client 20.205.115.105:10745] File does not exist: /home/exhillside/public_html/lrzkh.php
[Mon Feb 16 00:47:23.007147 2026] [:error] [pid 1835446:tid 1835477] [client 20.205.115.105:10745] File does not exist: /home/exhillside/public_html/iopra.php
[Mon Feb 16 00:47:23.229312 2026] [:error] [pid 1835446:tid 1835480] [client 20.205.115.105:10745] File does not exist: /home/exhillside/public_html/baidu.php [2026-02-16 00:47:32 -0500] warn [suspendedpage] /etc/trueuserowners is not readable as nobody.
[Mon Feb 16 00:47:32.541171 2026] [security2:error] [pid 1835446:tid 1835476] [client 14.171.221.72:43012] ModSecurity: Access denied with code 406 (phase 2). Pattern match "^\\\\w+:/" at REQUEST_URI_RAW. [file "/etc/apache2/conf.d/imh-modsec/01_base_rules.conf"] [line "31"] [id "96027"] [msg "Proxy access attempt"] [severity "CRITICAL"] [tag "PROTOCOL_VIOLATION/PROXY_ACCESS"] [hostname "envisioncarpentryllc.net"] [uri "/services/demolition"] [unique_id "aZKvdMLjczKNPbCdqNQtIQAAAQ4"]
[Mon Feb 16 00:47:34.353063 2026] [security2:error] [pid 1835446:tid 1835472] [client 3.218.103.254:5615] ModSecurity: Access denied with code 429 (phase 2). Matched phrase "Amazonbot" at REQUEST_HEADERS:User-Agent. [file "/etc/apache2/conf.d/imh-modsec/19_bad_bots.conf"] [line "101"] [id "13080"] [msg "RATELIMITED AMAZONBOT"] [hostname "www.kingwiseconstruction.com"] [uri "/aboutus.php"] [unique_id "aZKvdsLjczKNPbCdqNQtIwAAAQo"]
[Mon Feb 16 00:47:34.728996 2026] [security2:error] [pid 1835450:tid 1835524] [client 14.191.39.70:11413] ModSecurity: Access denied with code 406 (phase 2). Pattern match "^\\\\w+:/" at REQUEST_URI_RAW. [file "/etc/apache2/conf.d/imh-modsec/01_base_rules.conf"] [line "31"] [id "96027"] [msg "Proxy access attempt"] [severity "CRITICAL"] [tag "PROTOCOL_VIOLATION/PROXY_ACCESS"] [hostname "topremodelersnyc.com"] [uri "/"] [unique_id "aZKvdnT-6jz7FAMzyd8H5QAAAMg"] [2026-02-16 00:47:44 -0500] warn [suspendedpage] /etc/trueuserowners is not readable as nobody.
[Mon Feb 16 00:47:48.394466 2026] [security2:error] [pid 1835451:tid 1835547] [client 74.7.227.137:52956] ModSecurity: Access denied with code 429 (phase 2). Matched phrase "GPTBot" at REQUEST_HEADERS:user-agent. [file "/etc/apache2/conf.d/imh-modsec/19_bad_bots.conf"] [line "83"] [id "13076"] [msg "RATELIMITED GPTBOT"] [hostname "alservicesoftampabay.com"] [uri "/service/privacy-policy"] [unique_id "aZKvhF4mDFLKLCGZERO4JgAAAcQ"], referer: http://alservicesoftampabay.com/service/privacy-policy.php [2026-02-16 00:47:56 -0500] warn [suspendedpage] /etc/trueuserowners is not readable as nobody. [2026-02-16 00:47:57 -0500] warn [suspendedpage] /etc/trueuserowners is not readable as nobody.
[Mon Feb 16 00:48:14.139871 2026] [security2:error] [pid 1835449:tid 1835502] [client 100.25.120.246:16191] ModSecurity: Access denied with code 429 (phase 2). Matched phrase "Amazonbot" at REQUEST_HEADERS:User-Agent. [file "/etc/apache2/conf.d/imh-modsec/19_bad_bots.conf"] [line "101"] [id "13080"] [msg "RATELIMITED AMAZONBOT"] [hostname "tasteofnepalllc.com"] [uri "/contact-us.php"] [unique_id "aZKvnm24nVairBXqMHhziQAAAY0"]
