[Mon Feb 16 00:36:49.950818 2026] [security2:error] [pid 1835449:tid 1835497] [client 50.6.170.82:44930] ModSecurity: Access denied with code 406 (phase 2). Match of "rx ^0?$" against "REQUEST_HEADERS:Content-Length" required. [file "/etc/apache2/conf.d/imh-modsec/01_base_rules.conf"] [line "11"] [id "96024"] [msg "GET or HEAD requests with bodies"] [severity "CRITICAL"] [tag "PROTOCOL_VIOLATION/EVASION"] [hostname "madeline1982bakeryandrestaurant.com.50-6-170-82.cpanel.site"] [uri "/cpanel-errors/cptechdomain.shtml"] [unique_id "aZKs8W24nVairBXqMHhtvQAAAYg"] PHP Warning: Undefined variable $page in /home/jfroofing/public_html/includes/header.php on line 56 PHP Warning: Undefined variable $page in /home/jfroofing/public_html/includes/header.php on line 57 PHP Warning: Undefined variable $page in /home/jfroofing/public_html/includes/header.php on line 59 PHP Warning: Undefined variable $page in /home/jfroofing/public_html/includes/header.php on line 61 PHP Warning: Undefined variable $page in /home/jfroofing/public_html/includes/header.php on line 63 PHP Warning: Undefined variable $page in /home/jfroofing/public_html/includes/header.php on line 65 PHP Warning: Undefined variable $page in /home/jfroofing/public_html/includes/header.php on line 67 PHP Warning: Undefined variable $page in /home/jfroofing/public_html/includes/header.php on line 69
[Mon Feb 16 00:37:16.218533 2026] [security2:error] [pid 1835450:tid 1835518] [client 177.74.175.85:7908] ModSecurity: Access denied with code 406 (phase 2). Pattern match "^\\\\w+:/" at REQUEST_URI_RAW. [file "/etc/apache2/conf.d/imh-modsec/01_base_rules.conf"] [line "31"] [id "96027"] [msg "Proxy access attempt"] [severity "CRITICAL"] [tag "PROTOCOL_VIOLATION/PROXY_ACCESS"] [hostname "www.woburnhotbreads.com"] [uri "/images/gallery/2.jpg"] [unique_id "aZKtDHT-6jz7FAMzyd8FTgAAAMI"], referer: https://storage.googleapis.com/dzyczopourazme/hot-breads-hours.html
[Mon Feb 16 00:37:18.351530 2026] [security2:error] [pid 1835580:tid 1835592] [client 103.182.212.203:60522] ModSecurity: Access denied with code 406 (phase 2). Pattern match "^\\\\w+:/" at REQUEST_URI_RAW. [file "/etc/apache2/conf.d/imh-modsec/01_base_rules.conf"] [line "31"] [id "96027"] [msg "Proxy access attempt"] [severity "CRITICAL"] [tag "PROTOCOL_VIOLATION/PROXY_ACCESS"] [hostname "www.woburnhotbreads.com"] [uri "/images/gallery/2.jpg"] [unique_id "aZKtDhwmDxHxDTqxfJzDFwAAAEo"], referer: https://google.com
[Mon Feb 16 00:37:18.730793 2026] [security2:error] [pid 1835446:tid 1835486] [client 74.7.227.137:41838] ModSecurity: Access denied with code 429 (phase 2). Matched phrase "GPTBot" at REQUEST_HEADERS:user-agent. [file "/etc/apache2/conf.d/imh-modsec/19_bad_bots.conf"] [line "83"] [id "13076"] [msg "RATELIMITED GPTBOT"] [hostname "alservicesoftampabay.com"] [uri "/service/reasons-to-hire-al-services-of-tampa-bay"] [unique_id "aZKtDsLjczKNPbCdqNQp-QAAARg"], referer: http://alservicesoftampabay.com/service/reasons-to-hire-al-services-of-tampa-bay.php
[Mon Feb 16 00:37:18.964057 2026] [security2:error] [pid 1835446:tid 1835465] [client 113.187.227.163:34579] ModSecurity: Access denied with code 406 (phase 2). Pattern match "^\\\\w+:/" at REQUEST_URI_RAW. [file "/etc/apache2/conf.d/imh-modsec/01_base_rules.conf"] [line "31"] [id "96027"] [msg "Proxy access attempt"] [severity "CRITICAL"] [tag "PROTOCOL_VIOLATION/PROXY_ACCESS"] [hostname "www.woburnhotbreads.com"] [uri "/images/menu/2.jpg"] [unique_id "aZKtDsLjczKNPbCdqNQp-gAAAQM"], referer: https://google.com
[Mon Feb 16 00:37:19.952694 2026] [:error] [pid 1835450:tid 1835534] [client 220.181.108.90:60965] File does not exist: /home/deniscoc/public_html/residentials.php
[Mon Feb 16 00:37:20.870989 2026] [security2:error] [pid 1835450:tid 1835536] [client 113.164.202.190:53892] ModSecurity: Access denied with code 406 (phase 2). Pattern match "^\\\\w+:/" at REQUEST_URI_RAW. [file "/etc/apache2/conf.d/imh-modsec/01_base_rules.conf"] [line "31"] [id "96027"] [msg "Proxy access attempt"] [severity "CRITICAL"] [tag "PROTOCOL_VIOLATION/PROXY_ACCESS"] [hostname "www.woburnhotbreads.com"] [uri "/images/gallery/2.jpg"] [unique_id "aZKtEHT-6jz7FAMzyd8FUwAAANQ"], referer: https://storage.googleapis.com/dzyczopourazme/hot-breads-hours.html
[Mon Feb 16 00:37:24.007062 2026] [security2:error] [pid 1835446:tid 1835472] [client 14.168.103.143:40460] ModSecurity: Access denied with code 406 (phase 2). Pattern match "^\\\\w+:/" at REQUEST_URI_RAW. [file "/etc/apache2/conf.d/imh-modsec/01_base_rules.conf"] [line "31"] [id "96027"] [msg "Proxy access attempt"] [severity "CRITICAL"] [tag "PROTOCOL_VIOLATION/PROXY_ACCESS"] [hostname "www.woburnhotbreads.com"] [uri "/images/menu/2.jpg"] [unique_id "aZKtFMLjczKNPbCdqNQp_AAAAQo"], referer: https://google.com
[Mon Feb 16 00:37:26.313898 2026] [:error] [pid 1835580:tid 1835606] [client 116.179.37.229:49217] File does not exist: /home/deniscoc/public_html/residentials.php
[Mon Feb 16 00:37:30.281689 2026] [security2:error] [pid 1835580:tid 1835587] [client 14.244.232.248:41725] ModSecurity: Access denied with code 406 (phase 2). Pattern match "^\\\\w+:/" at REQUEST_URI_RAW. [file "/etc/apache2/conf.d/imh-modsec/01_base_rules.conf"] [line "31"] [id "96027"] [msg "Proxy access attempt"] [severity "CRITICAL"] [tag "PROTOCOL_VIOLATION/PROXY_ACCESS"] [hostname "www.woburnhotbreads.com"] [uri "/images/menu/2.jpg"] [unique_id "aZKtGhwmDxHxDTqxfJzDKgAAAEU"], referer: https://google.com
[Mon Feb 16 00:37:35.760554 2026] [security2:error] [pid 1835451:tid 1835551] [client 74.7.241.60:41644] ModSecurity: Access denied with code 429 (phase 2). Matched phrase "GPTBot" at REQUEST_HEADERS:user-agent. [file "/etc/apache2/conf.d/imh-modsec/19_bad_bots.conf"] [line "83"] [id "13076"] [msg "RATELIMITED GPTBOT"] [hostname "www.djennebeads.com"] [uri "/js/vendor/swiper/maps/uploads/uploads/js/vendor/imagesloaded/js/vendor/parallax/slick/countdown/images/banners/countdown/instafeed/images/images/jquery/instafeed/ez-plus/parallax/parallax/logo.png"] [unique_id "aZKtH14mDFLKLCGZERO04gAAAcg"], referer: https://www.djennebeads.com/js/vendor/swiper/maps/uploads/uploads/js/vendor/imagesloaded/js/vendor/parallax/slick/countdown/images/banners/countdown/instafeed/images/images/jquery/instafeed/ez-plus/parallax/parallax/product-detail.php?view=1 [2026-02-16 00:37:39 -0500] warn [suspendedpage] /etc/trueuserowners is not readable as nobody.
[Mon Feb 16 00:37:43.479410 2026] [security2:error] [pid 1835580:tid 1835594] [client 123.23.141.110:55917] ModSecurity: Access denied with code 406 (phase 2). Pattern match "^\\\\w+:/" at REQUEST_URI_RAW. [file "/etc/apache2/conf.d/imh-modsec/01_base_rules.conf"] [line "31"] [id "96027"] [msg "Proxy access attempt"] [severity "CRITICAL"] [tag "PROTOCOL_VIOLATION/PROXY_ACCESS"] [hostname "richardsoncleaningservicesllc.com"] [uri "/cleaning-service-in-west-ghen-virginia.php"] [unique_id "aZKtJxwmDxHxDTqxfJzDRQAAAEw"]
[Mon Feb 16 00:37:44.414854 2026] [security2:error] [pid 1835450:tid 1835529] [client 54.163.136.244:23051] ModSecurity: Access denied with code 429 (phase 2). Matched phrase "Amazonbot" at REQUEST_HEADERS:User-Agent. [file "/etc/apache2/conf.d/imh-modsec/19_bad_bots.conf"] [line "101"] [id "13080"] [msg "RATELIMITED AMAZONBOT"] [hostname "www.mirtouchtechnique.com"] [uri "/learn-mir-touch-technique.php"] [unique_id "aZKtKHT-6jz7FAMzyd8FZQAAAM0"]
[Mon Feb 16 00:37:50.570841 2026] [security2:error] [pid 1835449:tid 1835513] [client 52.5.232.250:19823] ModSecurity: Access denied with code 429 (phase 2). Matched phrase "Amazonbot" at REQUEST_HEADERS:User-Agent. [file "/etc/apache2/conf.d/imh-modsec/19_bad_bots.conf"] [line "101"] [id "13080"] [msg "RATELIMITED AMAZONBOT"] [hostname "www.westindigo.com"] [uri "/blogs/covid19-ppe-and-medical-equipment"] [unique_id "aZKtLm24nVairBXqMHhvQQAAAZg"]
[Mon Feb 16 00:37:54.985454 2026] [security2:error] [pid 1835580:tid 1835590] [client 74.7.241.53:56932] ModSecurity: Access denied with code 429 (phase 2). Matched phrase "GPTBot" at REQUEST_HEADERS:user-agent. [file "/etc/apache2/conf.d/imh-modsec/19_bad_bots.conf"] [line "83"] [id "13076"] [msg "RATELIMITED GPTBOT"] [hostname "spiceof-india.com"] [uri "/"] [unique_id "aZKtMhwmDxHxDTqxfJzDdgAAAEg"], referer: http://spiceof-india.com
[Mon Feb 16 00:37:58.663207 2026] [:error] [pid 1835446:tid 1835462] [client 20.238.87.60:15329] File does not exist: /home/prandiar/public_html/a4.php
[Mon Feb 16 00:37:58.813757 2026] [:error] [pid 1835446:tid 1835467] [client 20.238.87.60:15329] File does not exist: /home/prandiar/public_html/fff.php
[Mon Feb 16 00:37:58.964137 2026] [:error] [pid 1835446:tid 1835470] [client 20.238.87.60:15329] File does not exist: /home/prandiar/public_html/acfdr.php
[Mon Feb 16 00:37:59.118252 2026] [:error] [pid 1835446:tid 1835485] [client 20.238.87.60:15329] File does not exist: /home/prandiar/public_html/88.php
[Mon Feb 16 00:37:59.572365 2026] [:error] [pid 1835446:tid 1835477] [client 20.238.87.60:15329] File does not exist: /home/prandiar/public_html/lp6.php
[Mon Feb 16 00:37:59.722731 2026] [:error] [pid 1835446:tid 1835473] [client 20.238.87.60:15329] File does not exist: /home/prandiar/public_html/mjq.php
[Mon Feb 16 00:37:59.873793 2026] [:error] [pid 1835446:tid 1835464] [client 20.238.87.60:15329] File does not exist: /home/prandiar/public_html/wp-k3w6g9s4h2.php
[Mon Feb 16 00:38:00.030000 2026] [:error] [pid 1835446:tid 1835471] [client 20.238.87.60:15329] File does not exist: /home/prandiar/public_html/we.php
[Mon Feb 16 00:38:00.180336 2026] [:error] [pid 1835446:tid 1835486] [client 20.238.87.60:15329] File does not exist: /home/prandiar/public_html/bjfl.php
[Mon Feb 16 00:38:00.330997 2026] [:error] [pid 1835446:tid 1835465] [client 20.238.87.60:15329] File does not exist: /home/prandiar/public_html/init.php
[Mon Feb 16 00:38:00.481501 2026] [:error] [pid 1835446:tid 1835463] [client 20.238.87.60:15329] File does not exist: /home/prandiar/public_html/co.php
[Mon Feb 16 00:38:00.631766 2026] [:error] [pid 1835446:tid 1835474] [client 20.238.87.60:15329] File does not exist: /home/prandiar/public_html/themes.php
[Mon Feb 16 00:38:00.783976 2026] [:error] [pid 1835446:tid 1835478] [client 20.238.87.60:15329] File does not exist: /home/prandiar/public_html/xy.php
[Mon Feb 16 00:38:00.938313 2026] [:error] [pid 1835446:tid 1835479] [client 20.238.87.60:15329] File does not exist: /home/prandiar/public_html/yooldisk.php
[Mon Feb 16 00:38:01.089388 2026] [:error] [pid 1835446:tid 1835472] [client 20.238.87.60:15329] File does not exist: /home/prandiar/public_html/x7.php
[Mon Feb 16 00:38:01.239817 2026] [:error] [pid 1835446:tid 1835476] [client 20.238.87.60:15329] File does not exist: /home/prandiar/public_html/8.php
[Mon Feb 16 00:38:03.690899 2026] [security2:error] [pid 1835580:tid 1835595] [client 3.224.205.25:65328] ModSecurity: Access denied with code 429 (phase 2). Matched phrase "Amazonbot" at REQUEST_HEADERS:User-Agent. [file "/etc/apache2/conf.d/imh-modsec/19_bad_bots.conf"] [line "101"] [id "13080"] [msg "RATELIMITED AMAZONBOT"] [hostname "www.pharekappliance.com"] [uri "/robots.txt"] [unique_id "aZKtOxwmDxHxDTqxfJzDqwAAAE0"]
[Mon Feb 16 00:38:05.361427 2026] [security2:error] [pid 1835449:tid 1835495] [client 52.203.68.145:42933] ModSecurity: Access denied with code 429 (phase 2). Matched phrase "Amazonbot" at REQUEST_HEADERS:User-Agent. [file "/etc/apache2/conf.d/imh-modsec/19_bad_bots.conf"] [line "101"] [id "13080"] [msg "RATELIMITED AMAZONBOT"] [hostname "pharekappliance.com"] [uri "/appliance-repair-service-in-king-of-prussia-pennsylvania.php"] [unique_id "aZKtPW24nVairBXqMHhvoAAAAYY"]
[Mon Feb 16 00:38:09.371049 2026] [security2:error] [pid 1835580:tid 1835584] [client 52.204.174.139:19803] ModSecurity: Access denied with code 429 (phase 2). Matched phrase "Amazonbot" at REQUEST_HEADERS:User-Agent. [file "/etc/apache2/conf.d/imh-modsec/19_bad_bots.conf"] [line "101"] [id "13080"] [msg "RATELIMITED AMAZONBOT"] [hostname "www.pharekappliance.com"] [uri "/robots.txt"] [unique_id "aZKtQRwmDxHxDTqxfJzDwgAAAEI"]
[Mon Feb 16 00:38:09.380074 2026] [security2:error] [pid 1835580:tid 1835593] [client 54.90.244.132:45193] ModSecurity: Access denied with code 429 (phase 2). Matched phrase "Amazonbot" at REQUEST_HEADERS:User-Agent. [file "/etc/apache2/conf.d/imh-modsec/19_bad_bots.conf"] [line "101"] [id "13080"] [msg "RATELIMITED AMAZONBOT"] [hostname "www.pharekappliance.com"] [uri "/appliance-repair-service-in-newark-delaware.php"] [unique_id "aZKtQRwmDxHxDTqxfJzDwwAAAEs"]
[Mon Feb 16 00:38:15.162236 2026] [core:error] [pid 1835451:tid 1835554] [client 14.191.154.15:28520] AH00124: Request exceeded the limit of 10 internal redirects due to probable configuration error. Use 'LimitInternalRecursion' to increase the limit if necessary. Use 'LogLevel debug' to get a backtrace.
[Mon Feb 16 00:38:23.759554 2026] [security2:error] [pid 1835450:tid 1835533] [client 123.22.252.139:49189] ModSecurity: Access denied with code 406 (phase 2). Pattern match "^\\\\w+:/" at REQUEST_URI_RAW. [file "/etc/apache2/conf.d/imh-modsec/01_base_rules.conf"] [line "31"] [id "96027"] [msg "Proxy access attempt"] [severity "CRITICAL"] [tag "PROTOCOL_VIOLATION/PROXY_ACCESS"] [hostname "envisioncarpentryllc.net"] [uri "/custom-decks-and-railings-installation.php"] [unique_id "aZKtT3T-6jz7FAMzyd8FfwAAANE"]
[Mon Feb 16 00:38:24.165929 2026] [core:error] [pid 1835449:tid 1835492] [client 74.7.227.137:55522] AH00124: Request exceeded the limit of 10 internal redirects due to probable configuration error. Use 'LimitInternalRecursion' to increase the limit if necessary. Use 'LogLevel debug' to get a backtrace., referer: http://alservicesoftampabay.com/service/Concrete-Cleaning-Services
[Mon Feb 16 00:38:24.975172 2026] [security2:error] [pid 1835450:tid 1835519] [client 74.7.241.60:37356] ModSecurity: Access denied with code 429 (phase 2). Matched phrase "GPTBot" at REQUEST_HEADERS:user-agent. [file "/etc/apache2/conf.d/imh-modsec/19_bad_bots.conf"] [line "83"] [id "13076"] [msg "RATELIMITED GPTBOT"] [hostname "www.djennebeads.com"] [uri "/js/vendor/swiper/maps/uploads/uploads/js/vendor/imagesloaded/js/vendor/parallax/slick/countdown/images/banners/countdown/instafeed/images/images/jquery/instafeed/ez-plus/parallax/parallax/bootstrap-tabcollapse/bootstrap-tabcollapse.js"] [unique_id "aZKtUHT-6jz7FAMzyd8FgAAAAMM"], referer: https://www.djennebeads.com/js/vendor/swiper/maps/uploads/uploads/js/vendor/imagesloaded/js/vendor/parallax/slick/countdown/images/banners/countdown/instafeed/images/images/jquery/instafeed/ez-plus/parallax/parallax/product-detail.php?view=1
[Mon Feb 16 00:38:43.420016 2026] [security2:error] [pid 1835580:tid 1835599] [client 106.219.173.180:20018] ModSecurity: Access denied with code 406 (phase 2). Pattern match "^\\\\w+:/" at REQUEST_URI_RAW. [file "/etc/apache2/conf.d/imh-modsec/01_base_rules.conf"] [line "31"] [id "96027"] [msg "Proxy access attempt"] [severity "CRITICAL"] [tag "PROTOCOL_VIOLATION/PROXY_ACCESS"] [hostname "atlasplumbingcorp.com"] [uri "/"] [unique_id "aZKtYxwmDxHxDTqxfJzEqQAAAFE"]
[Mon Feb 16 00:38:43.605837 2026] [security2:error] [pid 1835450:tid 1835522] [client 3.212.86.97:20110] ModSecurity: Access denied with code 429 (phase 2). Matched phrase "Amazonbot" at REQUEST_HEADERS:User-Agent. [file "/etc/apache2/conf.d/imh-modsec/19_bad_bots.conf"] [line "101"] [id "13080"] [msg "RATELIMITED AMAZONBOT"] [hostname "bkmarblerestoration.com"] [uri "/"] [unique_id "aZKtY3T-6jz7FAMzyd8FlAAAAMY"]
[Mon Feb 16 00:39:18.669654 2026] [security2:error] [pid 1835451:tid 1835554] [client 74.7.241.60:32774] ModSecurity: Access denied with code 429 (phase 2). Matched phrase "GPTBot" at REQUEST_HEADERS:user-agent. [file "/etc/apache2/conf.d/imh-modsec/19_bad_bots.conf"] [line "83"] [id "13076"] [msg "RATELIMITED GPTBOT"] [hostname "www.djennebeads.com"] [uri "/js/vendor/swiper/maps/uploads/uploads/js/vendor/imagesloaded/js/vendor/parallax/slick/countdown/images/banners/countdown/instafeed/images/images/jquery/instafeed/ez-plus/bootstrap-tabcollapse/darktooltip/dist/jquery.darktooltip.js"] [unique_id "aZKthl4mDFLKLCGZERO1wQAAAcs"], referer: https://www.djennebeads.com/js/vendor/swiper/maps/uploads/uploads/js/vendor/imagesloaded/js/vendor/parallax/slick/countdown/images/banners/countdown/instafeed/images/images/jquery/instafeed/ez-plus/bootstrap-tabcollapse/product-detail.php?view=kirdi-beaded-cache-sexe-pikuran-cameroon-african-art
[Mon Feb 16 00:39:20.953059 2026] [security2:error] [pid 1835451:tid 1835561] [client 74.7.241.60:32774] ModSecurity: Access denied with code 429 (phase 2). Matched phrase "GPTBot" at REQUEST_HEADERS:user-agent. [file "/etc/apache2/conf.d/imh-modsec/19_bad_bots.conf"] [line "83"] [id "13076"] [msg "RATELIMITED GPTBOT"] [hostname "www.djennebeads.com"] [uri "/js/vendor/swiper/maps/uploads/uploads/js/vendor/imagesloaded/js/vendor/parallax/slick/countdown/images/banners/countdown/instafeed/images/images/jquery/instafeed/ez-plus/bootstrap-tabcollapse/payment-logo/icon-pay-3.png"] [unique_id "aZKtiF4mDFLKLCGZERO1zgAAAdI"], referer: https://www.djennebeads.com/js/vendor/swiper/maps/uploads/uploads/js/vendor/imagesloaded/js/vendor/parallax/slick/countdown/images/banners/countdown/instafeed/images/images/jquery/instafeed/ez-plus/bootstrap-tabcollapse/product-detail.php?view=kirdi-beaded-cache-sexe-pikuran-cameroon-african-art
[Mon Feb 16 00:39:24.077738 2026] [core:error] [pid 1835446:tid 1835467] [client 116.179.32.14:1410] AH00124: Request exceeded the limit of 10 internal redirects due to probable configuration error. Use 'LimitInternalRecursion' to increase the limit if necessary. Use 'LogLevel debug' to get a backtrace.
[Mon Feb 16 00:39:26.310079 2026] [security2:error] [pid 1835449:tid 1835500] [client 74.7.227.137:52512] ModSecurity: Access denied with code 429 (phase 2). Matched phrase "GPTBot" at REQUEST_HEADERS:user-agent. [file "/etc/apache2/conf.d/imh-modsec/19_bad_bots.conf"] [line "83"] [id "13076"] [msg "RATELIMITED GPTBOT"] [hostname "alservicesoftampabay.com"] [uri "/service/blogs"] [unique_id "aZKtjm24nVairBXqMHhxCwAAAYs"], referer: http://alservicesoftampabay.com/service/blogs.php
[Mon Feb 16 00:39:27.380091 2026] [security2:error] [pid 1835449:tid 1835496] [client 74.7.227.31:43318] ModSecurity: Access denied with code 429 (phase 2). Matched phrase "GPTBot" at REQUEST_HEADERS:user-agent. [file "/etc/apache2/conf.d/imh-modsec/19_bad_bots.conf"] [line "83"] [id "13076"] [msg "RATELIMITED GPTBOT"] [hostname "littleitalypizzany.com"] [uri "/client/index.php"] [unique_id "aZKtj224nVairBXqMHhxDgAAAYc"], referer: https://littleitalypizzany.com/
[Mon Feb 16 00:39:30.511872 2026] [core:error] [pid 1835446:tid 1835484] [client 202.46.62.14:47957] AH00124: Request exceeded the limit of 10 internal redirects due to probable configuration error. Use 'LimitInternalRecursion' to increase the limit if necessary. Use 'LogLevel debug' to get a backtrace.
[Mon Feb 16 00:39:37.635540 2026] [security2:error] [pid 1835580:tid 1835594] [client 54.156.55.147:1469] ModSecurity: Access denied with code 429 (phase 2). Matched phrase "Amazonbot" at REQUEST_HEADERS:User-Agent. [file "/etc/apache2/conf.d/imh-modsec/19_bad_bots.conf"] [line "101"] [id "13080"] [msg "RATELIMITED AMAZONBOT"] [hostname "www.vipprocleaners.com"] [uri "/"] [unique_id "aZKtmRwmDxHxDTqxfJzFqAAAAEw"]
[Mon Feb 16 00:39:38.986839 2026] [security2:error] [pid 1835451:tid 1835560] [client 113.164.66.53:34702] ModSecurity: Access denied with code 406 (phase 2). Pattern match "^\\\\w+:/" at REQUEST_URI_RAW. [file "/etc/apache2/conf.d/imh-modsec/01_base_rules.conf"] [line "31"] [id "96027"] [msg "Proxy access attempt"] [severity "CRITICAL"] [tag "PROTOCOL_VIOLATION/PROXY_ACCESS"] [hostname "www.aoneprint4.com"] [uri "/printing-digital-letter-head-gurgaon.php"] [unique_id "aZKtml4mDFLKLCGZERO13gAAAdE"]
[Mon Feb 16 00:40:17.390895 2026] [:error] [pid 1835446:tid 1835470] [client 195.178.110.109:1328] File does not exist: /home/smokeysfinecigar/public_html/phpinfo.php
[Mon Feb 16 00:40:18.363844 2026] [:error] [pid 1835446:tid 1835480] [client 195.178.110.109:1448] File does not exist: /home/smokeysfinecigar/public_html/_phpinfo.php
[Mon Feb 16 00:40:24.285045 2026] [:error] [pid 1835451:tid 1835549] [client 195.178.110.109:32958] File does not exist: /home/smokeysfinecigar/public_html/info.php
[Mon Feb 16 00:40:24.783698 2026] [:error] [pid 1835451:tid 1835563] [client 195.178.110.109:32958] File does not exist: /home/smokeysfinecigar/public_html/server_info.php
[Mon Feb 16 00:40:24.866378 2026] [:error] [pid 1835451:tid 1835553] [client 195.178.110.109:32958] File does not exist: /home/smokeysfinecigar/public_html/app_dev.php
[Mon Feb 16 00:40:24.949053 2026] [:error] [pid 1835451:tid 1835548] [client 195.178.110.109:32958] File does not exist: /home/smokeysfinecigar/public_html/test.php
[Mon Feb 16 00:40:25.116621 2026] [:error] [pid 1835451:tid 1835565] [client 195.178.110.109:32958] File does not exist: /home/smokeysfinecigar/public_html/server-info.php [2026-02-16 00:40:28 -0500] warn [suspendedpage] /etc/trueuserowners is not readable as nobody.
[Mon Feb 16 00:40:28.236557 2026] [core:error] [pid 1835449:tid 1835500] [client 74.7.227.137:50516] AH00124: Request exceeded the limit of 10 internal redirects due to probable configuration error. Use 'LimitInternalRecursion' to increase the limit if necessary. Use 'LogLevel debug' to get a backtrace., referer: http://alservicesoftampabay.com/service/EnduraChip
[Mon Feb 16 00:40:47.295135 2026] [:error] [pid 1835580:tid 1835605] [client 195.178.110.109:29822] File does not exist: /home/smokeysfinecigar/public_html/.env.php
[Mon Feb 16 00:40:47.656083 2026] [:error] [pid 1835580:tid 1835595] [client 195.178.110.109:29830] File does not exist: /home/smokeysfinecigar/public_html/config.php
[Mon Feb 16 00:40:47.742371 2026] [:error] [pid 1835580:tid 1835591] [client 195.178.110.109:29830] File does not exist: /home/smokeysfinecigar/public_html/configuration.php
[Mon Feb 16 00:40:47.826927 2026] [:error] [pid 1835580:tid 1835588] [client 195.178.110.109:29830] File does not exist: /home/smokeysfinecigar/public_html/settings.php
[Mon Feb 16 00:40:47.911114 2026] [:error] [pid 1835580:tid 1835597] [client 195.178.110.109:29830] File does not exist: /home/smokeysfinecigar/public_html/database.php
[Mon Feb 16 00:40:47.994573 2026] [:error] [pid 1835580:tid 1835604] [client 195.178.110.109:29830] File does not exist: /home/smokeysfinecigar/public_html/db.php
[Mon Feb 16 00:40:48.078078 2026] [:error] [pid 1835580:tid 1835589] [client 195.178.110.109:29830] File does not exist: /home/smokeysfinecigar/public_html/connect.php
[Mon Feb 16 00:40:48.166067 2026] [:error] [pid 1835580:tid 1835601] [client 195.178.110.109:29830] File does not exist: /home/smokeysfinecigar/public_html/connection.php
[Mon Feb 16 00:40:48.506638 2026] [:error] [pid 1835580:tid 1835585] [client 195.178.110.109:29830] File does not exist: /home/smokeysfinecigar/public_html/includes/config.php
[Mon Feb 16 00:40:48.757688 2026] [:error] [pid 1835580:tid 1835603] [client 195.178.110.109:29830] File does not exist: /home/smokeysfinecigar/public_html/config.inc.php
[Mon Feb 16 00:40:48.925043 2026] [:error] [pid 1835580:tid 1835599] [client 195.178.110.109:29830] File does not exist: /home/smokeysfinecigar/public_html/settings.inc.php
[Mon Feb 16 00:40:52.461592 2026] [:error] [pid 1835580:tid 1835605] [client 195.178.110.109:31370] File does not exist: /home/smokeysfinecigar/public_html/wp-config.php
[Mon Feb 16 00:40:53.593592 2026] [:error] [pid 1835580:tid 1835593] [client 195.178.110.109:31370] File does not exist: /home/smokeysfinecigar/public_html/wp-config-sample.php
[Mon Feb 16 00:40:58.770616 2026] [:error] [pid 1835450:tid 1835535] [client 195.178.110.109:31874] File does not exist: /home/smokeysfinecigar/public_html/payment_config.php
[Mon Feb 16 00:41:01.723530 2026] [authz_core:error] [pid 1835580:tid 1835590] [client 195.178.110.109:31888] AH01630: client denied by server configuration: /home/smokeysfinecigar/public_html/.htaccess
[Mon Feb 16 00:41:01.811861 2026] [authz_core:error] [pid 1835580:tid 1835597] [client 195.178.110.109:31888] AH01630: client denied by server configuration: /home/smokeysfinecigar/public_html/.htpasswd
[Mon Feb 16 00:41:01.974208 2026] [security2:error] [pid 1835580:tid 1835594] [client 195.178.110.109:31888] ModSecurity: Access denied with code 406 (phase 2). Pattern match "(?:\\\\b(?:\\\\.(?:ht(?:access|passwd|group)|www_?acl)|global\\\\.asa|httpd\\\\.conf|boot\\\\.ini)\\\\b|\\\\/etc\\\\/)" at REQUEST_FILENAME. [file "/etc/apache2/conf.d/imh-modsec/01_base_rules.conf"] [line "157"] [id "96004"] [msg "Remote File Access Attempt"] [data "httpd.conf"] [severity "CRITICAL"] [tag "WEB_ATTACK/FILE_INJECTION"] [hostname "smokeysfinecigars.com"] [uri "/httpd.conf"] [unique_id "aZKt7RwmDxHxDTqxfJzGoAAAAEw"]
[Mon Feb 16 00:41:02.133499 2026] [:error] [pid 1835580:tid 1835586] [client 195.178.110.109:31888] File does not exist: /home/smokeysfinecigar/public_html/debug.php
[Mon Feb 16 00:41:02.213132 2026] [authz_core:error] [pid 1835580:tid 1835602] [client 195.178.110.109:31888] AH01630: client denied by server configuration: /home/smokeysfinecigar/public_html/error_log
[Mon Feb 16 00:41:03.752869 2026] [autoindex:error] [pid 1835449:tid 1835507] [client 195.178.110.109:31894] AH01276: Cannot serve directory /home/smokeysfinecigar/public_html/.well-known/: No matching DirectoryIndex (index.php,index.php8,index.php7,index.php5,index.perl,index.pl,index.plx,index.ppl,index.cgi,index.jsp,index.jp,index.phtml,index.shtml,index.xhtml,index.html,index.htm,index.js,default.htm) found, and server-generated directory index forbidden by Options directive
[Mon Feb 16 00:41:04.006339 2026] [:error] [pid 1835449:tid 1835494] [client 195.178.110.109:31894] File does not exist: /home/smokeysfinecigar/public_html/admin.php
[Mon Feb 16 00:41:04.773471 2026] [:error] [pid 1835449:tid 1835512] [client 195.178.110.109:31894] File does not exist: /home/smokeysfinecigar/public_html/adminer.php
[Mon Feb 16 00:41:07.736227 2026] [:error] [pid 1835449:tid 1835507] [client 195.178.110.109:31894] File does not exist: /home/smokeysfinecigar/public_html/email.php
[Mon Feb 16 00:41:07.817210 2026] [:error] [pid 1835449:tid 1835500] [client 195.178.110.109:31894] File does not exist: /home/smokeysfinecigar/public_html/mail.php
[Mon Feb 16 00:41:07.910756 2026] [:error] [pid 1835449:tid 1835509] [client 195.178.110.109:31894] File does not exist: /home/smokeysfinecigar/public_html/sendmail.php
[Mon Feb 16 00:41:07.990393 2026] [:error] [pid 1835449:tid 1835494] [client 195.178.110.109:31894] File does not exist: /home/smokeysfinecigar/public_html/mailer.php
[Mon Feb 16 00:41:08.069791 2026] [:error] [pid 1835449:tid 1835496] [client 195.178.110.109:31894] File does not exist: /home/smokeysfinecigar/public_html/smtp.php
[Mon Feb 16 00:41:08.802227 2026] [:error] [pid 1835449:tid 1835497] [client 195.178.110.109:31894] File does not exist: /home/smokeysfinecigar/public_html/graphql.php
[Mon Feb 16 00:41:11.836758 2026] [:error] [pid 1835450:tid 1835539] [client 195.178.110.109:41084] File does not exist: /home/smokeysfinecigar/public_html/postmark_webhook.php
[Mon Feb 16 00:41:12.857244 2026] [:error] [pid 1835580:tid 1835606] [client 146.70.194.230:44306] File does not exist: /home/merrylin/public_html/xmlrpc.php
[Mon Feb 16 00:41:15.067870 2026] [:error] [pid 1835580:tid 1835586] [client 195.178.110.109:41090] File does not exist: /home/smokeysfinecigar/public_html/sendgrid_webhook.php
[Mon Feb 16 00:41:30.572452 2026] [security2:error] [pid 1835451:tid 1835561] [client 74.7.227.137:38538] ModSecurity: Access denied with code 429 (phase 2). Matched phrase "GPTBot" at REQUEST_HEADERS:user-agent. [file "/etc/apache2/conf.d/imh-modsec/19_bad_bots.conf"] [line "83"] [id "13076"] [msg "RATELIMITED GPTBOT"] [hostname "alservicesoftampabay.com"] [uri "/service/faqs"] [unique_id "aZKuCl4mDFLKLCGZERO2OQAAAdI"], referer: http://alservicesoftampabay.com/service/faqs.php
[Mon Feb 16 00:41:31.577662 2026] [:error] [pid 1835580:tid 1835593] [client 195.178.110.109:33640] File does not exist: /home/smokeysfinecigar/public_html/stripe_webhook.php PHP Warning: Undefined variable $page in /home/woodflo/public_html/includes/header.php on line 11 PHP Warning: Undefined variable $page in /home/woodflo/public_html/includes/header.php on line 12 PHP Warning: Undefined variable $page in /home/woodflo/public_html/includes/header.php on line 53 PHP Warning: Undefined variable $page in /home/woodflo/public_html/includes/header.php on line 54 PHP Warning: Undefined variable $page in /home/woodflo/public_html/includes/header.php on line 55 PHP Warning: Undefined variable $page in /home/woodflo/public_html/includes/header.php on line 56 PHP Fatal error: Uncaught Error: Undefined constant "php" in /home/woodflo/public_html/contact.php:270 Stack trace: #0 {main} thrown in /home/woodflo/public_html/contact.php on line 270 [2026-02-16 00:41:59 -0500] warn [suspendedpage] /etc/trueuserowners is not readable as nobody.
[Mon Feb 16 00:42:00.229903 2026] [security2:error] [pid 1835446:tid 1835467] [client 185.231.155.169:55242] ModSecurity: Warning. Pattern match "recaptcha" at ARGS_POST_NAMES:g-recaptcha-response. [file "/etc/apache2/conf.d/imh-modsec/40_wordpress.conf"] [line "15"] [id "13504"] [hostname "www.us1autoparts.co"] [uri "/contact-us.php"] [unique_id "aZKuKMLjczKNPbCdqNQrhQAAAQU"], referer: https://www.us1autoparts.co/contact-us.php
[Mon Feb 16 00:42:00.229928 2026] [security2:error] [pid 1835446:tid 1835467] [client 185.231.155.169:55242] ModSecurity: Warning. Pattern match "recaptcha" at ARGS_POST_NAMES:recaptcha-v3-token. [file "/etc/apache2/conf.d/imh-modsec/40_wordpress.conf"] [line "15"] [id "13504"] [hostname "www.us1autoparts.co"] [uri "/contact-us.php"] [unique_id "aZKuKMLjczKNPbCdqNQrhQAAAQU"], referer: https://www.us1autoparts.co/contact-us.php [2026-02-16 00:42:11 -0500] warn [suspendedpage] /etc/trueuserowners is not readable as nobody. [2026-02-16 00:42:12 -0500] warn [suspendedpage] /etc/trueuserowners is not readable as nobody.
[Mon Feb 16 00:42:14.856119 2026] [security2:error] [pid 1835446:tid 1835471] [client 74.7.242.36:50408] ModSecurity: Access denied with code 429 (phase 2). Matched phrase "GPTBot" at REQUEST_HEADERS:user-agent. [file "/etc/apache2/conf.d/imh-modsec/19_bad_bots.conf"] [line "83"] [id "13076"] [msg "RATELIMITED GPTBOT"] [hostname "blackcardfwtx.com"] [uri "/"] [unique_id "aZKuNsLjczKNPbCdqNQriwAAAQk"], referer: http://blackcardfwtx.com
[Mon Feb 16 00:42:31.572979 2026] [core:alert] [pid 1835451:tid 1835545] [client 103.228.201.155:39135] /home/super8/public_html/.htaccess: Unknown filter provider DEFLATE
[Mon Feb 16 00:42:32.311676 2026] [security2:error] [pid 1835450:tid 1835530] [client 52.204.71.8:14990] ModSecurity: Access denied with code 429 (phase 2). Matched phrase "Amazonbot" at REQUEST_HEADERS:User-Agent. [file "/etc/apache2/conf.d/imh-modsec/19_bad_bots.conf"] [line "101"] [id "13080"] [msg "RATELIMITED AMAZONBOT"] [hostname "smokeysfinecigars.com"] [uri "/special-offers.php"] [unique_id "aZKuSHT-6jz7FAMzyd8GoQAAAM4"]
[Mon Feb 16 00:42:36.043306 2026] [security2:error] [pid 1835450:tid 1835521] [client 74.7.227.137:50918] ModSecurity: Access denied with code 429 (phase 2). Matched phrase "GPTBot" at REQUEST_HEADERS:user-agent. [file "/etc/apache2/conf.d/imh-modsec/19_bad_bots.conf"] [line "83"] [id "13076"] [msg "RATELIMITED GPTBOT"] [hostname "alservicesoftampabay.com"] [uri "/service/about-us"] [unique_id "aZKuTHT-6jz7FAMzyd8GpAAAAMU"], referer: http://alservicesoftampabay.com/service/about-us.php
[Mon Feb 16 00:42:38.388455 2026] [core:alert] [pid 1835580:tid 1835604] [client 110.249.202.21:52004] /home/super8/public_html/.htaccess: Unknown filter provider DEFLATE
[Mon Feb 16 00:42:38.726224 2026] [:error] [pid 1835451:tid 1835548] [client 62.164.177.243:36288] File does not exist: /home/website/public_html/xmlrpc.php
[Mon Feb 16 00:42:39.310785 2026] [security2:error] [pid 1835580:tid 1835588] [client 74.7.241.60:37872] ModSecurity: Access denied with code 429 (phase 2). Matched phrase "GPTBot" at REQUEST_HEADERS:user-agent. [file "/etc/apache2/conf.d/imh-modsec/19_bad_bots.conf"] [line "83"] [id "13076"] [msg "RATELIMITED GPTBOT"] [hostname "www.djennebeads.com"] [uri "/js/vendor/swiper/maps/uploads/uploads/js/vendor/imagesloaded/js/vendor/parallax/slick/countdown/images/banners/countdown/instafeed/images/images/jquery/instafeed/ez-plus/bootstrap-tabcollapse/uploads/-1-41.jpg"] [unique_id "aZKuTxwmDxHxDTqxfJzHggAAAEY"], referer: https://www.djennebeads.com/js/vendor/swiper/maps/uploads/uploads/js/vendor/imagesloaded/js/vendor/parallax/slick/countdown/images/banners/countdown/instafeed/images/images/jquery/instafeed/ez-plus/bootstrap-tabcollapse/product-detail.php?view=kirdi-beaded-cache-sexe-pikuran-cameroon-african-art
[Mon Feb 16 00:42:41.304908 2026] [security2:error] [pid 1835580:tid 1835594] [client 74.7.241.60:37872] ModSecurity: Access denied with code 429 (phase 2). Matched phrase "GPTBot" at REQUEST_HEADERS:user-agent. [file "/etc/apache2/conf.d/imh-modsec/19_bad_bots.conf"] [line "83"] [id "13076"] [msg "RATELIMITED GPTBOT"] [hostname "www.djennebeads.com"] [uri "/js/vendor/swiper/maps/uploads/uploads/js/vendor/imagesloaded/js/vendor/parallax/slick/countdown/images/banners/countdown/instafeed/images/images/jquery/instafeed/ez-plus/bootstrap-tabcollapse/nouislider/nouislider.min.js"] [unique_id "aZKuURwmDxHxDTqxfJzHgwAAAEw"], referer: https://www.djennebeads.com/js/vendor/swiper/maps/uploads/uploads/js/vendor/imagesloaded/js/vendor/parallax/slick/countdown/images/banners/countdown/instafeed/images/images/jquery/instafeed/ez-plus/bootstrap-tabcollapse/product-detail.php?view=kirdi-beaded-cache-sexe-pikuran-cameroon-african-art
[Mon Feb 16 00:42:52.705058 2026] [security2:error] [pid 1835449:tid 1835495] [client 34.236.135.14:47068] ModSecurity: Access denied with code 429 (phase 2). Matched phrase "Amazonbot" at REQUEST_HEADERS:User-Agent. [file "/etc/apache2/conf.d/imh-modsec/19_bad_bots.conf"] [line "101"] [id "13080"] [msg "RATELIMITED AMAZONBOT"] [hostname "www.ibcacaskets.com"] [uri "/"] [unique_id "aZKuXG24nVairBXqMHhyXAAAAYY"]
[Mon Feb 16 00:42:55.521394 2026] [security2:error] [pid 1835449:tid 1835492] [client 98.83.177.42:31442] ModSecurity: Access denied with code 429 (phase 2). Matched phrase "Amazonbot" at REQUEST_HEADERS:User-Agent. [file "/etc/apache2/conf.d/imh-modsec/19_bad_bots.conf"] [line "101"] [id "13080"] [msg "RATELIMITED AMAZONBOT"] [hostname "www.ibcacaskets.com"] [uri "/robots.txt"] [unique_id "aZKuX224nVairBXqMHhyXwAAAYM"]
[Mon Feb 16 00:42:55.529429 2026] [security2:error] [pid 1835580:tid 1835594] [client 34.204.150.196:57211] ModSecurity: Access denied with code 429 (phase 2). Matched phrase "Amazonbot" at REQUEST_HEADERS:User-Agent. [file "/etc/apache2/conf.d/imh-modsec/19_bad_bots.conf"] [line "101"] [id "13080"] [msg "RATELIMITED AMAZONBOT"] [hostname "m.ibcacaskets.com"] [uri "/"] [unique_id "aZKuXxwmDxHxDTqxfJzHqgAAAEw"]
[Mon Feb 16 00:42:57.402943 2026] [autoindex:error] [pid 1835450:tid 1835525] [client 34.192.244.187:7277] AH01276: Cannot serve directory /home/kritansh/public_html/: No matching DirectoryIndex (index.php,index.php8,index.php7,index.php5,index.perl,index.pl,index.plx,index.ppl,index.cgi,index.jsp,index.jp,index.phtml,index.shtml,index.xhtml,index.html,index.htm,index.js,default.htm) found, and server-generated directory index forbidden by Options directive
[Mon Feb 16 00:42:59.072539 2026] [security2:error] [pid 1835451:tid 1835562] [client 39.34.129.78:44008] ModSecurity: Access denied with code 406 (phase 2). Pattern match "^\\\\w+:/" at REQUEST_URI_RAW. [file "/etc/apache2/conf.d/imh-modsec/01_base_rules.conf"] [line "31"] [id "96027"] [msg "Proxy access attempt"] [severity "CRITICAL"] [tag "PROTOCOL_VIOLATION/PROXY_ACCESS"] [hostname "theawningcleaners.com"] [uri "/images/banner-bg.jpg"] [unique_id "aZKuY14mDFLKLCGZERO21gAAAdM"], referer: https://google.com
[Mon Feb 16 00:43:01.319814 2026] [security2:error] [pid 1835450:tid 1835527] [client 195.2.78.191:51412] ModSecurity: Warning. Pattern match "recaptcha" at ARGS_POST_NAMES:g-recaptcha-response. [file "/etc/apache2/conf.d/imh-modsec/40_wordpress.conf"] [line "15"] [id "13504"] [hostname "upscalemovinggroup.com"] [uri "/"] [unique_id "aZKuZXT-6jz7FAMzyd8GyQAAAMs"], referer: http://upscalemovinggroup.com/
[Mon Feb 16 00:43:01.319838 2026] [security2:error] [pid 1835450:tid 1835527] [client 195.2.78.191:51412] ModSecurity: Warning. Pattern match "recaptcha" at ARGS_POST_NAMES:recaptcha-v3-token. [file "/etc/apache2/conf.d/imh-modsec/40_wordpress.conf"] [line "15"] [id "13504"] [hostname "upscalemovinggroup.com"] [uri "/"] [unique_id "aZKuZXT-6jz7FAMzyd8GyQAAAMs"], referer: http://upscalemovinggroup.com/
[Mon Feb 16 00:43:24.739971 2026] [security2:error] [pid 1835580:tid 1835598] [client 74.7.241.61:34794] ModSecurity: Access denied with code 429 (phase 2). Matched phrase "GPTBot" at REQUEST_HEADERS:user-agent. [file "/etc/apache2/conf.d/imh-modsec/19_bad_bots.conf"] [line "83"] [id "13076"] [msg "RATELIMITED GPTBOT"] [hostname "www.villageinnelora.com"] [uri "/"] [unique_id "aZKufBwmDxHxDTqxfJzH2wAAAFA"], referer: http://www.villageinnelora.com
[Mon Feb 16 00:43:27.887639 2026] [security2:error] [pid 1835580:tid 1835587] [client 74.7.241.61:34794] ModSecurity: Access denied with code 429 (phase 2). Matched phrase "GPTBot" at REQUEST_HEADERS:user-agent. [file "/etc/apache2/conf.d/imh-modsec/19_bad_bots.conf"] [line "83"] [id "13076"] [msg "RATELIMITED GPTBOT"] [hostname "www.villageinnelora.com"] [uri "/"] [unique_id "aZKufxwmDxHxDTqxfJzH3wAAAEU"], referer: http://www.villageinnelora.com
[Mon Feb 16 00:43:37.311954 2026] [security2:error] [pid 1835450:tid 1835516] [client 74.7.227.137:52032] ModSecurity: Access denied with code 429 (phase 2). Matched phrase "GPTBot" at REQUEST_HEADERS:user-agent. [file "/etc/apache2/conf.d/imh-modsec/19_bad_bots.conf"] [line "83"] [id "13076"] [msg "RATELIMITED GPTBOT"] [hostname "alservicesoftampabay.com"] [uri "/service/reviews"] [unique_id "aZKuiXT-6jz7FAMzyd8G5wAAAMA"], referer: http://alservicesoftampabay.com/service/reviews.php
[Mon Feb 16 00:43:37.407939 2026] [security2:error] [pid 1835450:tid 1835536] [client 74.7.241.61:60126] ModSecurity: Access denied with code 429 (phase 2). Matched phrase "GPTBot" at REQUEST_HEADERS:user-agent. [file "/etc/apache2/conf.d/imh-modsec/19_bad_bots.conf"] [line "83"] [id "13076"] [msg "RATELIMITED GPTBOT"] [hostname "www.villageinnelora.com"] [uri "/"] [unique_id "aZKuiXT-6jz7FAMzyd8G6AAAANQ"], referer: http://www.villageinnelora.com
[Mon Feb 16 00:43:37.968354 2026] [security2:error] [pid 1835449:tid 1835496] [client 5.56.78.113:59716] ModSecurity: Access denied with code 406 (phase 2). Pattern match "^\\\\w+:/" at REQUEST_URI_RAW. [file "/etc/apache2/conf.d/imh-modsec/01_base_rules.conf"] [line "31"] [id "96027"] [msg "Proxy access attempt"] [severity "CRITICAL"] [tag "PROTOCOL_VIOLATION/PROXY_ACCESS"] [hostname "www.jpmehandiartdelhincr.com"] [uri "/services.php"] [unique_id "aZKuiW24nVairBXqMHhyiQAAAYc"]
[Mon Feb 16 00:43:38.637069 2026] [security2:error] [pid 1835446:tid 1835468] [client 95.142.47.113:58355] ModSecurity: Warning. Pattern match "recaptcha" at ARGS_POST_NAMES:g-recaptcha-response. [file "/etc/apache2/conf.d/imh-modsec/40_wordpress.conf"] [line "15"] [id "13504"] [hostname "sumieyelash.com"] [uri "/contact-us.php"] [unique_id "aZKuisLjczKNPbCdqNQrvwAAAQY"], referer: https://sumieyelash.com/contact-us.php
[Mon Feb 16 00:43:38.637091 2026] [security2:error] [pid 1835446:tid 1835468] [client 95.142.47.113:58355] ModSecurity: Warning. Pattern match "recaptcha" at ARGS_POST_NAMES:recaptcha-v3-token. [file "/etc/apache2/conf.d/imh-modsec/40_wordpress.conf"] [line "15"] [id "13504"] [hostname "sumieyelash.com"] [uri "/contact-us.php"] [unique_id "aZKuisLjczKNPbCdqNQrvwAAAQY"], referer: https://sumieyelash.com/contact-us.php
[Mon Feb 16 00:43:40.337176 2026] [security2:error] [pid 1835449:tid 1835491] [client 216.73.216.173:33027] ModSecurity: Access denied with code 429 (phase 2). Matched phrase "ClaudeBot" at REQUEST_HEADERS:user-agent. [file "/etc/apache2/conf.d/imh-modsec/19_bad_bots.conf"] [line "92"] [id "13078"] [msg "RATELIMITED CLAUDEBOT"] [hostname "envisioncarpentryllc.net"] [uri "/maintenance-amp-home-services"] [unique_id "aZKujG24nVairBXqMHhyiwAAAYI"]
[Mon Feb 16 00:43:49.606696 2026] [security2:error] [pid 1835451:tid 1835548] [client 52.45.194.165:58226] ModSecurity: Access denied with code 429 (phase 2). Matched phrase "Amazonbot" at REQUEST_HEADERS:User-Agent. [file "/etc/apache2/conf.d/imh-modsec/19_bad_bots.conf"] [line "101"] [id "13080"] [msg "RATELIMITED AMAZONBOT"] [hostname "www.bobthepaver.com"] [uri "/kitchen-remodeling-in-sylmar-ca.php"] [unique_id "aZKulV4mDFLKLCGZERO25wAAAcU"]
[Mon Feb 16 00:44:02.572661 2026] [security2:error] [pid 1835449:tid 1835513] [client 74.7.242.44:53622] ModSecurity: Access denied with code 429 (phase 2). Matched phrase "GPTBot" at REQUEST_HEADERS:user-agent. [file "/etc/apache2/conf.d/imh-modsec/19_bad_bots.conf"] [line "83"] [id "13076"] [msg "RATELIMITED GPTBOT"] [hostname "www.haandi.com"] [uri "/"] [unique_id "aZKuom24nVairBXqMHhynAAAAZg"], referer: http://www.haandi.com
[Mon Feb 16 00:44:19.548423 2026] [autoindex:error] [pid 1835580:tid 1835601] [client 64.225.5.198:54538] AH01276: Cannot serve directory /home/prostain/public_html/.well-known/: No matching DirectoryIndex (index.php,index.php8,index.php7,index.php5,index.perl,index.pl,index.plx,index.ppl,index.cgi,index.jsp,index.jp,index.phtml,index.shtml,index.xhtml,index.html,index.htm,index.js,default.htm) found, and server-generated directory index forbidden by Options directive, referer: binance.com [2026-02-16 00:44:30 -0500] warn [suspendedpage] /etc/trueuserowners is not readable as nobody.
[Mon Feb 16 00:44:37.719528 2026] [security2:error] [pid 1835446:tid 1835469] [client 216.73.216.145:28718] ModSecurity: Access denied with code 429 (phase 2). Matched phrase "ClaudeBot" at REQUEST_HEADERS:User-Agent. [file "/etc/apache2/conf.d/imh-modsec/19_bad_bots.conf"] [line "92"] [id "13078"] [msg "RATELIMITED CLAUDEBOT"] [hostname "tasteofnepalllc.com"] [uri "/taste.php"] [unique_id "aZKuxcLjczKNPbCdqNQr2AAAAQc"]
[Mon Feb 16 00:44:41.284768 2026] [core:error] [pid 1835580:tid 1835599] [client 74.7.227.137:48368] AH00124: Request exceeded the limit of 10 internal redirects due to probable configuration error. Use 'LimitInternalRecursion' to increase the limit if necessary. Use 'LogLevel debug' to get a backtrace., referer: http://alservicesoftampabay.com/service/EnduraCrete%C2%AE-Concrete-Staining
[Mon Feb 16 00:45:16.727226 2026] [security2:error] [pid 1835451:tid 1835548] [client 23.21.228.180:46063] ModSecurity: Access denied with code 429 (phase 2). Matched phrase "Amazonbot" at REQUEST_HEADERS:User-Agent. [file "/etc/apache2/conf.d/imh-modsec/19_bad_bots.conf"] [line "101"] [id "13080"] [msg "RATELIMITED AMAZONBOT"] [hostname "www.johnideallawnandlandscapesllc.com"] [uri "/shrub-pruning-in-sun-city-center-fl.php"] [unique_id "aZKu7F4mDFLKLCGZERO3VQAAAcU"]
[Mon Feb 16 00:45:21.808095 2026] [security2:error] [pid 1835446:tid 1835478] [client 54.164.106.236:17053] ModSecurity: Access denied with code 429 (phase 2). Matched phrase "Amazonbot" at REQUEST_HEADERS:User-Agent. [file "/etc/apache2/conf.d/imh-modsec/19_bad_bots.conf"] [line "101"] [id "13080"] [msg "RATELIMITED AMAZONBOT"] [hostname "courtesytransportation1.com"] [uri "/robots.txt"] [unique_id "aZKu8cLjczKNPbCdqNQsCgAAARA"]
[Mon Feb 16 00:45:23.768945 2026] [security2:error] [pid 1835446:tid 1835471] [client 3.210.29.96:5882] ModSecurity: Access denied with code 429 (phase 2). Matched phrase "Amazonbot" at REQUEST_HEADERS:User-Agent. [file "/etc/apache2/conf.d/imh-modsec/19_bad_bots.conf"] [line "101"] [id "13080"] [msg "RATELIMITED AMAZONBOT"] [hostname "courtesytransportation1.com"] [uri "/gallery.php"] [unique_id "aZKu88LjczKNPbCdqNQsCwAAAQk"]
[Mon Feb 16 00:45:36.263226 2026] [security2:error] [pid 1835580:tid 1835583] [client 172.190.142.176:41115] ModSecurity: Access denied with code 406 (phase 2). Pattern match "\\\\/\\\\.[a-zA-Z0-9].+\\\\.php" at REQUEST_URI. [file "/etc/apache2/conf.d/imh-modsec/20_known_hacks.conf"] [line "94"] [id "14203"] [rev "1"] [msg "Blocking access to hidden php files"] [severity "ERROR"] [hostname "masterppaintingidaho.com"] [uri "/.well-known/acme-challenge/admin.php"] [unique_id "aZKvABwmDxHxDTqxfJzJBwAAAEE"]
[Mon Feb 16 00:45:36.278932 2026] [:error] [pid 1835580:tid 1835586] [client 172.190.142.176:11926] File does not exist: /home/paintins/public_html/user.php
[Mon Feb 16 00:45:36.314508 2026] [:error] [pid 1835580:tid 1835593] [client 172.190.142.176:11926] File does not exist: /home/paintins/public_html/simple.php
[Mon Feb 16 00:45:36.320441 2026] [:error] [pid 1835580:tid 1835602] [client 172.190.142.176:11926] File does not exist: /home/paintins/public_html/alfa-rex.php7
[Mon Feb 16 00:45:36.330908 2026] [:error] [pid 1835580:tid 1835591] [client 172.190.142.176:11926] File does not exist: /home/paintins/public_html/images/all2.php
[Mon Feb 16 00:45:36.336962 2026] [:error] [pid 1835580:tid 1835606] [client 172.190.142.176:11926] File does not exist: /home/paintins/public_html/k.php
[Mon Feb 16 00:45:36.368044 2026] [:error] [pid 1835580:tid 1835582] [client 172.190.142.176:11926] File does not exist: /home/paintins/public_html/uplozyu.php
[Mon Feb 16 00:45:36.374168 2026] [:error] [pid 1835580:tid 1835594] [client 172.190.142.176:11926] File does not exist: /home/paintins/public_html/wp-login.php
[Mon Feb 16 00:45:36.380172 2026] [:error] [pid 1835580:tid 1835598] [client 172.190.142.176:11926] File does not exist: /home/paintins/public_html/click.php
[Mon Feb 16 00:45:36.386080 2026] [:error] [pid 1835580:tid 1835600] [client 172.190.142.176:11926] File does not exist: /home/paintins/public_html/radio.php
[Mon Feb 16 00:45:36.395892 2026] [:error] [pid 1835580:tid 1835592] [client 172.190.142.176:11926] File does not exist: /home/paintins/public_html/buy.php
[Mon Feb 16 00:45:36.408194 2026] [:error] [pid 1835580:tid 1835595] [client 172.190.142.176:11926] File does not exist: /home/paintins/public_html/randkeyword.PhP7
[Mon Feb 16 00:45:36.438539 2026] [security2:error] [pid 1835580:tid 1835589] [client 172.190.142.176:41115] ModSecurity: Access denied with code 406 (phase 2). Pattern match "\\\\/\\\\.[a-zA-Z0-9].+\\\\.php" at REQUEST_URI. [file "/etc/apache2/conf.d/imh-modsec/20_known_hacks.conf"] [line "94"] [id "14203"] [rev "1"] [msg "Blocking access to hidden php files"] [severity "ERROR"] [hostname "masterppaintingidaho.com"] [uri "/.well-known/index.php"] [unique_id "aZKvABwmDxHxDTqxfJzJOQAAAEc"]
[Mon Feb 16 00:45:36.463010 2026] [:error] [pid 1835580:tid 1835598] [client 172.190.142.176:11926] File does not exist: /home/paintins/public_html/chosen.php
[Mon Feb 16 00:45:36.470350 2026] [:error] [pid 1835580:tid 1835600] [client 172.190.142.176:11926] File does not exist: /home/paintins/public_html/oxvrws.php
[Mon Feb 16 00:45:36.476192 2026] [:error] [pid 1835580:tid 1835592] [client 172.190.142.176:11926] File does not exist: /home/paintins/public_html/user.php
[Mon Feb 16 00:45:36.482182 2026] [:error] [pid 1835580:tid 1835601] [client 172.190.142.176:11926] File does not exist: /home/paintins/public_html/404.php
[Mon Feb 16 00:45:36.486492 2026] [security2:error] [pid 1835580:tid 1835595] [client 74.7.241.60:35970] ModSecurity: Access denied with code 429 (phase 2). Matched phrase "GPTBot" at REQUEST_HEADERS:user-agent. [file "/etc/apache2/conf.d/imh-modsec/19_bad_bots.conf"] [line "83"] [id "13076"] [msg "RATELIMITED GPTBOT"] [hostname "www.djennebeads.com"] [uri "/js/vendor/swiper/maps/uploads/uploads/js/vendor/imagesloaded/js/vendor/parallax/slick/countdown/images/banners/countdown/instafeed/images/images/jquery/instafeed/ez-plus/parallax/uploads/payment-logo/icon-pay-2.png"] [unique_id "aZKvABwmDxHxDTqxfJzJSQAAAE0"], referer: https://www.djennebeads.com/js/vendor/swiper/maps/uploads/uploads/js/vendor/imagesloaded/js/vendor/parallax/slick/countdown/images/banners/countdown/instafeed/images/images/jquery/instafeed/ez-plus/parallax/uploads/-1-41.jpg
[Mon Feb 16 00:45:36.488388 2026] [:error] [pid 1835580:tid 1835591] [client 172.190.142.176:11926] File does not exist: /home/paintins/public_html/uploat.php
[Mon Feb 16 00:45:36.500084 2026] [:error] [pid 1835580:tid 1835596] [client 172.190.142.176:11926] File does not exist: /home/paintins/public_html/x.php
[Mon Feb 16 00:45:36.524290 2026] [:error] [pid 1835580:tid 1835586] [client 172.190.142.176:11926] File does not exist: /home/paintins/public_html/images/indes.php
[Mon Feb 16 00:45:36.530254 2026] [:error] [pid 1835580:tid 1835603] [client 172.190.142.176:11926] File does not exist: /home/paintins/public_html/cache.php
[Mon Feb 16 00:45:36.552952 2026] [:error] [pid 1835580:tid 1835601] [client 172.190.142.176:11926] File does not exist: /home/paintins/public_html/doc.php
[Mon Feb 16 00:45:36.582656 2026] [security2:error] [pid 1835580:tid 1835596] [client 172.190.142.176:41115] ModSecurity: Access denied with code 406 (phase 2). Pattern match "\\\\/\\\\.[a-zA-Z0-9].+\\\\.php" at REQUEST_URI. [file "/etc/apache2/conf.d/imh-modsec/20_known_hacks.conf"] [line "94"] [id "14203"] [rev "1"] [msg "Blocking access to hidden php files"] [severity "ERROR"] [hostname "masterppaintingidaho.com"] [uri "/.well-known/autoconfig/atomlib.php"] [unique_id "aZKvABwmDxHxDTqxfJzJZgAAAE4"]
[Mon Feb 16 00:45:36.587917 2026] [:error] [pid 1835580:tid 1835583] [client 172.190.142.176:11926] File does not exist: /home/paintins/public_html/config.php
