[Sun Feb 15 23:57:58.166677 2026] [security2:error] [pid 1815747:tid 1815816] [client 185.177.72.51:63822] ModSecurity: Access denied with code 406 (phase 2). Match of "rx ^apache.*perl" against "REQUEST_HEADERS:User-Agent" required. [file "/etc/apache2/conf.d/imh-modsec/01_base_rules.conf"] [line "259"] [id "96032"] [msg "Request Indicates an automated program explored the site"] [severity "NOTICE"] [hostname "www.touchofclassdrycleaners.co.uk"] [uri "/webhook/api/media"] [unique_id "aZKj1qRWgi4sbmuEOE0wLAAAAc0"]
[Sun Feb 15 23:57:58.331446 2026] [security2:error] [pid 1815747:tid 1815806] [client 185.177.72.51:63824] ModSecurity: Access denied with code 406 (phase 2). Match of "rx ^apache.*perl" against "REQUEST_HEADERS:User-Agent" required. [file "/etc/apache2/conf.d/imh-modsec/01_base_rules.conf"] [line "259"] [id "96032"] [msg "Request Indicates an automated program explored the site"] [severity "NOTICE"] [hostname "www.touchofclassdrycleaners.co.uk"] [uri "/webhook/api/image"] [unique_id "aZKj1qRWgi4sbmuEOE0wLQAAAcM"]
[Sun Feb 15 23:57:58.501801 2026] [security2:error] [pid 1815686:tid 1815739] [client 185.177.72.51:63826] ModSecurity: Access denied with code 406 (phase 2). Match of "rx ^apache.*perl" against "REQUEST_HEADERS:User-Agent" required. [file "/etc/apache2/conf.d/imh-modsec/01_base_rules.conf"] [line "259"] [id "96032"] [msg "Request Indicates an automated program explored the site"] [severity "NOTICE"] [hostname "www.touchofclassdrycleaners.co.uk"] [uri "/webhook/api/images"] [unique_id "aZKj1jUl8aDrLaakfvHRlgAAAZU"]
[Sun Feb 15 23:57:58.665863 2026] [security2:error] [pid 1815686:tid 1815722] [client 185.177.72.51:63834] ModSecurity: Access denied with code 406 (phase 2). Match of "rx ^apache.*perl" against "REQUEST_HEADERS:User-Agent" required. [file "/etc/apache2/conf.d/imh-modsec/01_base_rules.conf"] [line "259"] [id "96032"] [msg "Request Indicates an automated program explored the site"] [severity "NOTICE"] [hostname "www.touchofclassdrycleaners.co.uk"] [uri "/webhook/api/avatar"] [unique_id "aZKj1jUl8aDrLaakfvHRlwAAAYQ"]
[Sun Feb 15 23:57:58.830106 2026] [security2:error] [pid 1815745:tid 1815763] [client 185.177.72.51:63840] ModSecurity: Access denied with code 406 (phase 2). Match of "rx ^apache.*perl" against "REQUEST_HEADERS:User-Agent" required. [file "/etc/apache2/conf.d/imh-modsec/01_base_rules.conf"] [line "259"] [id "96032"] [msg "Request Indicates an automated program explored the site"] [severity "NOTICE"] [hostname "www.touchofclassdrycleaners.co.uk"] [uri "/webhook/api/attachment"] [unique_id "aZKj1vl-vR2491izRWE9xQAAAA4"]
[Sun Feb 15 23:57:58.992765 2026] [security2:error] [pid 1815685:tid 1815694] [client 185.177.72.51:63844] ModSecurity: Access denied with code 406 (phase 2). Match of "rx ^apache.*perl" against "REQUEST_HEADERS:User-Agent" required. [file "/etc/apache2/conf.d/imh-modsec/01_base_rules.conf"] [line "259"] [id "96032"] [msg "Request Indicates an automated program explored the site"] [severity "NOTICE"] [hostname "www.touchofclassdrycleaners.co.uk"] [uri "/webhook/api/attachments"] [unique_id "aZKj1rI_4CWoP-jgNQbBKAAAAQM"]
[Sun Feb 15 23:57:59.149691 2026] [security2:error] [pid 1815686:tid 1815728] [client 185.177.72.51:63852] ModSecurity: Access denied with code 406 (phase 2). Match of "rx ^apache.*perl" against "REQUEST_HEADERS:User-Agent" required. [file "/etc/apache2/conf.d/imh-modsec/01_base_rules.conf"] [line "259"] [id "96032"] [msg "Request Indicates an automated program explored the site"] [severity "NOTICE"] [hostname "www.touchofclassdrycleaners.co.uk"] [uri "/webhook/api/import"] [unique_id "aZKj1zUl8aDrLaakfvHRmAAAAYo"]
[Sun Feb 15 23:57:59.312897 2026] [security2:error] [pid 1815686:tid 1815724] [client 185.177.72.51:63862] ModSecurity: Access denied with code 406 (phase 2). Match of "rx ^apache.*perl" against "REQUEST_HEADERS:User-Agent" required. [file "/etc/apache2/conf.d/imh-modsec/01_base_rules.conf"] [line "259"] [id "96032"] [msg "Request Indicates an automated program explored the site"] [severity "NOTICE"] [hostname "www.touchofclassdrycleaners.co.uk"] [uri "/webhook/api/submit"] [unique_id "aZKj1zUl8aDrLaakfvHRmQAAAYY"]
[Sun Feb 15 23:57:59.477519 2026] [security2:error] [pid 1815685:tid 1815713] [client 185.177.72.51:63878] ModSecurity: Access denied with code 406 (phase 2). Match of "rx ^apache.*perl" against "REQUEST_HEADERS:User-Agent" required. [file "/etc/apache2/conf.d/imh-modsec/01_base_rules.conf"] [line "259"] [id "96032"] [msg "Request Indicates an automated program explored the site"] [severity "NOTICE"] [hostname "www.touchofclassdrycleaners.co.uk"] [uri "/webhook/api/content"] [unique_id "aZKj17I_4CWoP-jgNQbBKQAAARY"]
[Sun Feb 15 23:57:59.640428 2026] [security2:error] [pid 1815747:tid 1815817] [client 185.177.72.51:63882] ModSecurity: Access denied with code 406 (phase 2). Match of "rx ^apache.*perl" against "REQUEST_HEADERS:User-Agent" required. [file "/etc/apache2/conf.d/imh-modsec/01_base_rules.conf"] [line "259"] [id "96032"] [msg "Request Indicates an automated program explored the site"] [severity "NOTICE"] [hostname "www.touchofclassdrycleaners.co.uk"] [uri "/webhook/api/asset"] [unique_id "aZKj16RWgi4sbmuEOE0wLgAAAc4"]
[Sun Feb 15 23:57:59.809006 2026] [security2:error] [pid 1815747:tid 1815819] [client 185.177.72.51:63898] ModSecurity: Access denied with code 406 (phase 2). Match of "rx ^apache.*perl" against "REQUEST_HEADERS:User-Agent" required. [file "/etc/apache2/conf.d/imh-modsec/01_base_rules.conf"] [line "259"] [id "96032"] [msg "Request Indicates an automated program explored the site"] [severity "NOTICE"] [hostname "www.touchofclassdrycleaners.co.uk"] [uri "/webhook/api/assets"] [unique_id "aZKj16RWgi4sbmuEOE0wLwAAAdA"]
[Sun Feb 15 23:57:59.973181 2026] [security2:error] [pid 1815686:tid 1815726] [client 185.177.72.51:63910] ModSecurity: Access denied with code 406 (phase 2). Match of "rx ^apache.*perl" against "REQUEST_HEADERS:User-Agent" required. [file "/etc/apache2/conf.d/imh-modsec/01_base_rules.conf"] [line "259"] [id "96032"] [msg "Request Indicates an automated program explored the site"] [severity "NOTICE"] [hostname "www.touchofclassdrycleaners.co.uk"] [uri "/webhook/api/storage"] [unique_id "aZKj1zUl8aDrLaakfvHRmgAAAYg"]
[Sun Feb 15 23:58:00.130015 2026] [security2:error] [pid 1815747:tid 1815813] [client 185.177.72.51:37614] ModSecurity: Access denied with code 406 (phase 2). Match of "rx ^apache.*perl" against "REQUEST_HEADERS:User-Agent" required. [file "/etc/apache2/conf.d/imh-modsec/01_base_rules.conf"] [line "259"] [id "96032"] [msg "Request Indicates an automated program explored the site"] [severity "NOTICE"] [hostname "www.touchofclassdrycleaners.co.uk"] [uri "/webhook/api/blob"] [unique_id "aZKj2KRWgi4sbmuEOE0wMAAAAco"]
[Sun Feb 15 23:58:00.286702 2026] [security2:error] [pid 1815746:tid 1815794] [client 185.177.72.51:37628] ModSecurity: Access denied with code 406 (phase 2). Match of "rx ^apache.*perl" against "REQUEST_HEADERS:User-Agent" required. [file "/etc/apache2/conf.d/imh-modsec/01_base_rules.conf"] [line "259"] [id "96032"] [msg "Request Indicates an automated program explored the site"] [severity "NOTICE"] [hostname "www.touchofclassdrycleaners.co.uk"] [uri "/webhook/v1/upload"] [unique_id "aZKj2EIPF3Cy05jnJ8_idAAAANI"]
[Sun Feb 15 23:58:00.450470 2026] [security2:error] [pid 1815745:tid 1815754] [client 185.177.72.51:37636] ModSecurity: Access denied with code 406 (phase 2). Match of "rx ^apache.*perl" against "REQUEST_HEADERS:User-Agent" required. [file "/etc/apache2/conf.d/imh-modsec/01_base_rules.conf"] [line "259"] [id "96032"] [msg "Request Indicates an automated program explored the site"] [severity "NOTICE"] [hostname "www.touchofclassdrycleaners.co.uk"] [uri "/webhook/v1/files"] [unique_id "aZKj2Pl-vR2491izRWE9yAAAAAU"]
[Sun Feb 15 23:58:00.614422 2026] [security2:error] [pid 1815686:tid 1815727] [client 185.177.72.51:37644] ModSecurity: Access denied with code 406 (phase 2). Match of "rx ^apache.*perl" against "REQUEST_HEADERS:User-Agent" required. [file "/etc/apache2/conf.d/imh-modsec/01_base_rules.conf"] [line "259"] [id "96032"] [msg "Request Indicates an automated program explored the site"] [severity "NOTICE"] [hostname "www.touchofclassdrycleaners.co.uk"] [uri "/webhook/v1/documents"] [unique_id "aZKj2DUl8aDrLaakfvHRnAAAAYk"]
[Sun Feb 15 23:58:00.772021 2026] [security2:error] [pid 1815686:tid 1815725] [client 185.177.72.51:37652] ModSecurity: Access denied with code 406 (phase 2). Match of "rx ^apache.*perl" against "REQUEST_HEADERS:User-Agent" required. [file "/etc/apache2/conf.d/imh-modsec/01_base_rules.conf"] [line "259"] [id "96032"] [msg "Request Indicates an automated program explored the site"] [severity "NOTICE"] [hostname "www.touchofclassdrycleaners.co.uk"] [uri "/webhook/v1/media"] [unique_id "aZKj2DUl8aDrLaakfvHRnQAAAYc"]
[Sun Feb 15 23:58:00.929897 2026] [security2:error] [pid 1815686:tid 1815731] [client 185.177.72.51:37654] ModSecurity: Access denied with code 406 (phase 2). Match of "rx ^apache.*perl" against "REQUEST_HEADERS:User-Agent" required. [file "/etc/apache2/conf.d/imh-modsec/01_base_rules.conf"] [line "259"] [id "96032"] [msg "Request Indicates an automated program explored the site"] [severity "NOTICE"] [hostname "www.touchofclassdrycleaners.co.uk"] [uri "/webhook/v1/import"] [unique_id "aZKj2DUl8aDrLaakfvHRngAAAY0"]
[Sun Feb 15 23:58:01.088260 2026] [security2:error] [pid 1815685:tid 1815697] [client 185.177.72.51:37662] ModSecurity: Access denied with code 406 (phase 2). Match of "rx ^apache.*perl" against "REQUEST_HEADERS:User-Agent" required. [file "/etc/apache2/conf.d/imh-modsec/01_base_rules.conf"] [line "259"] [id "96032"] [msg "Request Indicates an automated program explored the site"] [severity "NOTICE"] [hostname "www.touchofclassdrycleaners.co.uk"] [uri "/webhook/v2/upload"] [unique_id "aZKj2bI_4CWoP-jgNQbBKwAAAQY"]
[Sun Feb 15 23:58:01.245129 2026] [security2:error] [pid 1815747:tid 1815827] [client 185.177.72.51:37672] ModSecurity: Access denied with code 406 (phase 2). Match of "rx ^apache.*perl" against "REQUEST_HEADERS:User-Agent" required. [file "/etc/apache2/conf.d/imh-modsec/01_base_rules.conf"] [line "259"] [id "96032"] [msg "Request Indicates an automated program explored the site"] [severity "NOTICE"] [hostname "www.touchofclassdrycleaners.co.uk"] [uri "/webhook/v2/files"] [unique_id "aZKj2aRWgi4sbmuEOE0wMwAAAdg"]
[Sun Feb 15 23:58:01.401957 2026] [security2:error] [pid 1815745:tid 1815769] [client 185.177.72.51:37688] ModSecurity: Access denied with code 406 (phase 2). Match of "rx ^apache.*perl" against "REQUEST_HEADERS:User-Agent" required. [file "/etc/apache2/conf.d/imh-modsec/01_base_rules.conf"] [line "259"] [id "96032"] [msg "Request Indicates an automated program explored the site"] [severity "NOTICE"] [hostname "www.touchofclassdrycleaners.co.uk"] [uri "/webhook/admin/upload"] [unique_id "aZKj2fl-vR2491izRWE9yQAAABQ"]
[Sun Feb 15 23:58:01.560227 2026] [security2:error] [pid 1815685:tid 1815696] [client 185.177.72.51:37692] ModSecurity: Access denied with code 406 (phase 2). Match of "rx ^apache.*perl" against "REQUEST_HEADERS:User-Agent" required. [file "/etc/apache2/conf.d/imh-modsec/01_base_rules.conf"] [line "259"] [id "96032"] [msg "Request Indicates an automated program explored the site"] [severity "NOTICE"] [hostname "www.touchofclassdrycleaners.co.uk"] [uri "/webhook/admin/files"] [unique_id "aZKj2bI_4CWoP-jgNQbBLAAAAQU"]
[Sun Feb 15 23:58:01.722861 2026] [security2:error] [pid 1815747:tid 1815824] [client 185.177.72.51:37702] ModSecurity: Access denied with code 406 (phase 2). Match of "rx ^apache.*perl" against "REQUEST_HEADERS:User-Agent" required. [file "/etc/apache2/conf.d/imh-modsec/01_base_rules.conf"] [line "259"] [id "96032"] [msg "Request Indicates an automated program explored the site"] [severity "NOTICE"] [hostname "www.touchofclassdrycleaners.co.uk"] [uri "/webhook/admin/import"] [unique_id "aZKj2aRWgi4sbmuEOE0wNAAAAdU"]
[Sun Feb 15 23:58:01.886220 2026] [security2:error] [pid 1815747:tid 1815812] [client 185.177.72.51:37708] ModSecurity: Access denied with code 406 (phase 2). Match of "rx ^apache.*perl" against "REQUEST_HEADERS:User-Agent" required. [file "/etc/apache2/conf.d/imh-modsec/01_base_rules.conf"] [line "259"] [id "96032"] [msg "Request Indicates an automated program explored the site"] [severity "NOTICE"] [hostname "www.touchofclassdrycleaners.co.uk"] [uri "/webhook/user/avatar"] [unique_id "aZKj2aRWgi4sbmuEOE0wNQAAAck"]
[Sun Feb 15 23:58:02.042958 2026] [security2:error] [pid 1815685:tid 1815695] [client 185.177.72.51:37716] ModSecurity: Access denied with code 406 (phase 2). Match of "rx ^apache.*perl" against "REQUEST_HEADERS:User-Agent" required. [file "/etc/apache2/conf.d/imh-modsec/01_base_rules.conf"] [line "259"] [id "96032"] [msg "Request Indicates an automated program explored the site"] [severity "NOTICE"] [hostname "www.touchofclassdrycleaners.co.uk"] [uri "/webhook/user/upload"] [unique_id "aZKj2rI_4CWoP-jgNQbBLQAAAQQ"]
[Sun Feb 15 23:58:02.201235 2026] [security2:error] [pid 1815747:tid 1815818] [client 185.177.72.51:37720] ModSecurity: Access denied with code 406 (phase 2). Match of "rx ^apache.*perl" against "REQUEST_HEADERS:User-Agent" required. [file "/etc/apache2/conf.d/imh-modsec/01_base_rules.conf"] [line "259"] [id "96032"] [msg "Request Indicates an automated program explored the site"] [severity "NOTICE"] [hostname "www.touchofclassdrycleaners.co.uk"] [uri "/webhook/profile/avatar"] [unique_id "aZKj2qRWgi4sbmuEOE0wNwAAAc8"]
[Sun Feb 15 23:58:02.358828 2026] [security2:error] [pid 1815746:tid 1815789] [client 185.177.72.51:37724] ModSecurity: Access denied with code 406 (phase 2). Match of "rx ^apache.*perl" against "REQUEST_HEADERS:User-Agent" required. [file "/etc/apache2/conf.d/imh-modsec/01_base_rules.conf"] [line "259"] [id "96032"] [msg "Request Indicates an automated program explored the site"] [severity "NOTICE"] [hostname "www.touchofclassdrycleaners.co.uk"] [uri "/webhook/profile/photo"] [unique_id "aZKj2kIPF3Cy05jnJ8_idgAAAM0"]
[Sun Feb 15 23:58:02.523530 2026] [security2:error] [pid 1815746:tid 1815800] [client 185.177.72.51:37730] ModSecurity: Access denied with code 406 (phase 2). Match of "rx ^apache.*perl" against "REQUEST_HEADERS:User-Agent" required. [file "/etc/apache2/conf.d/imh-modsec/01_base_rules.conf"] [line "259"] [id "96032"] [msg "Request Indicates an automated program explored the site"] [severity "NOTICE"] [hostname "www.touchofclassdrycleaners.co.uk"] [uri "/webhook/account/avatar"] [unique_id "aZKj2kIPF3Cy05jnJ8_idwAAANg"]
[Sun Feb 15 23:58:02.692216 2026] [security2:error] [pid 1815747:tid 1815822] [client 185.177.72.51:37732] ModSecurity: Access denied with code 406 (phase 2). Match of "rx ^apache.*perl" against "REQUEST_HEADERS:User-Agent" required. [file "/etc/apache2/conf.d/imh-modsec/01_base_rules.conf"] [line "259"] [id "96032"] [msg "Request Indicates an automated program explored the site"] [severity "NOTICE"] [hostname "www.touchofclassdrycleaners.co.uk"] [uri "/webhook/internal/upload"] [unique_id "aZKj2qRWgi4sbmuEOE0wOQAAAdM"]
[Sun Feb 15 23:58:02.854755 2026] [security2:error] [pid 1815746:tid 1815786] [client 185.177.72.51:37748] ModSecurity: Access denied with code 406 (phase 2). Match of "rx ^apache.*perl" against "REQUEST_HEADERS:User-Agent" required. [file "/etc/apache2/conf.d/imh-modsec/01_base_rules.conf"] [line "259"] [id "96032"] [msg "Request Indicates an automated program explored the site"] [severity "NOTICE"] [hostname "www.touchofclassdrycleaners.co.uk"] [uri "/webhook/internal/import"] [unique_id "aZKj2kIPF3Cy05jnJ8_ieAAAAMo"]
[Sun Feb 15 23:58:03.011331 2026] [security2:error] [pid 1815685:tid 1815699] [client 185.177.72.51:37756] ModSecurity: Access denied with code 406 (phase 2). Match of "rx ^apache.*perl" against "REQUEST_HEADERS:User-Agent" required. [file "/etc/apache2/conf.d/imh-modsec/01_base_rules.conf"] [line "259"] [id "96032"] [msg "Request Indicates an automated program explored the site"] [severity "NOTICE"] [hostname "www.touchofclassdrycleaners.co.uk"] [uri "/webhook/public/upload"] [unique_id "aZKj27I_4CWoP-jgNQbBMAAAAQg"]
[Sun Feb 15 23:58:03.033452 2026] [ssl:error] [pid 1815685:tid 1815711] [client 13.219.121.241:15102] AH02032: Hostname a1roofingcontracting.com (default host as no SNI was provided) and hostname webmail.micasitafood.com provided via HTTP have no compatible SSL setup for policy 'secure'
[Sun Feb 15 23:58:03.175536 2026] [security2:error] [pid 1815747:tid 1815806] [client 185.177.72.51:37772] ModSecurity: Access denied with code 406 (phase 2). Match of "rx ^apache.*perl" against "REQUEST_HEADERS:User-Agent" required. [file "/etc/apache2/conf.d/imh-modsec/01_base_rules.conf"] [line "259"] [id "96032"] [msg "Request Indicates an automated program explored the site"] [severity "NOTICE"] [hostname "www.touchofclassdrycleaners.co.uk"] [uri "/webhook/shared/upload"] [unique_id "aZKj26RWgi4sbmuEOE0wOwAAAcM"]
[Sun Feb 15 23:58:03.344276 2026] [security2:error] [pid 1815686:tid 1815732] [client 185.177.72.51:37786] ModSecurity: Access denied with code 406 (phase 2). Match of "rx ^apache.*perl" against "REQUEST_HEADERS:User-Agent" required. [file "/etc/apache2/conf.d/imh-modsec/01_base_rules.conf"] [line "259"] [id "96032"] [msg "Request Indicates an automated program explored the site"] [severity "NOTICE"] [hostname "www.touchofclassdrycleaners.co.uk"] [uri "/webhook/dropzone"] [unique_id "aZKj2zUl8aDrLaakfvHRoQAAAY4"]
[Sun Feb 15 23:58:03.514294 2026] [security2:error] [pid 1815745:tid 1815751] [client 185.177.72.51:37790] ModSecurity: Access denied with code 406 (phase 2). Match of "rx ^apache.*perl" against "REQUEST_HEADERS:User-Agent" required. [file "/etc/apache2/conf.d/imh-modsec/01_base_rules.conf"] [line "259"] [id "96032"] [msg "Request Indicates an automated program explored the site"] [severity "NOTICE"] [hostname "www.touchofclassdrycleaners.co.uk"] [uri "/webhook/fileupload"] [unique_id "aZKj2_l-vR2491izRWE9ywAAAAI"]
[Sun Feb 15 23:58:03.677403 2026] [security2:error] [pid 1815685:tid 1815707] [client 185.177.72.51:37792] ModSecurity: Access denied with code 406 (phase 2). Match of "rx ^apache.*perl" against "REQUEST_HEADERS:User-Agent" required. [file "/etc/apache2/conf.d/imh-modsec/01_base_rules.conf"] [line "259"] [id "96032"] [msg "Request Indicates an automated program explored the site"] [severity "NOTICE"] [hostname "www.touchofclassdrycleaners.co.uk"] [uri "/webhook/uploadfile"] [unique_id "aZKj27I_4CWoP-jgNQbBMwAAARA"]
[Sun Feb 15 23:58:03.842684 2026] [security2:error] [pid 1815747:tid 1815819] [client 185.177.72.51:37796] ModSecurity: Access denied with code 406 (phase 2). Match of "rx ^apache.*perl" against "REQUEST_HEADERS:User-Agent" required. [file "/etc/apache2/conf.d/imh-modsec/01_base_rules.conf"] [line "259"] [id "96032"] [msg "Request Indicates an automated program explored the site"] [severity "NOTICE"] [hostname "www.touchofclassdrycleaners.co.uk"] [uri "/webhook/file-upload"] [unique_id "aZKj26RWgi4sbmuEOE0wPgAAAdA"]
[Sun Feb 15 23:58:04.013042 2026] [security2:error] [pid 1815747:tid 1815813] [client 185.177.72.51:37806] ModSecurity: Access denied with code 406 (phase 2). Match of "rx ^apache.*perl" against "REQUEST_HEADERS:User-Agent" required. [file "/etc/apache2/conf.d/imh-modsec/01_base_rules.conf"] [line "259"] [id "96032"] [msg "Request Indicates an automated program explored the site"] [severity "NOTICE"] [hostname "www.touchofclassdrycleaners.co.uk"] [uri "/webhook/bulk"] [unique_id "aZKj3KRWgi4sbmuEOE0wPwAAAco"]
[Sun Feb 15 23:58:04.177169 2026] [security2:error] [pid 1815747:tid 1815820] [client 185.177.72.51:37820] ModSecurity: Access denied with code 406 (phase 2). Match of "rx ^apache.*perl" against "REQUEST_HEADERS:User-Agent" required. [file "/etc/apache2/conf.d/imh-modsec/01_base_rules.conf"] [line "259"] [id "96032"] [msg "Request Indicates an automated program explored the site"] [severity "NOTICE"] [hostname "www.touchofclassdrycleaners.co.uk"] [uri "/webhook/batch"] [unique_id "aZKj3KRWgi4sbmuEOE0wQQAAAdE"]
[Sun Feb 15 23:58:04.341269 2026] [security2:error] [pid 1815746:tid 1815785] [client 185.177.72.51:37822] ModSecurity: Access denied with code 406 (phase 2). Match of "rx ^apache.*perl" against "REQUEST_HEADERS:User-Agent" required. [file "/etc/apache2/conf.d/imh-modsec/01_base_rules.conf"] [line "259"] [id "96032"] [msg "Request Indicates an automated program explored the site"] [severity "NOTICE"] [hostname "www.touchofclassdrycleaners.co.uk"] [uri "/webhook/multipart"] [unique_id "aZKj3EIPF3Cy05jnJ8_iegAAAMk"]
[Sun Feb 15 23:58:04.505534 2026] [security2:error] [pid 1815747:tid 1815808] [client 185.177.72.51:37826] ModSecurity: Access denied with code 406 (phase 2). Match of "rx ^apache.*perl" against "REQUEST_HEADERS:User-Agent" required. [file "/etc/apache2/conf.d/imh-modsec/01_base_rules.conf"] [line "259"] [id "96032"] [msg "Request Indicates an automated program explored the site"] [severity "NOTICE"] [hostname "www.touchofclassdrycleaners.co.uk"] [uri "/webhook-test/upload"] [unique_id "aZKj3KRWgi4sbmuEOE0wQgAAAcU"]
[Sun Feb 15 23:58:04.663409 2026] [security2:error] [pid 1815747:tid 1815805] [client 185.177.72.51:37834] ModSecurity: Access denied with code 406 (phase 2). Match of "rx ^apache.*perl" against "REQUEST_HEADERS:User-Agent" required. [file "/etc/apache2/conf.d/imh-modsec/01_base_rules.conf"] [line "259"] [id "96032"] [msg "Request Indicates an automated program explored the site"] [severity "NOTICE"] [hostname "www.touchofclassdrycleaners.co.uk"] [uri "/webhook-test/files"] [unique_id "aZKj3KRWgi4sbmuEOE0wQwAAAcI"]
[Sun Feb 15 23:58:04.821580 2026] [security2:error] [pid 1815747:tid 1815812] [client 185.177.72.51:37842] ModSecurity: Access denied with code 406 (phase 2). Match of "rx ^apache.*perl" against "REQUEST_HEADERS:User-Agent" required. [file "/etc/apache2/conf.d/imh-modsec/01_base_rules.conf"] [line "259"] [id "96032"] [msg "Request Indicates an automated program explored the site"] [severity "NOTICE"] [hostname "www.touchofclassdrycleaners.co.uk"] [uri "/webhook-test/import"] [unique_id "aZKj3KRWgi4sbmuEOE0wRAAAAck"]
[Sun Feb 15 23:58:11.208627 2026] [security2:error] [pid 1815746:tid 1815791] [client 52.169.217.234:1758] ModSecurity: Access denied with code 406 (phase 2). Pattern match "\\\\/\\\\.[a-zA-Z0-9].+\\\\.php" at REQUEST_URI. [file "/etc/apache2/conf.d/imh-modsec/20_known_hacks.conf"] [line "94"] [id "14203"] [rev "1"] [msg "Blocking access to hidden php files"] [severity "ERROR"] [hostname "pupetails.net"] [uri "/.trash7206/index.php"] [unique_id "aZKj40IPF3Cy05jnJ8_ifQAAAM8"]
[Sun Feb 15 23:58:17.842599 2026] [security2:error] [pid 1815745:tid 1815763] [client 54.210.155.69:43520] ModSecurity: Access denied with code 429 (phase 2). Matched phrase "Amazonbot" at REQUEST_HEADERS:User-Agent. [file "/etc/apache2/conf.d/imh-modsec/19_bad_bots.conf"] [line "101"] [id "13080"] [msg "RATELIMITED AMAZONBOT"] [hostname "zspeedauto.com"] [uri "/service-details.php"] [unique_id "aZKj6fl-vR2491izRWE90gAAAA4"]
[Sun Feb 15 23:58:30.392461 2026] [security2:error] [pid 1815685:tid 1815715] [client 74.7.241.60:43634] ModSecurity: Access denied with code 429 (phase 2). Matched phrase "GPTBot" at REQUEST_HEADERS:user-agent. [file "/etc/apache2/conf.d/imh-modsec/19_bad_bots.conf"] [line "83"] [id "13076"] [msg "RATELIMITED GPTBOT"] [hostname "www.djennebeads.com"] [uri "/js/vendor/swiper/maps/uploads/js/vendor/imagesloaded/js/vendor/isotope/nouislider/images/darktooltip/dist/darktooltip/dist/darktooltip/dist/product-detail.php"] [unique_id "aZKj9rI_4CWoP-jgNQbBTwAAARg"], referer: https://www.djennebeads.com/js/vendor/swiper/maps/uploads/js/vendor/imagesloaded/js/vendor/isotope/nouislider/images/darktooltip/dist/darktooltip/dist/darktooltip/dist/jquery.darktooltip.js
[Sun Feb 15 23:58:32.499417 2026] [security2:error] [pid 1815685:tid 1815697] [client 74.7.241.60:43634] ModSecurity: Access denied with code 429 (phase 2). Matched phrase "GPTBot" at REQUEST_HEADERS:user-agent. [file "/etc/apache2/conf.d/imh-modsec/19_bad_bots.conf"] [line "83"] [id "13076"] [msg "RATELIMITED GPTBOT"] [hostname "www.djennebeads.com"] [uri "/js/vendor/swiper/maps/uploads/images/js/vendor/scrollLock/product-detail.php"] [unique_id "aZKj-LI_4CWoP-jgNQbBUAAAAQY"], referer: https://www.djennebeads.com/js/vendor/swiper/maps/uploads/images/js/vendor/scrollLock/jquery-scrollLock.min.js
[Sun Feb 15 23:58:45.358955 2026] [security2:error] [pid 1815747:tid 1815822] [client 74.7.227.58:52934] ModSecurity: Access denied with code 429 (phase 2). Matched phrase "GPTBot" at REQUEST_HEADERS:user-agent. [file "/etc/apache2/conf.d/imh-modsec/19_bad_bots.conf"] [line "83"] [id "13076"] [msg "RATELIMITED GPTBOT"] [hostname "arborvisiontreeexperts.com"] [uri "/"] [unique_id "aZKkBaRWgi4sbmuEOE0wbQAAAdM"], referer: http://arborvisiontreeexperts.com
[Sun Feb 15 23:58:50.291236 2026] [security2:error] [pid 1815746:tid 1815779] [client 74.7.243.231:59758] ModSecurity: Access denied with code 429 (phase 2). Matched phrase "GPTBot" at REQUEST_HEADERS:user-agent. [file "/etc/apache2/conf.d/imh-modsec/19_bad_bots.conf"] [line "83"] [id "13076"] [msg "RATELIMITED GPTBOT"] [hostname "delacruzmexicangrille.com"] [uri "/"] [unique_id "aZKkCkIPF3Cy05jnJ8_inQAAAMM"], referer: http://delacruzmexicangrille.com
[Sun Feb 15 23:58:57.093602 2026] [security2:error] [pid 1815685:tid 1815708] [client 74.7.227.162:38352] ModSecurity: Access denied with code 429 (phase 2). Matched phrase "GPTBot" at REQUEST_HEADERS:user-agent. [file "/etc/apache2/conf.d/imh-modsec/19_bad_bots.conf"] [line "83"] [id "13076"] [msg "RATELIMITED GPTBOT"] [hostname "goldstarconstruction.net"] [uri "/"] [unique_id "aZKkEbI_4CWoP-jgNQbBWwAAARE"], referer: http://goldstarconstruction.net
[Sun Feb 15 23:58:57.952412 2026] [:error] [pid 1815747:tid 1815817] [client 113.168.7.98:33949] File does not exist: /home/tavafryashburn/public_html/projects.php PHP Warning: Undefined variable $page in /home/jfroofing/public_html/includes/header.php on line 56 PHP Warning: Undefined variable $page in /home/jfroofing/public_html/includes/header.php on line 57 PHP Warning: Undefined variable $page in /home/jfroofing/public_html/includes/header.php on line 59 PHP Warning: Undefined variable $page in /home/jfroofing/public_html/includes/header.php on line 61 PHP Warning: Undefined variable $page in /home/jfroofing/public_html/includes/header.php on line 63 PHP Warning: Undefined variable $page in /home/jfroofing/public_html/includes/header.php on line 65 PHP Warning: Undefined variable $page in /home/jfroofing/public_html/includes/header.php on line 67 PHP Warning: Undefined variable $page in /home/jfroofing/public_html/includes/header.php on line 69 PHP Warning: Undefined variable $page in /home/jfroofing/public_html/includes/header.php on line 56 PHP Warning: Undefined variable $page in /home/jfroofing/public_html/includes/header.php on line 57 PHP Warning: Undefined variable $page in /home/jfroofing/public_html/includes/header.php on line 59 PHP Warning: Undefined variable $page in /home/jfroofing/public_html/includes/header.php on line 61 PHP Warning: Undefined variable $page in /home/jfroofing/public_html/includes/header.php on line 63 PHP Warning: Undefined variable $page in /home/jfroofing/public_html/includes/header.php on line 65 PHP Warning: Undefined variable $page in /home/jfroofing/public_html/includes/header.php on line 67 PHP Warning: Undefined variable $page in /home/jfroofing/public_html/includes/header.php on line 69
[Sun Feb 15 23:59:05.214759 2026] [autoindex:error] [pid 1815745:tid 1815756] [client 195.178.110.132:48128] AH01276: Cannot serve directory /home/shorthil/public_html/m/: No matching DirectoryIndex (index.php,index.php8,index.php7,index.php5,index.perl,index.pl,index.plx,index.ppl,index.cgi,index.jsp,index.jp,index.phtml,index.shtml,index.xhtml,index.html,index.htm,index.js,default.htm) found, and server-generated directory index forbidden by Options directive
[Sun Feb 15 23:59:26.724707 2026] [:error] [pid 1815747:tid 1815814] [client 52.169.217.234:7350] File does not exist: /home/perfects/public_html/a4.php
[Sun Feb 15 23:59:26.800781 2026] [:error] [pid 1815747:tid 1815821] [client 52.169.217.234:7350] File does not exist: /home/perfects/public_html/fff.php
[Sun Feb 15 23:59:26.877035 2026] [:error] [pid 1815747:tid 1815806] [client 52.169.217.234:7350] File does not exist: /home/perfects/public_html/acfdr.php
[Sun Feb 15 23:59:26.908516 2026] [security2:error] [pid 1815686:tid 1815726] [client 192.141.113.37:33022] ModSecurity: Access denied with code 406 (phase 2). Pattern match "^\\\\w+:/" at REQUEST_URI_RAW. [file "/etc/apache2/conf.d/imh-modsec/01_base_rules.conf"] [line "31"] [id "96027"] [msg "Proxy access attempt"] [severity "CRITICAL"] [tag "PROTOCOL_VIOLATION/PROXY_ACCESS"] [hostname "paulsremodelingservice.com"] [uri "/home-remodeling-ovilla-tx.php"] [unique_id "aZKkLjUl8aDrLaakfvHSAwAAAYg"]
[Sun Feb 15 23:59:26.953192 2026] [:error] [pid 1815747:tid 1815825] [client 52.169.217.234:7350] File does not exist: /home/perfects/public_html/88.php
[Sun Feb 15 23:59:27.180408 2026] [:error] [pid 1815747:tid 1815815] [client 52.169.217.234:7350] File does not exist: /home/perfects/public_html/lp6.php
[Sun Feb 15 23:59:27.257123 2026] [:error] [pid 1815747:tid 1815819] [client 52.169.217.234:7350] File does not exist: /home/perfects/public_html/mjq.php
[Sun Feb 15 23:59:27.333151 2026] [:error] [pid 1815747:tid 1815803] [client 52.169.217.234:7350] File does not exist: /home/perfects/public_html/wp-k3w6g9s4h2.php
[Sun Feb 15 23:59:27.408875 2026] [:error] [pid 1815747:tid 1815813] [client 52.169.217.234:7350] File does not exist: /home/perfects/public_html/we.php
[Sun Feb 15 23:59:27.484568 2026] [:error] [pid 1815747:tid 1815804] [client 52.169.217.234:7350] File does not exist: /home/perfects/public_html/bjfl.php
[Sun Feb 15 23:59:27.561197 2026] [:error] [pid 1815747:tid 1815820] [client 52.169.217.234:7350] File does not exist: /home/perfects/public_html/init.php
[Sun Feb 15 23:59:27.637060 2026] [:error] [pid 1815747:tid 1815823] [client 52.169.217.234:7350] File does not exist: /home/perfects/public_html/co.php
[Sun Feb 15 23:59:27.712723 2026] [:error] [pid 1815747:tid 1815824] [client 52.169.217.234:7350] File does not exist: /home/perfects/public_html/themes.php
[Sun Feb 15 23:59:27.790190 2026] [:error] [pid 1815747:tid 1815805] [client 52.169.217.234:7350] File does not exist: /home/perfects/public_html/xy.php
[Sun Feb 15 23:59:27.866015 2026] [:error] [pid 1815747:tid 1815826] [client 52.169.217.234:7350] File does not exist: /home/perfects/public_html/yooldisk.php
[Sun Feb 15 23:59:27.941734 2026] [:error] [pid 1815747:tid 1815807] [client 52.169.217.234:7350] File does not exist: /home/perfects/public_html/x7.php
[Sun Feb 15 23:59:28.017603 2026] [:error] [pid 1815747:tid 1815818] [client 52.169.217.234:7350] File does not exist: /home/perfects/public_html/8.php
[Sun Feb 15 23:59:36.815712 2026] [security2:error] [pid 1815745:tid 1815758] [client 46.33.35.56:41694] ModSecurity: Access denied with code 406 (phase 2). Pattern match "^\\\\w+:/" at REQUEST_URI_RAW. [file "/etc/apache2/conf.d/imh-modsec/01_base_rules.conf"] [line "31"] [id "96027"] [msg "Proxy access attempt"] [severity "CRITICAL"] [tag "PROTOCOL_VIOLATION/PROXY_ACCESS"] [hostname "paulsremodelingservice.com"] [uri "/home-remodeling-ovilla-tx.php"] [unique_id "aZKkOPl-vR2491izRWE99AAAAAk"]
[Sun Feb 15 23:59:47.673708 2026] [security2:error] [pid 1815747:tid 1815821] [client 74.7.227.137:50014] ModSecurity: Access denied with code 429 (phase 2). Matched phrase "GPTBot" at REQUEST_HEADERS:user-agent. [file "/etc/apache2/conf.d/imh-modsec/19_bad_bots.conf"] [line "83"] [id "13076"] [msg "RATELIMITED GPTBOT"] [hostname "alservicesoftampabay.com"] [uri "/gallery"] [unique_id "aZKkQ6RWgi4sbmuEOE0wsAAAAdI"], referer: http://alservicesoftampabay.com/gallery.php
[Sun Feb 15 23:59:59.542288 2026] [rewrite:error] [pid 1815686:tid 1815734] [client 14.231.226.253:33493] AH10508: Unsafe URL with %3f URL rewritten without UnsafeAllow3F
[Mon Feb 16 00:00:08.827579 2026] [security2:error] [pid 1815686:tid 1815725] [client 138.117.223.199:25319] ModSecurity: Access denied with code 406 (phase 2). Pattern match "^\\\\w+:/" at REQUEST_URI_RAW. [file "/etc/apache2/conf.d/imh-modsec/01_base_rules.conf"] [line "31"] [id "96027"] [msg "Proxy access attempt"] [severity "CRITICAL"] [tag "PROTOCOL_VIOLATION/PROXY_ACCESS"] [hostname "www.anmolbeautysalonny.com"] [uri "/"] [unique_id "aZKkWDUl8aDrLaakfvHSHAAAAYc"]
[Mon Feb 16 00:00:19.443154 2026] [security2:error] [pid 1815686:tid 1815719] [client 114.79.21.50:41157] ModSecurity: Access denied with code 406 (phase 2). Pattern match "^\\\\w+:/" at REQUEST_URI_RAW. [file "/etc/apache2/conf.d/imh-modsec/01_base_rules.conf"] [line "31"] [id "96027"] [msg "Proxy access attempt"] [severity "CRITICAL"] [tag "PROTOCOL_VIOLATION/PROXY_ACCESS"] [hostname "www.anmolbeautysalonny.com"] [uri "/"] [unique_id "aZKkYzUl8aDrLaakfvHSLAAAAYE"]
[Mon Feb 16 00:00:34.867691 2026] [:error] [pid 1815745:tid 1815759] [client 52.169.217.234:9744] File does not exist: /home/reactsc/public_html/a4.php
[Mon Feb 16 00:00:35.021659 2026] [:error] [pid 1815745:tid 1815749] [client 52.169.217.234:9744] File does not exist: /home/reactsc/public_html/fff.php
[Mon Feb 16 00:00:35.175139 2026] [:error] [pid 1815745:tid 1815770] [client 52.169.217.234:9744] File does not exist: /home/reactsc/public_html/acfdr.php
[Mon Feb 16 00:00:35.328861 2026] [:error] [pid 1815745:tid 1815767] [client 52.169.217.234:9744] File does not exist: /home/reactsc/public_html/88.php
[Mon Feb 16 00:00:35.791043 2026] [:error] [pid 1815745:tid 1815763] [client 52.169.217.234:9744] File does not exist: /home/reactsc/public_html/lp6.php
[Mon Feb 16 00:00:35.944675 2026] [:error] [pid 1815745:tid 1815771] [client 52.169.217.234:9744] File does not exist: /home/reactsc/public_html/mjq.php
[Mon Feb 16 00:00:36.098193 2026] [:error] [pid 1815745:tid 1815754] [client 52.169.217.234:9744] File does not exist: /home/reactsc/public_html/wp-k3w6g9s4h2.php
[Mon Feb 16 00:00:36.252024 2026] [:error] [pid 1815745:tid 1815773] [client 52.169.217.234:9744] File does not exist: /home/reactsc/public_html/we.php
[Mon Feb 16 00:00:36.406261 2026] [:error] [pid 1815745:tid 1815768] [client 52.169.217.234:9744] File does not exist: /home/reactsc/public_html/bjfl.php
[Mon Feb 16 00:00:36.560792 2026] [:error] [pid 1815745:tid 1815751] [client 52.169.217.234:9744] File does not exist: /home/reactsc/public_html/init.php
[Mon Feb 16 00:00:36.714439 2026] [:error] [pid 1815745:tid 1815772] [client 52.169.217.234:9744] File does not exist: /home/reactsc/public_html/co.php
[Mon Feb 16 00:00:36.879833 2026] [:error] [pid 1815745:tid 1815765] [client 52.169.217.234:9744] File does not exist: /home/reactsc/public_html/themes.php
[Mon Feb 16 00:00:37.033977 2026] [:error] [pid 1815745:tid 1815749] [client 52.169.217.234:9744] File does not exist: /home/reactsc/public_html/xy.php
[Mon Feb 16 00:00:37.187971 2026] [:error] [pid 1815745:tid 1815766] [client 52.169.217.234:9744] File does not exist: /home/reactsc/public_html/yooldisk.php
[Mon Feb 16 00:00:37.341706 2026] [:error] [pid 1815745:tid 1815763] [client 52.169.217.234:9744] File does not exist: /home/reactsc/public_html/x7.php
[Mon Feb 16 00:00:37.495704 2026] [:error] [pid 1815745:tid 1815762] [client 52.169.217.234:9744] File does not exist: /home/reactsc/public_html/8.php
[Mon Feb 16 00:00:42.817048 2026] [security2:error] [pid 1815745:tid 1815762] [client 74.7.227.137:46624] ModSecurity: Access denied with code 429 (phase 2). Matched phrase "GPTBot" at REQUEST_HEADERS:user-agent. [file "/etc/apache2/conf.d/imh-modsec/19_bad_bots.conf"] [line "83"] [id "13076"] [msg "RATELIMITED GPTBOT"] [hostname "alservicesoftampabay.com"] [uri "/product"] [unique_id "aZKkevl-vR2491izRWE-gAAAAA0"], referer: http://alservicesoftampabay.com/product.php?id=5
[Mon Feb 16 00:01:16.904869 2026] [autoindex:error] [pid 1815747:tid 1815817] [client 124.77.235.215:52791] AH01276: Cannot serve directory /home/website/public_html/: No matching DirectoryIndex (index.php,index.php8,index.php7,index.php5,index.perl,index.pl,index.plx,index.ppl,index.cgi,index.jsp,index.jp,index.phtml,index.shtml,index.xhtml,index.html,index.htm,index.js,default.htm) found, and server-generated directory index forbidden by Options directive
[Mon Feb 16 00:01:18.113063 2026] [autoindex:error] [pid 1815746:tid 1815781] [client 124.77.235.215:52995] AH01276: Cannot serve directory /home/website/public_html/: No matching DirectoryIndex (index.php,index.php8,index.php7,index.php5,index.perl,index.pl,index.plx,index.ppl,index.cgi,index.jsp,index.jp,index.phtml,index.shtml,index.xhtml,index.html,index.htm,index.js,default.htm) found, and server-generated directory index forbidden by Options directive
[Mon Feb 16 00:01:20.071399 2026] [autoindex:error] [pid 1815747:tid 1815807] [client 124.77.235.215:53261] AH01276: Cannot serve directory /home/website/public_html/: No matching DirectoryIndex (index.php,index.php8,index.php7,index.php5,index.perl,index.pl,index.plx,index.ppl,index.cgi,index.jsp,index.jp,index.phtml,index.shtml,index.xhtml,index.html,index.htm,index.js,default.htm) found, and server-generated directory index forbidden by Options directive
[Mon Feb 16 00:01:21.421949 2026] [autoindex:error] [pid 1815686:tid 1815737] [client 124.77.235.215:53475] AH01276: Cannot serve directory /home/website/public_html/: No matching DirectoryIndex (index.php,index.php8,index.php7,index.php5,index.perl,index.pl,index.plx,index.ppl,index.cgi,index.jsp,index.jp,index.phtml,index.shtml,index.xhtml,index.html,index.htm,index.js,default.htm) found, and server-generated directory index forbidden by Options directive
[Mon Feb 16 00:01:21.975156 2026] [security2:error] [pid 1815746:tid 1815776] [client 74.7.227.147:43780] ModSecurity: Access denied with code 429 (phase 2). Matched phrase "GPTBot" at REQUEST_HEADERS:user-agent. [file "/etc/apache2/conf.d/imh-modsec/19_bad_bots.conf"] [line "83"] [id "13076"] [msg "RATELIMITED GPTBOT"] [hostname "anmolbeautysalonny.com"] [uri "/"] [unique_id "aZKkoUIPF3Cy05jnJ8_jdAAAAMA"], referer: http://anmolbeautysalonny.com
[Mon Feb 16 00:01:26.189392 2026] [autoindex:error] [pid 1815746:tid 1815800] [client 37.77.150.123:65194] AH01276: Cannot serve directory /home/aaaappli/public_html/images/: No matching DirectoryIndex (index.php,index.php8,index.php7,index.php5,index.perl,index.pl,index.plx,index.ppl,index.cgi,index.jsp,index.jp,index.phtml,index.shtml,index.xhtml,index.html,index.htm,index.js,default.htm) found, and server-generated directory index forbidden by Options directive, referer: https://www.aaaappliancerepairinc.com/images/
[Mon Feb 16 00:01:28.881802 2026] [security2:error] [pid 1815746:tid 1815776] [client 74.7.241.60:52054] ModSecurity: Access denied with code 429 (phase 2). Matched phrase "GPTBot" at REQUEST_HEADERS:user-agent. [file "/etc/apache2/conf.d/imh-modsec/19_bad_bots.conf"] [line "83"] [id "13076"] [msg "RATELIMITED GPTBOT"] [hostname "www.djennebeads.com"] [uri "/js/vendor/swiper/maps/uploads/uploads/js/vendor/imagesloaded/js/vendor/parallax/slick/countdown/images/banners/countdown/instafeed/images/images/jquery/instafeed/ez-plus/swiper/nouislider/uploads/-1-47.jpg"] [unique_id "aZKkqEIPF3Cy05jnJ8_jfAAAAMA"], referer: https://www.djennebeads.com/js/vendor/swiper/maps/uploads/uploads/js/vendor/imagesloaded/js/vendor/parallax/slick/countdown/images/banners/countdown/instafeed/images/images/jquery/instafeed/ez-plus/swiper/nouislider/product-detail.php?view=3
[Mon Feb 16 00:01:43.819076 2026] [security2:error] [pid 1815747:tid 1815810] [client 74.7.227.137:36938] ModSecurity: Access denied with code 429 (phase 2). Matched phrase "GPTBot" at REQUEST_HEADERS:user-agent. [file "/etc/apache2/conf.d/imh-modsec/19_bad_bots.conf"] [line "83"] [id "13076"] [msg "RATELIMITED GPTBOT"] [hostname "alservicesoftampabay.com"] [uri "/product"] [unique_id "aZKkt6RWgi4sbmuEOE0xyQAAAcc"], referer: http://alservicesoftampabay.com/product.php?id=4
[Mon Feb 16 00:02:12.299151 2026] [:error] [pid 1815745:tid 1815769] [client 4.188.251.0:7975] File does not exist: /home/yummy/public_html/admin-footer.php
[Mon Feb 16 00:02:12.562986 2026] [security2:error] [pid 1815685:tid 1815705] [client 74.7.227.141:35572] ModSecurity: Access denied with code 429 (phase 2). Matched phrase "GPTBot" at REQUEST_HEADERS:user-agent. [file "/etc/apache2/conf.d/imh-modsec/19_bad_bots.conf"] [line "83"] [id "13076"] [msg "RATELIMITED GPTBOT"] [hostname "deliascleanersmenloparkca.com"] [uri "/"] [unique_id "aZKk1LI_4CWoP-jgNQbB6gAAAQ4"], referer: https://deliascleanersmenloparkca.com
[Mon Feb 16 00:02:13.020236 2026] [:error] [pid 1815745:tid 1815756] [client 4.188.251.0:7975] File does not exist: /home/yummy/public_html/ws71.php
[Mon Feb 16 00:02:13.741600 2026] [:error] [pid 1815745:tid 1815772] [client 4.188.251.0:7975] File does not exist: /home/yummy/public_html/tool.php
[Mon Feb 16 00:02:14.463304 2026] [:error] [pid 1815745:tid 1815767] [client 4.188.251.0:7975] File does not exist: /home/yummy/public_html/wp-Blogs.php
[Mon Feb 16 00:02:15.186498 2026] [:error] [pid 1815745:tid 1815770] [client 4.188.251.0:7975] File does not exist: /home/yummy/public_html/001.php
[Mon Feb 16 00:02:15.908087 2026] [:error] [pid 1815745:tid 1815766] [client 4.188.251.0:7975] File does not exist: /home/yummy/public_html/wp-p2r3q9c8k4.php
[Mon Feb 16 00:02:16.629142 2026] [:error] [pid 1815745:tid 1815761] [client 4.188.251.0:7975] File does not exist: /home/yummy/public_html/ms.php
[Mon Feb 16 00:02:17.350094 2026] [:error] [pid 1815745:tid 1815755] [client 4.188.251.0:7975] File does not exist: /home/yummy/public_html/xxw.php
[Mon Feb 16 00:02:18.071173 2026] [:error] [pid 1815745:tid 1815764] [client 4.188.251.0:7975] File does not exist: /home/yummy/public_html/bureaucrats.php
[Mon Feb 16 00:02:18.781197 2026] [security2:error] [pid 1815746:tid 1815800] [client 74.7.241.60:33740] ModSecurity: Access denied with code 429 (phase 2). Matched phrase "GPTBot" at REQUEST_HEADERS:user-agent. [file "/etc/apache2/conf.d/imh-modsec/19_bad_bots.conf"] [line "83"] [id "13076"] [msg "RATELIMITED GPTBOT"] [hostname "www.djennebeads.com"] [uri "/js/vendor/swiper/maps/uploads/uploads/js/vendor/imagesloaded/js/vendor/parallax/slick/countdown/images/banners/countdown/instafeed/images/images/jquery/instafeed/ez-plus/swiper/nouislider/jquery/jquery.js"] [unique_id "aZKk2kIPF3Cy05jnJ8_jxAAAANg"], referer: https://www.djennebeads.com/js/vendor/swiper/maps/uploads/uploads/js/vendor/imagesloaded/js/vendor/parallax/slick/countdown/images/banners/countdown/instafeed/images/images/jquery/instafeed/ez-plus/swiper/nouislider/product-detail.php?view=3
[Mon Feb 16 00:02:18.792157 2026] [:error] [pid 1815745:tid 1815763] [client 4.188.251.0:7975] File does not exist: /home/yummy/public_html/yrmeu.php
[Mon Feb 16 00:02:19.519443 2026] [:error] [pid 1815745:tid 1815762] [client 4.188.251.0:7975] File does not exist: /home/yummy/public_html/logs.php
[Mon Feb 16 00:02:20.240287 2026] [:error] [pid 1815745:tid 1815758] [client 4.188.251.0:7975] File does not exist: /home/yummy/public_html/ai.php
[Mon Feb 16 00:02:20.866029 2026] [security2:error] [pid 1815746:tid 1815792] [client 74.7.241.60:33740] ModSecurity: Access denied with code 429 (phase 2). Matched phrase "GPTBot" at REQUEST_HEADERS:user-agent. [file "/etc/apache2/conf.d/imh-modsec/19_bad_bots.conf"] [line "83"] [id "13076"] [msg "RATELIMITED GPTBOT"] [hostname "www.djennebeads.com"] [uri "/js/vendor/swiper/maps/uploads/uploads/js/vendor/imagesloaded/js/vendor/parallax/ez-plus/magnificpopup/dist/parallax/instafeed/images/images/swiper/images/payment-logo/parallax/jquery/tools.min.js"] [unique_id "aZKk3EIPF3Cy05jnJ8_jyQAAANA"], referer: https://www.djennebeads.com/js/vendor/swiper/maps/uploads/uploads/js/vendor/imagesloaded/js/vendor/parallax/ez-plus/magnificpopup/dist/parallax/instafeed/images/images/swiper/images/payment-logo/parallax/jquery/product-detail.php?view=kirdi-beaded-cache-sexe-pikuran-cameroon-african-art
[Mon Feb 16 00:02:20.961433 2026] [:error] [pid 1815745:tid 1815757] [client 4.188.251.0:7975] File does not exist: /home/yummy/public_html/inclusively.php
[Mon Feb 16 00:02:21.682216 2026] [:error] [pid 1815745:tid 1815754] [client 4.188.251.0:7975] File does not exist: /home/yummy/public_html/jga.php
[Mon Feb 16 00:02:22.402977 2026] [:error] [pid 1815745:tid 1815771] [client 4.188.251.0:7975] File does not exist: /home/yummy/public_html/invisi.php
[Mon Feb 16 00:02:23.124225 2026] [:error] [pid 1815745:tid 1815769] [client 4.188.251.0:7975] File does not exist: /home/yummy/public_html/xr.php
[Mon Feb 16 00:02:23.847308 2026] [:error] [pid 1815745:tid 1815773] [client 4.188.251.0:7975] File does not exist: /home/yummy/public_html/ff.php
[Mon Feb 16 00:02:24.569305 2026] [:error] [pid 1815745:tid 1815768] [client 4.188.251.0:7975] File does not exist: /home/yummy/public_html/8.php
[Mon Feb 16 00:02:25.290302 2026] [:error] [pid 1815745:tid 1815772] [client 4.188.251.0:7975] File does not exist: /home/yummy/public_html/bolaf.php
[Mon Feb 16 00:02:26.022109 2026] [:error] [pid 1815745:tid 1815759] [client 4.188.251.0:7975] File does not exist: /home/yummy/public_html/knightly.php
[Mon Feb 16 00:02:26.742990 2026] [:error] [pid 1815745:tid 1815767] [client 4.188.251.0:7975] File does not exist: /home/yummy/public_html/cap.php
[Mon Feb 16 00:02:27.464430 2026] [:error] [pid 1815745:tid 1815765] [client 4.188.251.0:7975] File does not exist: /home/yummy/public_html/callback.php
[Mon Feb 16 00:02:28.193154 2026] [:error] [pid 1815745:tid 1815770] [client 4.188.251.0:7975] File does not exist: /home/yummy/public_html/knme.php
[Mon Feb 16 00:02:28.921579 2026] [:error] [pid 1815745:tid 1815766] [client 4.188.251.0:7975] File does not exist: /home/yummy/public_html/bgwnfsal.php
[Mon Feb 16 00:02:29.659743 2026] [:error] [pid 1815745:tid 1815761] [client 4.188.251.0:7975] File does not exist: /home/yummy/public_html/aboutc.php
[Mon Feb 16 00:02:30.398579 2026] [:error] [pid 1815745:tid 1815755] [client 4.188.251.0:7975] File does not exist: /home/yummy/public_html/lcyhl.php
[Mon Feb 16 00:02:31.129058 2026] [:error] [pid 1815745:tid 1815758] [client 4.188.251.0:7975] File does not exist: /home/yummy/public_html/ZeLXoo.php
[Mon Feb 16 00:02:31.864699 2026] [:error] [pid 1815745:tid 1815754] [client 4.188.251.0:7975] File does not exist: /home/yummy/public_html/auujk.php
[Mon Feb 16 00:02:32.594916 2026] [:error] [pid 1815745:tid 1815771] [client 4.188.251.0:7975] File does not exist: /home/yummy/public_html/borax.php
[Mon Feb 16 00:02:33.323303 2026] [:error] [pid 1815745:tid 1815769] [client 4.188.251.0:7975] File does not exist: /home/yummy/public_html/hidedz.php
[Mon Feb 16 00:02:34.052120 2026] [:error] [pid 1815745:tid 1815756] [client 4.188.251.0:7975] File does not exist: /home/yummy/public_html/likmt.php
[Mon Feb 16 00:02:34.781781 2026] [:error] [pid 1815745:tid 1815768] [client 4.188.251.0:7975] File does not exist: /home/yummy/public_html/55.php
[Mon Feb 16 00:02:35.516183 2026] [:error] [pid 1815745:tid 1815772] [client 4.188.251.0:7975] File does not exist: /home/yummy/public_html/RIP.php
[Mon Feb 16 00:02:36.249734 2026] [:error] [pid 1815745:tid 1815767] [client 4.188.251.0:7975] File does not exist: /home/yummy/public_html/x3x.php
[Mon Feb 16 00:02:36.978313 2026] [:error] [pid 1815745:tid 1815749] [client 4.188.251.0:7975] File does not exist: /home/yummy/public_html/wgift2.php
[Mon Feb 16 00:02:37.479591 2026] [security2:error] [pid 1815747:tid 1815817] [client 113.184.78.23:38808] ModSecurity: Access denied with code 406 (phase 2). Pattern match "^\\\\w+:/" at REQUEST_URI_RAW. [file "/etc/apache2/conf.d/imh-modsec/01_base_rules.conf"] [line "31"] [id "96027"] [msg "Proxy access attempt"] [severity "CRITICAL"] [tag "PROTOCOL_VIOLATION/PROXY_ACCESS"] [hostname "www.itstaxtimeus.net"] [uri "/company.php"] [unique_id "aZKk7aRWgi4sbmuEOE0yJwAAAc4"]
[Mon Feb 16 00:02:37.707161 2026] [:error] [pid 1815745:tid 1815760] [client 4.188.251.0:7975] File does not exist: /home/yummy/public_html/cwclass.php
[Mon Feb 16 00:02:38.438416 2026] [:error] [pid 1815745:tid 1815766] [client 4.188.251.0:7975] File does not exist: /home/yummy/public_html/Knoxville.php
[Mon Feb 16 00:02:39.166817 2026] [:error] [pid 1815745:tid 1815761] [client 4.188.251.0:7975] File does not exist: /home/yummy/public_html/fizsb.php
[Mon Feb 16 00:02:39.903045 2026] [:error] [pid 1815745:tid 1815755] [client 4.188.251.0:7975] File does not exist: /home/yummy/public_html/securepassword.php
[Mon Feb 16 00:02:40.638055 2026] [:error] [pid 1815745:tid 1815764] [client 4.188.251.0:7975] File does not exist: /home/yummy/public_html/muzu.php
[Mon Feb 16 00:02:41.367403 2026] [:error] [pid 1815745:tid 1815753] [client 4.188.251.0:7975] File does not exist: /home/yummy/public_html/pomzr.php
[Mon Feb 16 00:02:42.096761 2026] [:error] [pid 1815745:tid 1815763] [client 4.188.251.0:7975] File does not exist: /home/yummy/public_html/assacc.php
[Mon Feb 16 00:02:42.825042 2026] [:error] [pid 1815745:tid 1815758] [client 4.188.251.0:7975] File does not exist: /home/yummy/public_html/momo.php
[Mon Feb 16 00:02:43.553737 2026] [:error] [pid 1815745:tid 1815757] [client 4.188.251.0:7975] File does not exist: /home/yummy/public_html/oke.php [2026-02-16 00:02:44 -0500] warn [suspendedpage] /etc/trueuserowners is not readable as nobody.
[Mon Feb 16 00:02:44.291881 2026] [:error] [pid 1815745:tid 1815754] [client 4.188.251.0:7975] File does not exist: /home/yummy/public_html/ws67.php
[Mon Feb 16 00:02:45.023532 2026] [:error] [pid 1815745:tid 1815771] [client 4.188.251.0:7975] File does not exist: /home/yummy/public_html/ab8.php
